{"id":3409,"date":"2021-01-31T11:06:08","date_gmt":"2021-01-31T10:06:08","guid":{"rendered":"http:\/\/agora.xtec.cat\/sescaldesdemalavella\/?page_id=3409"},"modified":"2026-01-29T09:00:00","modified_gmt":"2026-01-29T08:00:00","slug":"graduat-en-educacio-secundaria-obligatoria-alumnes-que-no-lhan-obtingut-en-finalitzar-letapa","status":"publish","type":"page","link":"https:\/\/agora.xtec.cat\/sescaldesdemalavella\/estudis\/graduat-en-educacio-secundaria-obligatoria-alumnes-que-no-lhan-obtingut-en-finalitzar-letapa\/","title":{"rendered":"Graduat en educaci\u00f3 secund\u00e0ria obligat\u00f2ria (alumnes que no l&#8217;han obtingut en finalitzar l&#8217;etapa)"},"content":{"rendered":"\n<h6 class=\"wp-block-heading\">INFORMACI\u00d3 PROVES GESO 2026<\/h6>\n\n\n\n<p>Tens l\u2019opci\u00f3 de presentar-te a la prova que et pot permetre obtenir el t\u00edtol de graduat o graduada en educaci\u00f3 secund\u00e0ria obligat\u00f2ria (GESO):<\/p>\n\n\n\n<div class=\"wp-block-getwid-accordion has-icon-left\" data-active-element=\"none\">\n<div class=\"wp-block-getwid-accordion__header-wrapper\"><span class=\"wp-block-getwid-accordion__header\"><a href=\"#\"><span class=\"wp-block-getwid-accordion__header-title\">\u25cf Si vas finalitzar en aquest centre el quart curs de l\u2019etapa d\u2019ESO i no vas poder obtenir el t\u00edtol de graduat o graduada en educaci\u00f3 secund\u00e0ria obligat\u00f2ria (GESO),<\/span><span class=\"wp-block-getwid-accordion__icon is-active\"><i class=\"fas fa-envelope\"><\/i><\/span><span class=\"wp-block-getwid-accordion__icon is-passive\"><i class=\"far fa-envelope-open\"><\/i><\/span><\/a><\/span><\/div><div class=\"wp-block-getwid-accordion__content-wrapper\"><div class=\"wp-block-getwid-accordion__content\">\n<p><\/p>\n<\/div><\/div>\n\n\n\n<div class=\"wp-block-getwid-accordion__header-wrapper\"><span class=\"wp-block-getwid-accordion__header\"><a href=\"#\"><span class=\"wp-block-getwid-accordion__header-title\">\u25cf Si has complert 18 anys o b\u00e9 els compleixes durant aquest any,<\/span><span class=\"wp-block-getwid-accordion__icon is-active\"><i class=\"fas fa-envelope\"><\/i><\/span><span class=\"wp-block-getwid-accordion__icon is-passive\"><i class=\"far fa-envelope-open\"><\/i><\/span><\/a><\/span><\/div><div class=\"wp-block-getwid-accordion__content-wrapper\"><div class=\"wp-block-getwid-accordion__content\">\n<p><\/p>\n<\/div><\/div>\n\n\n\n<div class=\"wp-block-getwid-accordion__header-wrapper\"><span class=\"wp-block-getwid-accordion__header\"><a href=\"#\"><span class=\"wp-block-getwid-accordion__header-title\">\u25cf Si fas o has fet els 16 anys dins del 2026 tamb\u00e9 pots presentar-t\u2019hi, sempre que compleixis alguna de les condicions seg\u00fcents (*):<\/span><span class=\"wp-block-getwid-accordion__icon is-active\"><i class=\"fas fa-envelope\"><\/i><\/span><span class=\"wp-block-getwid-accordion__icon is-passive\"><i class=\"far fa-envelope-open\"><\/i><\/span><\/a><\/span><\/div><div class=\"wp-block-getwid-accordion__content-wrapper\"><div class=\"wp-block-getwid-accordion__content\">\n<ul class=\"wp-block-list\">\n<li>Tenir un contracte laboral que t\u2019impedeixi assistir al centre en r\u00e8gim ordinari.<\/li>\n\n\n\n<li>Trobar-te en proc\u00e9s d&#8217;obtenci\u00f3 d&#8217;un perm\u00eds de treball.<\/li>\n\n\n\n<li>Ser esportista d&#8217;alt rendiment. En aquest cas, caldr\u00e0 presentar una certificaci\u00f3 del Consell Catal\u00e0 de l\u2019Esport que acrediti que aquests esportistes figuren en el programa de tecnificaci\u00f3 (ARC) de la federaci\u00f3 catalana corresponent.<\/li>\n\n\n\n<li>Tenir un expedient d\u2019homologaci\u00f3 obert d\u2019estudis estrangers al t\u00edtol de GESO.<\/li>\n\n\n\n<li>De manera excepcional, haver tingut un pla de suport individualitzat durant el per\u00edode compr\u00e8s entre els cursos 2017-2018 i 2022-2023, elaborat a partir d\u2019un informe de reconeixement de necessitats educatives especials em\u00e8s per l&#8217;equip d&#8217;assessorament psicopedag\u00f2gic (EAP).<br>(*) Si vols acreditar alguna de les condicions anteriors, cal que aportis la documentaci\u00f3 corresponent en el moment de matricular-te.<\/li>\n<\/ul>\n\n\n\n<p><\/p>\n<\/div><\/div>\n<\/div>\n\n\n\n<p>Qu\u00e8 avalua aquesta prova?<br>Aquesta prova avalua l\u2019assoliment de les compet\u00e8ncies de les mat\u00e8ries que tenies amb avaluaci\u00f3 negativa.<\/p>\n\n\n\n<p>Matr\u00edcula: haur\u00e0s de venir al centre a matricular-te del 2 al 13 de febrer en l\u2019horari habitual de la secretaria, de dilluns a divendres de 8.05h a 14h i els dijous de 16h a 18h.<\/p>\n\n\n\n<p>Documentaci\u00f3 que haur\u00e0s de presentar en el moment de la matr\u00edcula:<br>-Impr\u00e8s de sol\u00b7licitud<br>-Documentaci\u00f3 corresponent per acreditar alguna de les condicions per les quals et pots presentar a la prova<\/p>\n\n\n\n<p>Quan es realitzar\u00e0 la prova?<br>La realitzaci\u00f3 de la prova ser\u00e0 durant el mes de mar\u00e7, a l\u2019INS Caldes de Malavella.<\/p>\n","protected":false},"excerpt":{"rendered":"<p>INFORMACI\u00d3 PROVES GESO 2026 Tens l\u2019opci\u00f3 de presentar-te a la prova que et pot permetre obtenir el t\u00edtol de graduat o graduada en educaci\u00f3 secund\u00e0ria obligat\u00f2ria (GESO): Qu\u00e8 avalua aquesta prova?Aquesta prova avalua l\u2019assoliment de les compet\u00e8ncies de les mat\u00e8ries que tenies amb avaluaci\u00f3 negativa. Matr\u00edcula: haur\u00e0s de venir al centre a matricular-te del 2 [&hellip;]<\/p>\n","protected":false},"author":1,"featured_media":0,"parent":195,"menu_order":60,"comment_status":"closed","ping_status":"closed","template":"","meta":{"_bbp_topic_count":0,"_bbp_reply_count":0,"_bbp_total_topic_count":0,"_bbp_total_reply_count":0,"_bbp_voice_count":0,"_bbp_anonymous_reply_count":0,"_bbp_topic_count_hidden":0,"_bbp_reply_count_hidden":0,"_bbp_forum_subforum_count":0,"site-sidebar-layout":"default","site-content-layout":"","ast-site-content-layout":"default","site-content-style":"default","site-sidebar-style":"default","ast-global-header-display":"","ast-banner-title-visibility":"","ast-main-header-display":"","ast-hfb-above-header-display":"","ast-hfb-below-header-display":"","ast-hfb-mobile-header-display":"","site-post-title":"","ast-breadcrumbs-content":"","ast-featured-img":"","footer-sml-layout":"","theme-transparent-header-meta":"","adv-header-id-meta":"","stick-header-meta":"","header-above-stick-meta":"","header-main-stick-meta":"","header-below-stick-meta":"","astra-migrate-meta-layouts":"set","ast-page-background-enabled":"default","ast-page-background-meta":{"desktop":{"background-color":"var(--ast-global-color-4)","background-image":"","background-repeat":"repeat","background-position":"center center","background-size":"auto","background-attachment":"scroll","background-type":"","background-media":"","overlay-type":"","overlay-color":"","overlay-opacity":"","overlay-gradient":""},"tablet":{"background-color":"","background-image":"","background-repeat":"repeat","background-position":"center center","background-size":"auto","background-attachment":"scroll","background-type":"","background-media":"","overlay-type":"","overlay-color":"","overlay-opacity":"","overlay-gradient":""},"mobile":{"background-color":"","background-image":"","background-repeat":"repeat","background-position":"center center","background-size":"auto","background-attachment":"scroll","background-type":"","background-media":"","overlay-type":"","overlay-color":"","overlay-opacity":"","overlay-gradient":""}},"ast-content-background-meta":{"desktop":{"background-color":"var(--ast-global-color-5)","background-image":"","background-repeat":"repeat","background-position":"center center","background-size":"auto","background-attachment":"scroll","background-type":"","background-media":"","overlay-type":"","overlay-color":"","overlay-opacity":"","overlay-gradient":""},"tablet":{"background-color":"var(--ast-global-color-5)","background-image":"","background-repeat":"repeat","background-position":"center center","background-size":"auto","background-attachment":"scroll","background-type":"","background-media":"","overlay-type":"","overlay-color":"","overlay-opacity":"","overlay-gradient":""},"mobile":{"background-color":"var(--ast-global-color-5)","background-image":"","background-repeat":"repeat","background-position":"center center","background-size":"auto","background-attachment":"scroll","background-type":"","background-media":"","overlay-type":"","overlay-color":"","overlay-opacity":"","overlay-gradient":""}},"footnotes":""},"class_list":["post-3409","page","type-page","status-publish","hentry"],"post_mailing_queue_ids":[],"_links":{"self":[{"href":"https:\/\/agora.xtec.cat\/sescaldesdemalavella\/wp-json\/wp\/v2\/pages\/3409","targetHints":{"allow":["GET"]}}],"collection":[{"href":"https:\/\/agora.xtec.cat\/sescaldesdemalavella\/wp-json\/wp\/v2\/pages"}],"about":[{"href":"https:\/\/agora.xtec.cat\/sescaldesdemalavella\/wp-json\/wp\/v2\/types\/page"}],"author":[{"embeddable":true,"href":"https:\/\/agora.xtec.cat\/sescaldesdemalavella\/wp-json\/wp\/v2\/users\/1"}],"replies":[{"embeddable":true,"href":"https:\/\/agora.xtec.cat\/sescaldesdemalavella\/wp-json\/wp\/v2\/comments?post=3409"}],"version-history":[{"count":6,"href":"https:\/\/agora.xtec.cat\/sescaldesdemalavella\/wp-json\/wp\/v2\/pages\/3409\/revisions"}],"predecessor-version":[{"id":6006,"href":"https:\/\/agora.xtec.cat\/sescaldesdemalavella\/wp-json\/wp\/v2\/pages\/3409\/revisions\/6006"}],"up":[{"embeddable":true,"href":"https:\/\/agora.xtec.cat\/sescaldesdemalavella\/wp-json\/wp\/v2\/pages\/195"}],"wp:attachment":[{"href":"https:\/\/agora.xtec.cat\/sescaldesdemalavella\/wp-json\/wp\/v2\/media?parent=3409"}],"curies":[{"name":"wp","href":"https:\/\/api.w.org\/{rel}","templated":true}]}}