{"id":562,"date":"2018-03-02T11:55:36","date_gmt":"2018-03-02T10:55:36","guid":{"rendered":"http:\/\/agora.xtec.cat\/ses-elvern\/?page_id=562"},"modified":"2025-08-20T16:23:49","modified_gmt":"2025-08-20T14:23:49","slug":"projecte-educat-2-0","status":"publish","type":"page","link":"https:\/\/agora.xtec.cat\/ses-elvern\/families-digitals\/projecte-educat-2-0\/","title":{"rendered":"Pla d&#8217;educaci\u00f3 digital"},"content":{"rendered":"\n<p><a href=\"https:\/\/agora.xtec.cat\/ses-elvern\/wp-content\/uploads\/usu1817\/pla.png_891899729.png\"><iframe loading=\"lazy\" src=\"\/\/www.youtube.com\/embed\/drnnIYke2Ec?list=PLHQ2RmbOIhEriXpnC12ejH_oOra_PxGya\" width=\"560\" height=\"314\" allowfullscreen=\"allowfullscreen\"><\/iframe><\/a><\/p>\n\n\n\n<p>L&#8217;institut est\u00e0 dins el <strong><a href=\"https:\/\/educacio.gencat.cat\/ca\/departament\/linies-estrategiques\/pla-educacio-digital\/\" target=\"_blank\" rel=\"noopener\">Pla d&#8217;educaci\u00f3 digital de Catalunya<\/a><\/strong> , que implica tenir:<\/p>\n\n\n\n<ul class=\"wp-block-list\">\n<li>Tecnologies digitals per a alumnat i docents: hi ha un ordinador port\u00e0til homologat per alumnat, professorat i personal de serveis, panells digitals interactius a les aules, kits de rob\u00f2tica educativa i maleta digital.<\/li>\n\n\n\n<li>Connectivitat a les aules: els ordinadors estan connectats a Internet mitjan\u00e7ant una xarxa espec\u00edfica via wifi.<\/li>\n\n\n\n<li>Usuari corporatiu @institutelvern.cat per a tot l&#8217;alumnat i personal del centre amb acc\u00e9s a serveis de Workspace de Google.<\/li>\n<\/ul>\n\n\n\n<p>Aqu\u00ed teniu alguns enlla\u00e7os d&#8217;inter\u00e8s en relaci\u00f3 a l&#8217;\u00fas dels port\u00e0tils<\/p>\n\n\n\n<p><a href=\"http:\/\/agora.xtec.cat\/ses-elvern\/wp-content\/uploads\/usu1817\/2018\/03\/Manual-de-bons-usos-digitals.pdf\" target=\"_blank\" rel=\"noopener noreferrer\"><span style=\"color: #008000;\">Manual de bons usos digitals<\/span><\/a><\/p>\n\n\n\n<p><span style=\"color: #339966;\"><a style=\"color: #339966;\" href=\"http:\/\/agora.xtec.cat\/ses-elvern\/wp-content\/uploads\/usu1817\/2018\/03\/Normativa-i-consells-d\u00fas-port\u00e0til-a-laula.pdf\" target=\"_blank\" rel=\"noopener noreferrer\"><span style=\"color: #008000;\">Normativa i consells d&#8217;\u00fas port\u00e0til a l&#8217;aula<\/span><\/a><\/span><\/p>\n\n\n\n<p><a href=\"https:\/\/forms.gle\/e9JQNYeLJ8G2LCq49\" data-type=\"link\" data-id=\"https:\/\/forms.gle\/e9JQNYeLJ8G2LCq49\" target=\"_blank\" rel=\"noreferrer noopener\"><span style=\"color: #008000;\">Incid\u00e8ncies o avaries amb el port\u00e0til cedit<\/span><\/a><\/p>\n\n\n\n<p><a href=\"https:\/\/agora.xtec.cat\/ses-elvern\/linstitut\/normativa-basica\/normativa-en-lus-dels-ordinadors\/\" target=\"_blank\" rel=\"noopener\"><span style=\"color: #008000;\">Pr\u00e9stec d&#8217;ordinadors<\/span><\/a><\/p>\n\n\n\n<p><\/p>\n","protected":false},"excerpt":{"rendered":"<p>L&#8217;institut est\u00e0 dins el Pla d&#8217;educaci\u00f3 digital de Catalunya , que implica tenir: Aqu\u00ed teniu alguns enlla\u00e7os d&#8217;inter\u00e8s en relaci\u00f3 a l&#8217;\u00fas dels port\u00e0tils Manual de bons usos digitals Normativa i consells d&#8217;\u00fas port\u00e0til a l&#8217;aula Incid\u00e8ncies o avaries amb el port\u00e0til cedit Pr\u00e9stec d&#8217;ordinadors<\/p>\n","protected":false},"author":1,"featured_media":0,"parent":10015,"menu_order":1,"comment_status":"closed","ping_status":"closed","template":"","meta":{"_bbp_topic_count":0,"_bbp_reply_count":0,"_bbp_total_topic_count":0,"_bbp_total_reply_count":0,"_bbp_voice_count":0,"_bbp_anonymous_reply_count":0,"_bbp_topic_count_hidden":0,"_bbp_reply_count_hidden":0,"_bbp_forum_subforum_count":0,"site-sidebar-layout":"default","site-content-layout":"","ast-site-content-layout":"default","site-content-style":"default","site-sidebar-style":"default","ast-global-header-display":"","ast-banner-title-visibility":"","ast-main-header-display":"","ast-hfb-above-header-display":"","ast-hfb-below-header-display":"","ast-hfb-mobile-header-display":"","site-post-title":"","ast-breadcrumbs-content":"","ast-featured-img":"","footer-sml-layout":"","theme-transparent-header-meta":"","adv-header-id-meta":"","stick-header-meta":"","header-above-stick-meta":"","header-main-stick-meta":"","header-below-stick-meta":"","astra-migrate-meta-layouts":"set","ast-page-background-enabled":"default","ast-page-background-meta":{"desktop":{"background-color":"var(--ast-global-color-4)","background-image":"","background-repeat":"repeat","background-position":"center center","background-size":"auto","background-attachment":"scroll","background-type":"","background-media":"","overlay-type":"","overlay-color":"","overlay-opacity":"","overlay-gradient":""},"tablet":{"background-color":"","background-image":"","background-repeat":"repeat","background-position":"center center","background-size":"auto","background-attachment":"scroll","background-type":"","background-media":"","overlay-type":"","overlay-color":"","overlay-opacity":"","overlay-gradient":""},"mobile":{"background-color":"","background-image":"","background-repeat":"repeat","background-position":"center center","background-size":"auto","background-attachment":"scroll","background-type":"","background-media":"","overlay-type":"","overlay-color":"","overlay-opacity":"","overlay-gradient":""}},"ast-content-background-meta":{"desktop":{"background-color":"var(--ast-global-color-5)","background-image":"","background-repeat":"repeat","background-position":"center center","background-size":"auto","background-attachment":"scroll","background-type":"","background-media":"","overlay-type":"","overlay-color":"","overlay-opacity":"","overlay-gradient":""},"tablet":{"background-color":"var(--ast-global-color-5)","background-image":"","background-repeat":"repeat","background-position":"center center","background-size":"auto","background-attachment":"scroll","background-type":"","background-media":"","overlay-type":"","overlay-color":"","overlay-opacity":"","overlay-gradient":""},"mobile":{"background-color":"var(--ast-global-color-5)","background-image":"","background-repeat":"repeat","background-position":"center center","background-size":"auto","background-attachment":"scroll","background-type":"","background-media":"","overlay-type":"","overlay-color":"","overlay-opacity":"","overlay-gradient":""}},"footnotes":""},"class_list":["post-562","page","type-page","status-publish","hentry"],"post_mailing_queue_ids":[],"_links":{"self":[{"href":"https:\/\/agora.xtec.cat\/ses-elvern\/wp-json\/wp\/v2\/pages\/562","targetHints":{"allow":["GET"]}}],"collection":[{"href":"https:\/\/agora.xtec.cat\/ses-elvern\/wp-json\/wp\/v2\/pages"}],"about":[{"href":"https:\/\/agora.xtec.cat\/ses-elvern\/wp-json\/wp\/v2\/types\/page"}],"author":[{"embeddable":true,"href":"https:\/\/agora.xtec.cat\/ses-elvern\/wp-json\/wp\/v2\/users\/1"}],"replies":[{"embeddable":true,"href":"https:\/\/agora.xtec.cat\/ses-elvern\/wp-json\/wp\/v2\/comments?post=562"}],"version-history":[{"count":6,"href":"https:\/\/agora.xtec.cat\/ses-elvern\/wp-json\/wp\/v2\/pages\/562\/revisions"}],"predecessor-version":[{"id":10033,"href":"https:\/\/agora.xtec.cat\/ses-elvern\/wp-json\/wp\/v2\/pages\/562\/revisions\/10033"}],"up":[{"embeddable":true,"href":"https:\/\/agora.xtec.cat\/ses-elvern\/wp-json\/wp\/v2\/pages\/10015"}],"wp:attachment":[{"href":"https:\/\/agora.xtec.cat\/ses-elvern\/wp-json\/wp\/v2\/media?parent=562"}],"curies":[{"name":"wp","href":"https:\/\/api.w.org\/{rel}","templated":true}]}}