{"id":5002,"date":"2021-03-23T09:40:33","date_gmt":"2021-03-23T08:40:33","guid":{"rendered":"http:\/\/agora.xtec.cat\/ses-elvern\/?page_id=5002"},"modified":"2026-02-24T12:52:09","modified_gmt":"2026-02-24T11:52:09","slug":"quotes-i-pagaments","status":"publish","type":"page","link":"https:\/\/agora.xtec.cat\/ses-elvern\/secretaria-2\/quotes-i-pagaments\/","title":{"rendered":"Quotes i pagaments"},"content":{"rendered":"<p>L&#8217;alumnat becat rebr\u00e0 una comunicaci\u00f3 de secretaria amb les instruccions a seguir.<\/p>\n<table style=\"height: 871px; width: 95.2474%; border-color: #ba1616;\">\n<tbody>\n<tr style=\"height: 46px;\">\n<td style=\"width: 53.5662%; height: 46px; text-align: left;\"><strong>CONCEPTE<\/strong><\/td>\n<td style=\"width: 21.5429%; height: 46px; text-align: center;\"><strong>QUOTA ESTIMADA<\/strong><\/td>\n<td style=\"width: 59.4716%; height: 46px; text-align: center;\"><b>PER\u00cdODE DE PAGAMENT<\/b><\/td>\n<\/tr>\n<tr style=\"height: 42px;\">\n<td style=\"width: 53.5662%; height: 42px;\"><b>Material\u00a0<\/b><\/td>\n<td style=\"width: 21.5429%; height: 42px; text-align: center;\"><span style=\"font-weight: 400;\">60\u20ac<\/span><\/td>\n<td style=\"width: 59.4716%; height: 42px; text-align: center;\">Setembre-octubre<\/td>\n<\/tr>\n<tr style=\"height: 31px;\">\n<td style=\"width: 53.5662%; height: 31px;\"><b>Sortides curriculars<\/b><\/td>\n<td style=\"width: 21.5429%; height: 31px; text-align: center;\">85\u20ac<\/td>\n<td style=\"width: 59.4716%; height: 31px; text-align: center;\">Juny-Juliol<\/td>\n<\/tr>\n<tr style=\"height: 47px;\">\n<td style=\"width: 53.5662%; height: 47px;\"><b>AFA<\/b><\/td>\n<td style=\"width: 21.5429%; height: 47px; text-align: center;\"><span style=\"font-weight: 400;\">35\u20ac per fam\u00edlia<\/span><\/td>\n<td style=\"width: 59.4716%; height: 47px; text-align: center;\">Juny-juliol<\/td>\n<\/tr>\n<tr style=\"height: 31px;\">\n<td style=\"width: 53.5662%; height: 31px;\"><b>Quota de socialitzaci\u00f3 de llic\u00e8ncies digitals i llibres de text<\/b><b>(inclou calculadora, llibres de text en paper,\u00a0 llibres de lectura, quota de l&#8217;aplicaci\u00f3 de gesti\u00f3 d\u2019abs\u00e8ncies i pagaments i llic\u00e8ncies digitals)<\/b>La quota total s\u00f3n 100<span style=\"font-weight: 400;\">\u20ac, per\u00f2 l&#8217;Ajuntament aporta 30\u20ac en concepte de beca universal per estar matriculat als centres educatius del municipi.<\/span><\/td>\n<td style=\"width: 21.5429%; height: 31px; text-align: center;\"><span style=\"font-weight: 400;\">70\u20ac<\/span><\/td>\n<td style=\"width: 59.4716%; height: 31px; text-align: center;\">Juliol<\/td>\n<\/tr>\n<tr style=\"height: 31px;\">\n<td style=\"width: 53.5662%; height: 31px;\"><b>Esquiada 1r d&#8217;ESO (preu aproximat)<\/b><\/td>\n<td style=\"width: 21.5429%; height: 31px; text-align: center;\"><span style=\"font-weight: 400;\">200\u20ac<\/span><\/td>\n<td style=\"width: 59.4716%; height: 31px; text-align: center;\"><span style=\"font-weight: 400;\">fraccionat\u00a0<\/span><\/td>\n<\/tr>\n<tr style=\"height: 31px;\">\n<td style=\"width: 53.5662%; height: 31px;\"><strong>Treball de s\u00edntesi 2n d&#8217;ESO &#8220;Aqua&#8221;<\/strong><\/td>\n<td style=\"width: 21.5429%; height: 31px; text-align: center;\">85\u20ac<\/td>\n<td style=\"width: 59.4716%; height: 31px; text-align: center;\">maig<\/td>\n<\/tr>\n<tr style=\"height: 31px;\">\n<td style=\"width: 53.5662%; height: 31px;\"><strong>Estada ling\u00fc\u00edstica 4t ESO<\/strong><\/td>\n<td style=\"width: 21.5429%; height: 31px; text-align: center;\">1000\u20ac<\/td>\n<td style=\"width: 59.4716%; height: 31px; text-align: center;\"><span style=\"font-weight: 400;\">fraccionat\u00a0<\/span><\/td>\n<\/tr>\n<\/tbody>\n<\/table>\n","protected":false},"excerpt":{"rendered":"<p>L&#8217;alumnat becat rebr\u00e0 una comunicaci\u00f3 de secretaria amb les instruccions a seguir. CONCEPTE QUOTA ESTIMADA PER\u00cdODE DE PAGAMENT Material\u00a0 60\u20ac Setembre-octubre Sortides curriculars 85\u20ac Juny-Juliol AFA 35\u20ac per fam\u00edlia Juny-juliol Quota de socialitzaci\u00f3 de llic\u00e8ncies digitals i llibres de text(inclou calculadora, llibres de text en paper,\u00a0 llibres de lectura, quota de l&#8217;aplicaci\u00f3 de gesti\u00f3 d\u2019abs\u00e8ncies [&hellip;]<\/p>\n","protected":false},"author":1,"featured_media":0,"parent":887,"menu_order":3,"comment_status":"closed","ping_status":"closed","template":"","meta":{"_bbp_topic_count":0,"_bbp_reply_count":0,"_bbp_total_topic_count":0,"_bbp_total_reply_count":0,"_bbp_voice_count":0,"_bbp_anonymous_reply_count":0,"_bbp_topic_count_hidden":0,"_bbp_reply_count_hidden":0,"_bbp_forum_subforum_count":0,"site-sidebar-layout":"default","site-content-layout":"","ast-site-content-layout":"default","site-content-style":"default","site-sidebar-style":"default","ast-global-header-display":"","ast-banner-title-visibility":"","ast-main-header-display":"","ast-hfb-above-header-display":"","ast-hfb-below-header-display":"","ast-hfb-mobile-header-display":"","site-post-title":"","ast-breadcrumbs-content":"","ast-featured-img":"","footer-sml-layout":"","theme-transparent-header-meta":"","adv-header-id-meta":"","stick-header-meta":"","header-above-stick-meta":"","header-main-stick-meta":"","header-below-stick-meta":"","astra-migrate-meta-layouts":"set","ast-page-background-enabled":"default","ast-page-background-meta":{"desktop":{"background-color":"var(--ast-global-color-4)","background-image":"","background-repeat":"repeat","background-position":"center center","background-size":"auto","background-attachment":"scroll","background-type":"","background-media":"","overlay-type":"","overlay-color":"","overlay-opacity":"","overlay-gradient":""},"tablet":{"background-color":"","background-image":"","background-repeat":"repeat","background-position":"center center","background-size":"auto","background-attachment":"scroll","background-type":"","background-media":"","overlay-type":"","overlay-color":"","overlay-opacity":"","overlay-gradient":""},"mobile":{"background-color":"","background-image":"","background-repeat":"repeat","background-position":"center center","background-size":"auto","background-attachment":"scroll","background-type":"","background-media":"","overlay-type":"","overlay-color":"","overlay-opacity":"","overlay-gradient":""}},"ast-content-background-meta":{"desktop":{"background-color":"var(--ast-global-color-5)","background-image":"","background-repeat":"repeat","background-position":"center center","background-size":"auto","background-attachment":"scroll","background-type":"","background-media":"","overlay-type":"","overlay-color":"","overlay-opacity":"","overlay-gradient":""},"tablet":{"background-color":"var(--ast-global-color-5)","background-image":"","background-repeat":"repeat","background-position":"center center","background-size":"auto","background-attachment":"scroll","background-type":"","background-media":"","overlay-type":"","overlay-color":"","overlay-opacity":"","overlay-gradient":""},"mobile":{"background-color":"var(--ast-global-color-5)","background-image":"","background-repeat":"repeat","background-position":"center center","background-size":"auto","background-attachment":"scroll","background-type":"","background-media":"","overlay-type":"","overlay-color":"","overlay-opacity":"","overlay-gradient":""}},"footnotes":""},"class_list":["post-5002","page","type-page","status-publish","hentry"],"post_mailing_queue_ids":[],"_links":{"self":[{"href":"https:\/\/agora.xtec.cat\/ses-elvern\/wp-json\/wp\/v2\/pages\/5002","targetHints":{"allow":["GET"]}}],"collection":[{"href":"https:\/\/agora.xtec.cat\/ses-elvern\/wp-json\/wp\/v2\/pages"}],"about":[{"href":"https:\/\/agora.xtec.cat\/ses-elvern\/wp-json\/wp\/v2\/types\/page"}],"author":[{"embeddable":true,"href":"https:\/\/agora.xtec.cat\/ses-elvern\/wp-json\/wp\/v2\/users\/1"}],"replies":[{"embeddable":true,"href":"https:\/\/agora.xtec.cat\/ses-elvern\/wp-json\/wp\/v2\/comments?post=5002"}],"version-history":[{"count":6,"href":"https:\/\/agora.xtec.cat\/ses-elvern\/wp-json\/wp\/v2\/pages\/5002\/revisions"}],"predecessor-version":[{"id":11149,"href":"https:\/\/agora.xtec.cat\/ses-elvern\/wp-json\/wp\/v2\/pages\/5002\/revisions\/11149"}],"up":[{"embeddable":true,"href":"https:\/\/agora.xtec.cat\/ses-elvern\/wp-json\/wp\/v2\/pages\/887"}],"wp:attachment":[{"href":"https:\/\/agora.xtec.cat\/ses-elvern\/wp-json\/wp\/v2\/media?parent=5002"}],"curies":[{"name":"wp","href":"https:\/\/api.w.org\/{rel}","templated":true}]}}