{"id":4086,"date":"2021-02-06T16:08:03","date_gmt":"2021-02-06T15:08:03","guid":{"rendered":"http:\/\/agora.xtec.cat\/ses-elvern\/?page_id=4086"},"modified":"2026-03-23T16:19:48","modified_gmt":"2026-03-23T15:19:48","slug":"temps-de-castells","status":"publish","type":"page","link":"https:\/\/agora.xtec.cat\/ses-elvern\/projectes-del-centre\/temps-de-castells\/","title":{"rendered":"(2n d&#8217;ESO) Temps de castells"},"content":{"rendered":"\n<p>El projecte <strong>Temps de castells<\/strong> es treballa a 2n d\u2019ESO i t\u00e9 per objectiu con\u00e8ixer com era l\u2019edat mitjana des de diferents \u00e0mbits: hist\u00f2ric, literari i cultural. Durant el projecte, l\u2019alumnat descobreix com era la vida als castells i a les ciutats medievals, els valors de la cavalleria i el paper fonamental de la religi\u00f3 i de les classes socials. A m\u00e9s, aprofundeix en els grans noms de la literatura medieval catalana: Ramon Llull, els autors de les Quatre Grans Cr\u00f2niques, Bernat Metge i els trobadors i trobairitz.<\/p>\n\n\n\n<p>El projecte combina lectures, activitats creatives i treball cooperatiu, i culmina amb diverses tasques que posen a prova la imaginaci\u00f3 dels alumnes: han recreat cr\u00f2niques, han escrit poemes trobadorescos, han fet v\u00eddeos i dramatitzacions inspirats en els textos de Llull i Metge, i fins i tot han creat escuts i emblemes propis com a cavallers i dames del segle XXI.<\/p>\n\n\n\n<figure class=\"wp-block-image aligncenter size-full is-resized\"><img loading=\"lazy\" decoding=\"async\" width=\"612\" height=\"361\" src=\"https:\/\/agora.xtec.cat\/ses-elvern\/wp-content\/uploads\/usu1817\/Temps-de-castells-1.jpg\" alt=\"\" class=\"wp-image-10729\" style=\"width:526px;height:auto\" srcset=\"https:\/\/agora.xtec.cat\/ses-elvern\/wp-content\/uploads\/usu1817\/Temps-de-castells-1.jpg 612w, https:\/\/agora.xtec.cat\/ses-elvern\/wp-content\/uploads\/usu1817\/Temps-de-castells-1-300x177.jpg 300w\" sizes=\"auto, (max-width: 612px) 100vw, 612px\" \/><\/figure>\n\n\n\n<p><\/p>\n","protected":false},"excerpt":{"rendered":"<p>El projecte Temps de castells es treballa a 2n d\u2019ESO i t\u00e9 per objectiu con\u00e8ixer com era l\u2019edat mitjana des de diferents \u00e0mbits: hist\u00f2ric, literari i cultural. Durant el projecte, l\u2019alumnat descobreix com era la vida als castells i a les ciutats medievals, els valors de la cavalleria i el paper fonamental de la religi\u00f3 [&hellip;]<\/p>\n","protected":false},"author":1,"featured_media":0,"parent":57,"menu_order":5,"comment_status":"closed","ping_status":"closed","template":"","meta":{"_bbp_topic_count":0,"_bbp_reply_count":0,"_bbp_total_topic_count":0,"_bbp_total_reply_count":0,"_bbp_voice_count":0,"_bbp_anonymous_reply_count":0,"_bbp_topic_count_hidden":0,"_bbp_reply_count_hidden":0,"_bbp_forum_subforum_count":0,"site-sidebar-layout":"default","site-content-layout":"","ast-site-content-layout":"default","site-content-style":"default","site-sidebar-style":"default","ast-global-header-display":"","ast-banner-title-visibility":"","ast-main-header-display":"","ast-hfb-above-header-display":"","ast-hfb-below-header-display":"","ast-hfb-mobile-header-display":"","site-post-title":"","ast-breadcrumbs-content":"","ast-featured-img":"","footer-sml-layout":"","theme-transparent-header-meta":"","adv-header-id-meta":"","stick-header-meta":"","header-above-stick-meta":"","header-main-stick-meta":"","header-below-stick-meta":"","astra-migrate-meta-layouts":"set","ast-page-background-enabled":"default","ast-page-background-meta":{"desktop":{"background-color":"var(--ast-global-color-4)","background-image":"","background-repeat":"repeat","background-position":"center center","background-size":"auto","background-attachment":"scroll","background-type":"","background-media":"","overlay-type":"","overlay-color":"","overlay-opacity":"","overlay-gradient":""},"tablet":{"background-color":"","background-image":"","background-repeat":"repeat","background-position":"center center","background-size":"auto","background-attachment":"scroll","background-type":"","background-media":"","overlay-type":"","overlay-color":"","overlay-opacity":"","overlay-gradient":""},"mobile":{"background-color":"","background-image":"","background-repeat":"repeat","background-position":"center center","background-size":"auto","background-attachment":"scroll","background-type":"","background-media":"","overlay-type":"","overlay-color":"","overlay-opacity":"","overlay-gradient":""}},"ast-content-background-meta":{"desktop":{"background-color":"var(--ast-global-color-5)","background-image":"","background-repeat":"repeat","background-position":"center center","background-size":"auto","background-attachment":"scroll","background-type":"","background-media":"","overlay-type":"","overlay-color":"","overlay-opacity":"","overlay-gradient":""},"tablet":{"background-color":"var(--ast-global-color-5)","background-image":"","background-repeat":"repeat","background-position":"center center","background-size":"auto","background-attachment":"scroll","background-type":"","background-media":"","overlay-type":"","overlay-color":"","overlay-opacity":"","overlay-gradient":""},"mobile":{"background-color":"var(--ast-global-color-5)","background-image":"","background-repeat":"repeat","background-position":"center center","background-size":"auto","background-attachment":"scroll","background-type":"","background-media":"","overlay-type":"","overlay-color":"","overlay-opacity":"","overlay-gradient":""}},"footnotes":""},"class_list":["post-4086","page","type-page","status-publish","hentry"],"post_mailing_queue_ids":[],"_links":{"self":[{"href":"https:\/\/agora.xtec.cat\/ses-elvern\/wp-json\/wp\/v2\/pages\/4086","targetHints":{"allow":["GET"]}}],"collection":[{"href":"https:\/\/agora.xtec.cat\/ses-elvern\/wp-json\/wp\/v2\/pages"}],"about":[{"href":"https:\/\/agora.xtec.cat\/ses-elvern\/wp-json\/wp\/v2\/types\/page"}],"author":[{"embeddable":true,"href":"https:\/\/agora.xtec.cat\/ses-elvern\/wp-json\/wp\/v2\/users\/1"}],"replies":[{"embeddable":true,"href":"https:\/\/agora.xtec.cat\/ses-elvern\/wp-json\/wp\/v2\/comments?post=4086"}],"version-history":[{"count":6,"href":"https:\/\/agora.xtec.cat\/ses-elvern\/wp-json\/wp\/v2\/pages\/4086\/revisions"}],"predecessor-version":[{"id":11317,"href":"https:\/\/agora.xtec.cat\/ses-elvern\/wp-json\/wp\/v2\/pages\/4086\/revisions\/11317"}],"up":[{"embeddable":true,"href":"https:\/\/agora.xtec.cat\/ses-elvern\/wp-json\/wp\/v2\/pages\/57"}],"wp:attachment":[{"href":"https:\/\/agora.xtec.cat\/ses-elvern\/wp-json\/wp\/v2\/media?parent=4086"}],"curies":[{"name":"wp","href":"https:\/\/api.w.org\/{rel}","templated":true}]}}