{"id":10374,"date":"2025-10-21T20:32:57","date_gmt":"2025-10-21T18:32:57","guid":{"rendered":"https:\/\/agora.xtec.cat\/ses-elvern\/?page_id=10374"},"modified":"2026-03-23T16:19:20","modified_gmt":"2026-03-23T15:19:20","slug":"ordinadors-i-eva","status":"publish","type":"page","link":"https:\/\/agora.xtec.cat\/ses-elvern\/projectes-del-centre\/ordinadors-i-eva\/","title":{"rendered":"(1r d&#8217;ESO) Ordinadors i EVA"},"content":{"rendered":"\n<p>El projecte globalitzat &#8220;ordinadors i EVA&#8221; es realitza a 1r d&#8217;ESO com a acollida digital de l&#8217;alumnat que arriba nou al centre. Aprofitem el lliurament dels ordinadors port\u00e0tils a l&#8217;alumnat per fer una introducci\u00f3 a les eines ofim\u00e0tiques disponibles a l&#8217;entorn Workspace del centre.<\/p>\n\n\n\n<figure class=\"wp-block-image alignleft size-full is-resized\"><img loading=\"lazy\" decoding=\"async\" width=\"228\" height=\"221\" src=\"https:\/\/agora.xtec.cat\/ses-elvern\/wp-content\/uploads\/usu1817\/eva.jpg\" alt=\"\" class=\"wp-image-10375\" style=\"width:256px;height:auto\"\/><\/figure>\n\n\n\n<p>Tamb\u00e9 treballem la normativa respecte l&#8217;\u00fas de l&#8217;ordinador i els dispositius digitals del centre, el bon \u00fas del correu electr\u00f2nic i fem una introducci\u00f3 als principals Entorns Virtuals d&#8217;Aprenentatge (EVA) de qu\u00e8 disposem a l&#8217;institut.<\/p>\n\n\n\n<p>El projecte s&#8217;inicia a l&#8217;inici de curs i es treballa de forma intensiva durant les primeres setmanes del curs escolar, tot i que se&#8217;n va fent seguiment al llarg del curs per garantir la compet\u00e8ncia digital de l&#8217;alumnat.<\/p>\n\n\n\n<p><\/p>\n","protected":false},"excerpt":{"rendered":"<p>El projecte globalitzat &#8220;ordinadors i EVA&#8221; es realitza a 1r d&#8217;ESO com a acollida digital de l&#8217;alumnat que arriba nou al centre. Aprofitem el lliurament dels ordinadors port\u00e0tils a l&#8217;alumnat per fer una introducci\u00f3 a les eines ofim\u00e0tiques disponibles a l&#8217;entorn Workspace del centre. Tamb\u00e9 treballem la normativa respecte l&#8217;\u00fas de l&#8217;ordinador i els dispositius [&hellip;]<\/p>\n","protected":false},"author":1,"featured_media":0,"parent":57,"menu_order":4,"comment_status":"closed","ping_status":"close","template":"","meta":{"_bbp_topic_count":0,"_bbp_reply_count":0,"_bbp_total_topic_count":0,"_bbp_total_reply_count":0,"_bbp_voice_count":0,"_bbp_anonymous_reply_count":0,"_bbp_topic_count_hidden":0,"_bbp_reply_count_hidden":0,"_bbp_forum_subforum_count":0,"site-sidebar-layout":"default","site-content-layout":"","ast-site-content-layout":"default","site-content-style":"default","site-sidebar-style":"default","ast-global-header-display":"","ast-banner-title-visibility":"","ast-main-header-display":"","ast-hfb-above-header-display":"","ast-hfb-below-header-display":"","ast-hfb-mobile-header-display":"","site-post-title":"","ast-breadcrumbs-content":"","ast-featured-img":"","footer-sml-layout":"","theme-transparent-header-meta":"","adv-header-id-meta":"","stick-header-meta":"","header-above-stick-meta":"","header-main-stick-meta":"","header-below-stick-meta":"","astra-migrate-meta-layouts":"set","ast-page-background-enabled":"default","ast-page-background-meta":{"desktop":{"background-color":"var(--ast-global-color-4)","background-image":"","background-repeat":"repeat","background-position":"center center","background-size":"auto","background-attachment":"scroll","background-type":"","background-media":"","overlay-type":"","overlay-color":"","overlay-opacity":"","overlay-gradient":""},"tablet":{"background-color":"","background-image":"","background-repeat":"repeat","background-position":"center center","background-size":"auto","background-attachment":"scroll","background-type":"","background-media":"","overlay-type":"","overlay-color":"","overlay-opacity":"","overlay-gradient":""},"mobile":{"background-color":"","background-image":"","background-repeat":"repeat","background-position":"center center","background-size":"auto","background-attachment":"scroll","background-type":"","background-media":"","overlay-type":"","overlay-color":"","overlay-opacity":"","overlay-gradient":""}},"ast-content-background-meta":{"desktop":{"background-color":"var(--ast-global-color-5)","background-image":"","background-repeat":"repeat","background-position":"center center","background-size":"auto","background-attachment":"scroll","background-type":"","background-media":"","overlay-type":"","overlay-color":"","overlay-opacity":"","overlay-gradient":""},"tablet":{"background-color":"var(--ast-global-color-5)","background-image":"","background-repeat":"repeat","background-position":"center center","background-size":"auto","background-attachment":"scroll","background-type":"","background-media":"","overlay-type":"","overlay-color":"","overlay-opacity":"","overlay-gradient":""},"mobile":{"background-color":"var(--ast-global-color-5)","background-image":"","background-repeat":"repeat","background-position":"center center","background-size":"auto","background-attachment":"scroll","background-type":"","background-media":"","overlay-type":"","overlay-color":"","overlay-opacity":"","overlay-gradient":""}},"footnotes":""},"class_list":["post-10374","page","type-page","status-publish","hentry"],"post_mailing_queue_ids":[],"_links":{"self":[{"href":"https:\/\/agora.xtec.cat\/ses-elvern\/wp-json\/wp\/v2\/pages\/10374","targetHints":{"allow":["GET"]}}],"collection":[{"href":"https:\/\/agora.xtec.cat\/ses-elvern\/wp-json\/wp\/v2\/pages"}],"about":[{"href":"https:\/\/agora.xtec.cat\/ses-elvern\/wp-json\/wp\/v2\/types\/page"}],"author":[{"embeddable":true,"href":"https:\/\/agora.xtec.cat\/ses-elvern\/wp-json\/wp\/v2\/users\/1"}],"replies":[{"embeddable":true,"href":"https:\/\/agora.xtec.cat\/ses-elvern\/wp-json\/wp\/v2\/comments?post=10374"}],"version-history":[{"count":2,"href":"https:\/\/agora.xtec.cat\/ses-elvern\/wp-json\/wp\/v2\/pages\/10374\/revisions"}],"predecessor-version":[{"id":11296,"href":"https:\/\/agora.xtec.cat\/ses-elvern\/wp-json\/wp\/v2\/pages\/10374\/revisions\/11296"}],"up":[{"embeddable":true,"href":"https:\/\/agora.xtec.cat\/ses-elvern\/wp-json\/wp\/v2\/pages\/57"}],"wp:attachment":[{"href":"https:\/\/agora.xtec.cat\/ses-elvern\/wp-json\/wp\/v2\/media?parent=10374"}],"curies":[{"name":"wp","href":"https:\/\/api.w.org\/{rel}","templated":true}]}}