{"id":381,"date":"2017-04-12T09:56:22","date_gmt":"2017-04-12T07:56:22","guid":{"rendered":"http:\/\/agora.xtec.cat\/ses-canovelles\/?page_id=381"},"modified":"2018-04-15T11:31:08","modified_gmt":"2018-04-15T09:31:08","slug":"preinscripcio","status":"publish","type":"page","link":"https:\/\/agora.xtec.cat\/ses-canovelles\/preinscripcio\/","title":{"rendered":"Preinscripci\u00f3"},"content":{"rendered":"<p style=\"text-align: center;\"><a href=\"http:\/\/agora.xtec.cat\/ses-canovelles\/wp-content\/uploads\/usu87\/2017\/04\/PREINSCRIPCIOBANNER.jpg\"><img loading=\"lazy\" decoding=\"async\" class=\"alignnone size-full wp-image-9501\" src=\"http:\/\/agora.xtec.cat\/ses-canovelles\/wp-content\/uploads\/usu87\/2017\/04\/PREINSCRIPCIOBANNER.jpg\" alt=\"\" width=\"728\" height=\"90\" srcset=\"https:\/\/agora.xtec.cat\/ses-canovelles\/wp-content\/uploads\/usu87\/2017\/04\/PREINSCRIPCIOBANNER.jpg 728w, https:\/\/agora.xtec.cat\/ses-canovelles\/wp-content\/uploads\/usu87\/2017\/04\/PREINSCRIPCIOBANNER-300x37.jpg 300w\" sizes=\"auto, (max-width: 728px) 100vw, 728px\" \/><\/a><\/p>\n<p style=\"text-align: center;\"><span style=\"text-decoration: underline;\"><strong>CALENDARI DE PREINSCRIPCI\u00d3 PEL CURS 2018-2019<\/strong><\/span><\/p>\n<p><b>RECOLLIDA DELS FULLS DE PREINSCRIPCI\u00d3\u00a0<\/b><b>A PARTIR DEL 12 D\u2019ABRIL<br \/>\nCal passar per secretaria per recollir el full de sol\u00b7licitud i <span style=\"color: #ff0000;\">demanar hora<\/span> (tamb\u00e9 es pot fer per tel\u00e8fon 93 840 19 90)\u00a0<\/b><\/p>\n<div class=\"FW_sArticleFoto\">\n<div class=\"FW_sEditPro\">\n<ul>\n<li>Oferta inicial de places escolars: 9 d&#8217;abril de 2018<\/li>\n<li>Presentaci\u00f3 de sol\u00b7licituds:\u00a0<strong>del\u00a013 al 24\u00a0d&#8217;abril\u00a0de 2018<\/strong><\/li>\n<li>Presentaci\u00f3 de documentaci\u00f3: fins al 25 d&#8217;abril de 2018<\/li>\n<li>Llista de sol\u00b7licituds amb la puntuaci\u00f3 provisional: <strong>3 de maig de 2018<\/strong><\/li>\n<li>Presentaci\u00f3 de reclamacions: del 4 al 8 de maig de 2018<\/li>\n<li>Llista de sol\u00b7licituds amb la puntuaci\u00f3 un cop resoltes les reclamacions: 10 de maig de 2018<\/li>\n<li>Sorteig del n\u00famero de desempat: 11 de maig de 2018, a les 11 h, als serveis centrals del\u00a0Departament d&#8217;Ensenyament (Via Augusta, 202, Barcelona)<\/li>\n<li>Llista ordenada definitiva: <strong>15 de maig de 2018<\/strong><\/li>\n<li>Ampliaci\u00f3 de petici\u00f3 de centres per a les sol\u00b7licituds que no han obtingut cap assignaci\u00f3 (assignaci\u00f3 d&#8217;ofici): del 31 de maig al 4 de juny de 2018<\/li>\n<li>Oferta final de places escolars: 11 de juny de 2018<\/li>\n<li>Llista d&#8217;alumnes admesos i\u00a0llista d&#8217;espera: 12 de juny\u00a0de 2018<\/li>\n<\/ul>\n<p style=\"text-align: center;\"><span style=\"text-decoration: underline;\"><strong>DOCUMENTACI\u00d3 QUE CAL PRESENTAR AL CENTRE TRIAT EN 1\u00aa OPCI\u00d3<\/strong><\/span><\/p>\n<h3 style=\"text-align: center;\"><strong>INSTITUT DOMUS D&#8217;OLIVET &#8211; 08072383<\/strong><br \/>\n<strong>INSTITUT BELLULLA &#8211;\u00a0\u00a008046864<\/strong><\/h3>\n<p>S&#8217;ha de presentar nom\u00e9s un\u00a0<strong><span style=\"color: #ff0000;\">formulari de sol\u00b7licitud<\/span><\/strong>\u00a0\u00a0<strong>en tots els casos<\/strong>, acompanyat dels documents seg\u00fcents:<\/p>\n<div id=\"acordio-tramits-2\" class=\"panel-collapse collapse in\">\n<ul class=\"llista-especial\">\n<li><strong>Original i fotoc\u00f2pia del llibre de fam\u00edlia<\/strong> o altres documents relatius a la filiaci\u00f3. Si l&#8217;alumne o alumna est\u00e0 en situaci\u00f3 d&#8217;acolliment, la resoluci\u00f3 d&#8217;acolliment del Departament de Treball, Afers Socials i Fam\u00edlies.<\/li>\n<li><strong>Original i fotoc\u00f2pia del DNI de la persona sol\u00b7licitant<\/strong> (pare, mare, tutor o tutora o guardador o guardadora de fet) o, si el sol\u00b7licitant \u00e9s estranger, de la targeta de resid\u00e8ncia on consta el NIE o el passaport. Si es tracta d&#8217;estrangers comunitaris, document d&#8217;identitat del pa\u00eds d&#8217;origen.<\/li>\n<li><strong>Original i fotoc\u00f2pia del DNI de l\u2019alumne o alumna<\/strong> major de 14 anys o si t\u00e9 DNI tot i ser menor de 14 anys.<br \/>\nDe forma extraordin\u00e0ria, les dades d&#8217;identificaci\u00f3 o de filiaci\u00f3 dels alumnes estrangers tamb\u00e9 es poden acreditar amb el document d&#8217;identitat, el llibre de fam\u00edlia del pa\u00eds d&#8217;origen o la documentaci\u00f3 alternativa que la persona pugui aportar.Les persones que a la sol\u00b7licitud han al\u00b7legat el compliment d&#8217;un o m\u00e9s <strong><a title=\"criteris de prioritat\" href=\"http:\/\/queestudiar.gencat.cat\/ca\/preinscripcio\/estudis\/obligatoris\/documentacio\/\" target=\"_blank\" rel=\"noopener noreferrer\">criteris de prioritat<\/a><\/strong> han de presentar la <strong><a title=\"documentaci\u00f3\" href=\"http:\/\/queestudiar.gencat.cat\/ca\/preinscripcio\/estudis\/obligatoris\/documentacio\/\" target=\"_blank\" rel=\"noopener noreferrer\">documentaci\u00f3<\/a><\/strong> que els acredita.<\/li>\n<\/ul>\n<p style=\"text-align: center;\"><strong>\u00a0BAREM DE PUNTUACI\u00d3 A EFECTES D&#8217;ELABORACI\u00d3 DE LES LLISTES<\/strong><\/p>\n<table>\n<tbody>\n<tr>\n<td rowspan=\"5\"><span style=\"font-weight: 400;\">Criteris <\/span><\/p>\n<p><span style=\"font-weight: 400;\">generals<\/span><\/td>\n<td><span style=\"font-weight: 400;\">Exist\u00e8ncia de germans matriculats en el centre, o en centres adscrits, o pares\/tutors que hi treballin<\/span><span style=\"font-weight: 400;\">\u00a0\u00a0\u00a0 <\/span><\/td>\n<td><b>40 punts<\/b><\/td>\n<\/tr>\n<tr>\n<td><b>Domicili familiar dins el municipi de Les Franqueses del Vall\u00e8s<\/b><b>\u00a0\u00a0\u00a0 <\/b><\/td>\n<td><b>30 punts<\/b><\/td>\n<\/tr>\n<tr>\n<td><b>Lloc de treball al municipi <\/b><i><span style=\"font-weight: 400;\">(exclou l&#8217;anterior)<\/span><\/i><span style=\"font-weight: 400;\">\u00a0\u00a0\u00a0 <\/span><\/td>\n<td><b>20 punts<\/b><\/td>\n<\/tr>\n<tr>\n<td><b>Unitat familiar benefici\u00e0ria de la renda m\u00ednima d\u2019inserci\u00f3 <\/b><b>\u00a0\u00a0\u00a0 <\/b><\/td>\n<td><b>10 punts<\/b><\/td>\n<\/tr>\n<tr>\n<td><b>Discapacitat igual o superior al 33 % de l\u2019alumne\/a, el pare, la mare o els germans <\/b><b>\u00a0\u00a0\u00a0 <\/b><\/td>\n<td><b>10 punts<\/b><\/td>\n<\/tr>\n<tr>\n<td rowspan=\"3\"><span style=\"font-weight: 400;\">Criteris<\/span><\/p>\n<p><span style=\"font-weight: 400;\">complementaris<\/span><\/td>\n<td><span style=\"font-weight: 400;\">Condici\u00f3 legal de fam\u00edlia nombrosa o monoparental <\/span><span style=\"font-weight: 400;\">\u00a0\u00a0\u00a0 <\/span><\/td>\n<td><b>15 punts<\/b><\/td>\n<\/tr>\n<tr>\n<td><b>Malaltia cr\u00f2nica del sistema digestiu, endocr\u00ed o metab\u00f2lic, inclosos els cel\u00edacs <\/b><b>\u00a0\u00a0\u00a0 <\/b><\/td>\n<td><b>10 punts<\/b><\/td>\n<\/tr>\n<tr>\n<td><b>Pare \/ mare \/ tutor\/a o germans ex-alumnes del centre<\/b><b>\u00a0\u00a0\u00a0 <\/b><\/td>\n<td><b> 5 punts<\/b><\/td>\n<\/tr>\n<\/tbody>\n<\/table>\n<p><span style=\"font-weight: 400;\">En cas que la demanda de places sigui superior a la oferta, les sol\u00b7licituds s\u2019ordenaran pels criteris generals i, despr\u00e9s, pels criteris complementaris. Les situacions d\u2019empat en l\u2019ordenaci\u00f3, un cop aplicats els criteris, es resoldran mitjan\u00e7ant sorteig p\u00fablic.<\/span><\/p>\n<table>\n<tbody>\n<tr>\n<td>\n<h2 style=\"text-align: center;\"><span style=\"color: #ff0000;\"><b>IMPORTANT !<\/b><\/span><\/h2>\n<h3 style=\"text-align: center;\"><b>\u00c9s indispensable formalitzar la matricula en el per\u00edode de matriculaci\u00f3. L&#8217;alumnat que no formalitzi la matr\u00edcula es considera que renuncia a la pla\u00e7a adjudicada.<\/b><\/h3>\n<\/td>\n<\/tr>\n<\/tbody>\n<\/table>\n<div class=\"panel-body\">\n<h2 style=\"text-align: center;\"><a href=\"http:\/\/queestudiar.gencat.cat\/ca\/preinscripcio\/estudis\/obligatoris\/\"><strong>M\u00c9S INFORMACI\u00d3 A LA WEB<br \/>\nDEL DEPARTAMENT D&#8217;ENSENYAMENT<\/strong><\/a><\/h2>\n<\/div>\n<\/div>\n<\/div>\n<\/div>\n","protected":false},"excerpt":{"rendered":"<p><a href=\"http:\/\/agora.xtec.cat\/ses-canovelles\/wp-content\/uploads\/usu87\/2017\/04\/PREINSCRIPCIOBANNER.jpg\"><\/a><br \/>\nCALENDARI DE PREINSCRIPCI\u00d3 PEL CURS 2018-2019<br \/>\nRECOLLIDA DELS FULLS DE PREINSCRIPCI\u00d3\u00a0A PARTIR DEL 12 D\u2019ABRIL<br \/>\nCal passar per secretaria per recollir el full de sol\u00b7licitud i demanar hora (tamb\u00e9 es pot fer per tel\u00e8fon 93 840 19 90)\u00a0<\/p>\n<ul>\n<li>Oferta inicial de places escolars: 9 d&#8217;abril de 2018<\/li>\n<li>Presentaci\u00f3&hellip;  <a href=\"https:\/\/agora.xtec.cat\/ses-canovelles\/preinscripcio\/\" title=\"Read Preinscripci\u00f3\">Llegeix m\u00e9s\u00bb<\/a><br \/>\n","protected":false},"author":1,"featured_media":0,"parent":0,"menu_order":0,"comment_status":"closed","ping_status":"closed","template":"","meta":{"_bbp_topic_count":0,"_bbp_reply_count":0,"_bbp_total_topic_count":0,"_bbp_total_reply_count":0,"_bbp_voice_count":0,"_bbp_anonymous_reply_count":0,"_bbp_topic_count_hidden":0,"_bbp_reply_count_hidden":0,"_bbp_forum_subforum_count":0,"footnotes":""},"class_list":["post-381","page","type-page","status-publish","hentry"],"post_mailing_queue_ids":[],"_links":{"self":[{"href":"https:\/\/agora.xtec.cat\/ses-canovelles\/wp-json\/wp\/v2\/pages\/381","targetHints":{"allow":["GET"]}}],"collection":[{"href":"https:\/\/agora.xtec.cat\/ses-canovelles\/wp-json\/wp\/v2\/pages"}],"about":[{"href":"https:\/\/agora.xtec.cat\/ses-canovelles\/wp-json\/wp\/v2\/types\/page"}],"author":[{"embeddable":true,"href":"https:\/\/agora.xtec.cat\/ses-canovelles\/wp-json\/wp\/v2\/users\/1"}],"replies":[{"embeddable":true,"href":"https:\/\/agora.xtec.cat\/ses-canovelles\/wp-json\/wp\/v2\/comments?post=381"}],"version-history":[{"count":3,"href":"https:\/\/agora.xtec.cat\/ses-canovelles\/wp-json\/wp\/v2\/pages\/381\/revisions"}],"predecessor-version":[{"id":9503,"href":"https:\/\/agora.xtec.cat\/ses-canovelles\/wp-json\/wp\/v2\/pages\/381\/revisions\/9503"}],"wp:attachment":[{"href":"https:\/\/agora.xtec.cat\/ses-canovelles\/wp-json\/wp\/v2\/media?parent=381"}],"curies":[{"name":"wp","href":"https:\/\/api.w.org\/{rel}","templated":true}]}}