{"id":27,"date":"2014-09-17T16:24:03","date_gmt":"2014-09-17T16:24:03","guid":{"rendered":"http:\/\/agora.xtec.cat\/ses-canovelles\/?page_id=27"},"modified":"2018-04-18T14:20:37","modified_gmt":"2018-04-18T12:20:37","slug":"historia","status":"publish","type":"page","link":"https:\/\/agora.xtec.cat\/ses-canovelles\/linstitut\/historia\/","title":{"rendered":"Qui som"},"content":{"rendered":"<p style=\"text-align: justify;\"><span style=\"color: #000000;\">L&#8217;institut Domus d&#8217;Olivet \u00e9s el segon centre d&#8217;ensenyament secundari obligatori de Canovelles (Vall\u00e8s Oriental). El centre <a href=\"https:\/\/vimeo.com\/32740276\">es va crear el curs 2011-2012<\/a> amb dues l\u00ednies de primer d&#8217;eso que es van anar completant gradualment durant els seg\u00fcents cursos fins a completar tota l&#8217;oferta educativa obligatoria el curs 2014-2015. Aix\u00ed, a<\/span><span style=\"color: #000000;\">quest curs 2017-2018 es graduar\u00e0 la 4a promoci\u00f3 del centre.<\/span><\/p>\n<p style=\"text-align: justify;\"><span style=\"color: #000000;\">Originariament el centre es va denominar Secci\u00f3 d&#8217;institut de Canovelles. El curs 2012-2013 i mitjan\u00e7ant un <a style=\"color: #000000;\" href=\"http:\/\/votv.xiptv.cat\/canovelles\/capitol\/el-nou-institut-de-canovelles-sera-batejat-com-a-domus-d-olivet\">proc\u00e9s de participaci\u00f3<\/a> de la comunitat educativa del centre es va\u00a0triar la denominaci\u00f3 actual, Domus d&#8217;Olivet, fent refer\u00e8ncia a la <a href=\"https:\/\/www.museugranollers.org\/index.php\/col-leccions\/fons-arqueologic\/epoca-medieval\">troballa arqueol\u00f2gica<\/a> situada a la localitat vallesana amb el mateix nom.<\/span><\/p>\n<p style=\"text-align: justify;\"><span style=\"color: #000000;\">El curs 2016-2017 el centre va passar a denominar-se Institut Domus d&#8217;Olivet, nom que rep actualment.<\/span><\/p>\n","protected":false},"excerpt":{"rendered":"<p>L&#8217;institut Domus d&#8217;Olivet \u00e9s el segon centre d&#8217;ensenyament secundari obligatori de Canovelles (Vall\u00e8s Oriental). El centre <a href=\"https:\/\/vimeo.com\/32740276\">es va crear el curs 2011-2012<\/a> amb dues l\u00ednies de primer d&#8217;eso que es van anar completant gradualment durant els seg\u00fcents cursos fins a completar tota l&#8217;oferta educativa&hellip;  <a href=\"https:\/\/agora.xtec.cat\/ses-canovelles\/linstitut\/historia\/\" title=\"Read Qui som\">Llegeix m\u00e9s\u00bb<\/a><\/p>\n","protected":false},"author":1,"featured_media":0,"parent":19,"menu_order":20,"comment_status":"closed","ping_status":"closed","template":"page-templates\/side-menu.php","meta":{"_bbp_topic_count":0,"_bbp_reply_count":0,"_bbp_total_topic_count":0,"_bbp_total_reply_count":0,"_bbp_voice_count":0,"_bbp_anonymous_reply_count":0,"_bbp_topic_count_hidden":0,"_bbp_reply_count_hidden":0,"_bbp_forum_subforum_count":0,"footnotes":""},"class_list":["post-27","page","type-page","status-publish","hentry"],"post_mailing_queue_ids":[],"_links":{"self":[{"href":"https:\/\/agora.xtec.cat\/ses-canovelles\/wp-json\/wp\/v2\/pages\/27","targetHints":{"allow":["GET"]}}],"collection":[{"href":"https:\/\/agora.xtec.cat\/ses-canovelles\/wp-json\/wp\/v2\/pages"}],"about":[{"href":"https:\/\/agora.xtec.cat\/ses-canovelles\/wp-json\/wp\/v2\/types\/page"}],"author":[{"embeddable":true,"href":"https:\/\/agora.xtec.cat\/ses-canovelles\/wp-json\/wp\/v2\/users\/1"}],"replies":[{"embeddable":true,"href":"https:\/\/agora.xtec.cat\/ses-canovelles\/wp-json\/wp\/v2\/comments?post=27"}],"version-history":[{"count":4,"href":"https:\/\/agora.xtec.cat\/ses-canovelles\/wp-json\/wp\/v2\/pages\/27\/revisions"}],"predecessor-version":[{"id":9521,"href":"https:\/\/agora.xtec.cat\/ses-canovelles\/wp-json\/wp\/v2\/pages\/27\/revisions\/9521"}],"up":[{"embeddable":true,"href":"https:\/\/agora.xtec.cat\/ses-canovelles\/wp-json\/wp\/v2\/pages\/19"}],"wp:attachment":[{"href":"https:\/\/agora.xtec.cat\/ses-canovelles\/wp-json\/wp\/v2\/media?parent=27"}],"curies":[{"name":"wp","href":"https:\/\/api.w.org\/{rel}","templated":true}]}}