{"id":264,"date":"2016-05-08T20:14:04","date_gmt":"2016-05-08T19:14:04","guid":{"rendered":"http:\/\/agora.xtec.cat\/ses-canovelles\/?page_id=264"},"modified":"2020-11-06T09:17:02","modified_gmt":"2020-11-06T08:17:02","slug":"tei","status":"publish","type":"page","link":"https:\/\/agora.xtec.cat\/ses-canovelles\/projecte-educatiu\/tei\/","title":{"rendered":"Tutoria entre iguals"},"content":{"rendered":"<p style=\"text-align: left;\">El programa &#8220;Tutoria entre Iguals&#8221; es duu a terme a l&#8217;Institut des de fa 5 anys. Amb aquest programa es pret\u00e9n implementar la toler\u00e0ncia zero amb la viol\u00e8ncia com a segell de centre i fomentar la inclusi\u00f3. El funcionament consisteix en qu\u00e8 cada alumne de 1r d&#8217;ESO t\u00e9 un alumne &#8220;tutor&#8221; a 3r d&#8217;ESO, una mena de &#8220;germ\u00e0 gran&#8221; al centre, a qui pot adre\u00e7ar-se si t\u00e9 algun dubte sobre el funcionament de l&#8217;Institut, demanar-li consell o ajuda si t\u00e9 algun problema.<\/p>\n<p>Aquestes s\u00f3n les parelles del curs 2019-2020:<\/p>\n\r\n\t<div class=\"slideshow_container slideshow_container_style-light\" style=\"height: 300px; \" data-slideshow-id=\"10836\" data-style-name=\"style-light\" data-style-version=\"2.3.1\" >\r\n\r\n\t\t\t\t\t<div class=\"slideshow_loading_icon\"><\/div>\r\n\t\t\r\n\t\t<div class=\"slideshow_content\" style=\"display: none;\">\r\n\r\n\t\t\t<div class=\"slideshow_view\">\r\n\t\t\t\t<div class=\"slideshow_slide slideshow_slide_image\">\r\n\t\t\t\t\t\t\t\t\t\t\t<img src=\"https:\/\/agora.xtec.cat\/ses-canovelles\/wp-content\/uploads\/usu87\/2020\/11\/DSC_0805.jpg\" alt=\"DSC_0805\" width=\"3008\" height=\"2000\" \/>\r\n\t\t\t\t\t\t\t\t\t\t<div class=\"slideshow_description_box slideshow_transparent\">\r\n\t\t\t\t\t\t<div class=\"slideshow_title\">DSC_0805<\/div>\t\t\t\t\t\t\t\t\t\t\t<\/div>\r\n\t\t\t\t<\/div>\r\n\r\n\t\t\t\t\t\t<div style=\"clear: both;\"><\/div><\/div><div class=\"slideshow_view\">\r\n\t\t\t\t<div class=\"slideshow_slide slideshow_slide_image\">\r\n\t\t\t\t\t\t\t\t\t\t\t<img src=\"https:\/\/agora.xtec.cat\/ses-canovelles\/wp-content\/uploads\/usu87\/2020\/11\/DSC_0803.jpg\" alt=\"DSC_0803\" width=\"3008\" height=\"2000\" \/>\r\n\t\t\t\t\t\t\t\t\t\t<div class=\"slideshow_description_box slideshow_transparent\">\r\n\t\t\t\t\t\t<div class=\"slideshow_title\">DSC_0803<\/div>\t\t\t\t\t\t\t\t\t\t\t<\/div>\r\n\t\t\t\t<\/div>\r\n\r\n\t\t\t\t\t\t<div style=\"clear: both;\"><\/div><\/div><div class=\"slideshow_view\">\r\n\t\t\t\t<div class=\"slideshow_slide slideshow_slide_image\">\r\n\t\t\t\t\t\t\t\t\t\t\t<img src=\"https:\/\/agora.xtec.cat\/ses-canovelles\/wp-content\/uploads\/usu87\/2020\/11\/DSC_0802.jpg\" alt=\"DSC_0802\" width=\"3008\" height=\"2000\" \/>\r\n\t\t\t\t\t\t\t\t\t\t<div class=\"slideshow_description_box slideshow_transparent\">\r\n\t\t\t\t\t\t<div class=\"slideshow_title\">DSC_0802<\/div>\t\t\t\t\t\t\t\t\t\t\t<\/div>\r\n\t\t\t\t<\/div>\r\n\r\n\t\t\t\t\t\t<div style=\"clear: both;\"><\/div><\/div><div class=\"slideshow_view\">\r\n\t\t\t\t<div class=\"slideshow_slide slideshow_slide_image\">\r\n\t\t\t\t\t\t\t\t\t\t\t<img src=\"https:\/\/agora.xtec.cat\/ses-canovelles\/wp-content\/uploads\/usu87\/2020\/11\/DSC_0795.jpg\" alt=\"DSC_0795\" width=\"3008\" height=\"2000\" \/>\r\n\t\t\t\t\t\t\t\t\t\t<div class=\"slideshow_description_box slideshow_transparent\">\r\n\t\t\t\t\t\t<div class=\"slideshow_title\">DSC_0795<\/div>\t\t\t\t\t\t\t\t\t\t\t<\/div>\r\n\t\t\t\t<\/div>\r\n\r\n\t\t\t\t\t\t<div style=\"clear: both;\"><\/div><\/div><div class=\"slideshow_view\">\r\n\t\t\t\t<div class=\"slideshow_slide slideshow_slide_image\">\r\n\t\t\t\t\t\t\t\t\t\t\t<img src=\"https:\/\/agora.xtec.cat\/ses-canovelles\/wp-content\/uploads\/usu87\/2020\/11\/DSC_0790.jpg\" alt=\"DSC_0790\" width=\"3008\" height=\"2000\" \/>\r\n\t\t\t\t\t\t\t\t\t\t<div class=\"slideshow_description_box slideshow_transparent\">\r\n\t\t\t\t\t\t<div class=\"slideshow_title\">DSC_0790<\/div>\t\t\t\t\t\t\t\t\t\t\t<\/div>\r\n\t\t\t\t<\/div>\r\n\r\n\t\t\t\t\t\t<div style=\"clear: both;\"><\/div><\/div>\r\n\t\t<\/div>\r\n\r\n\t\t<div class=\"slideshow_controlPanel slideshow_transparent\" style=\"display: none;\"><ul><li class=\"slideshow_togglePlay\" data-play-text=\"Visualitza\" data-pause-text=\"Pausa\"><\/li><\/ul><\/div>\r\n\r\n\t\t<div class=\"slideshow_button slideshow_previous slideshow_transparent\" role=\"button\" data-previous-text=\"Anterior\" style=\"display: none;\"><\/div>\r\n\t\t<div class=\"slideshow_button slideshow_next slideshow_transparent\" role=\"button\" data-next-text=\"Seg\u00fcent\" style=\"display: none;\"><\/div>\r\n\r\n\t\t<div class=\"slideshow_pagination\" style=\"display: none;\" data-go-to-text=\"V\u00e9s a la diapositiva\"><div class=\"slideshow_pagination_center\"><\/div><\/div>\r\n\r\n\t\t<!-- WordPress Slideshow Version 2.3.1 -->\r\n\r\n\t\t\t<\/div>\r\n\r\n\n","protected":false},"excerpt":{"rendered":"<p>El programa &#8220;Tutoria entre Iguals&#8221; es duu a terme a l&#8217;Institut des de fa 5 anys. Amb aquest programa es pret\u00e9n implementar la toler\u00e0ncia zero amb la viol\u00e8ncia com a segell de centre i fomentar la inclusi\u00f3. El funcionament consisteix en qu\u00e8 cada alumne de&hellip;  <a href=\"https:\/\/agora.xtec.cat\/ses-canovelles\/projecte-educatiu\/tei\/\" title=\"Read Tutoria entre iguals\">Llegeix m\u00e9s\u00bb<\/a><\/p>\n","protected":false},"author":1,"featured_media":0,"parent":57,"menu_order":0,"comment_status":"closed","ping_status":"closed","template":"","meta":{"_bbp_topic_count":0,"_bbp_reply_count":0,"_bbp_total_topic_count":0,"_bbp_total_reply_count":0,"_bbp_voice_count":0,"_bbp_anonymous_reply_count":0,"_bbp_topic_count_hidden":0,"_bbp_reply_count_hidden":0,"_bbp_forum_subforum_count":0,"footnotes":""},"class_list":["post-264","page","type-page","status-publish","hentry"],"post_mailing_queue_ids":[],"_links":{"self":[{"href":"https:\/\/agora.xtec.cat\/ses-canovelles\/wp-json\/wp\/v2\/pages\/264","targetHints":{"allow":["GET"]}}],"collection":[{"href":"https:\/\/agora.xtec.cat\/ses-canovelles\/wp-json\/wp\/v2\/pages"}],"about":[{"href":"https:\/\/agora.xtec.cat\/ses-canovelles\/wp-json\/wp\/v2\/types\/page"}],"author":[{"embeddable":true,"href":"https:\/\/agora.xtec.cat\/ses-canovelles\/wp-json\/wp\/v2\/users\/1"}],"replies":[{"embeddable":true,"href":"https:\/\/agora.xtec.cat\/ses-canovelles\/wp-json\/wp\/v2\/comments?post=264"}],"version-history":[{"count":3,"href":"https:\/\/agora.xtec.cat\/ses-canovelles\/wp-json\/wp\/v2\/pages\/264\/revisions"}],"predecessor-version":[{"id":10843,"href":"https:\/\/agora.xtec.cat\/ses-canovelles\/wp-json\/wp\/v2\/pages\/264\/revisions\/10843"}],"up":[{"embeddable":true,"href":"https:\/\/agora.xtec.cat\/ses-canovelles\/wp-json\/wp\/v2\/pages\/57"}],"wp:attachment":[{"href":"https:\/\/agora.xtec.cat\/ses-canovelles\/wp-json\/wp\/v2\/media?parent=264"}],"curies":[{"name":"wp","href":"https:\/\/api.w.org\/{rel}","templated":true}]}}

<p style="text-align: left;">El programa &#8220;Tutoria entre Iguals&#8221; es duu a terme a l&#8217;Institut des de fa 5 anys. Amb aquest programa es pretén implementar la tolerància zero amb la violència com a segell de centre i fomentar la inclusió. El funcionament consisteix en què cada alumne de 1r d&#8217;ESO té un alumne &#8220;tutor&#8221; a 3r d&#8217;ESO, una mena de &#8220;germà gran&#8221; al centre, a qui pot adreçar-se si té algun dubte sobre el funcionament de l&#8217;Institut, demanar-li consell o ajuda si té algun problema.</p>
<p>Aquestes són les parelles del curs 2019-2020:</p>

	<div class="slideshow_container slideshow_container_style-light" style="height: 300px; " data-slideshow-id="10836" data-style-name="style-light" data-style-version="2.3.1" >

					<div class="slideshow_loading_icon"></div>
		
		<div class="slideshow_content" style="display: none;">

			<div class="slideshow_view">
				<div class="slideshow_slide slideshow_slide_image">
											<img src="https://agora.xtec.cat/ses-canovelles/wp-content/uploads/usu87/2020/11/DSC_0805.jpg" alt="DSC_0805" width="3008" height="2000" />
										<div class="slideshow_description_box slideshow_transparent">
						<div class="slideshow_title">DSC_0805</div>											</div>
				</div>

						<div style="clear: both;"></div></div><div class="slideshow_view">
				<div class="slideshow_slide slideshow_slide_image">
											<img src="https://agora.xtec.cat/ses-canovelles/wp-content/uploads/usu87/2020/11/DSC_0803.jpg" alt="DSC_0803" width="3008" height="2000" />
										<div class="slideshow_description_box slideshow_transparent">
						<div class="slideshow_title">DSC_0803</div>											</div>
				</div>

						<div style="clear: both;"></div></div><div class="slideshow_view">
				<div class="slideshow_slide slideshow_slide_image">
											<img src="https://agora.xtec.cat/ses-canovelles/wp-content/uploads/usu87/2020/11/DSC_0802.jpg" alt="DSC_0802" width="3008" height="2000" />
										<div class="slideshow_description_box slideshow_transparent">
						<div class="slideshow_title">DSC_0802</div>											</div>
				</div>

						<div style="clear: both;"></div></div><div class="slideshow_view">
				<div class="slideshow_slide slideshow_slide_image">
											<img src="https://agora.xtec.cat/ses-canovelles/wp-content/uploads/usu87/2020/11/DSC_0795.jpg" alt="DSC_0795" width="3008" height="2000" />
										<div class="slideshow_description_box slideshow_transparent">
						<div class="slideshow_title">DSC_0795</div>											</div>
				</div>

						<div style="clear: both;"></div></div><div class="slideshow_view">
				<div class="slideshow_slide slideshow_slide_image">
											<img src="https://agora.xtec.cat/ses-canovelles/wp-content/uploads/usu87/2020/11/DSC_0790.jpg" alt="DSC_0790" width="3008" height="2000" />
										<div class="slideshow_description_box slideshow_transparent">
						<div class="slideshow_title">DSC_0790</div>											</div>
				</div>

						<div style="clear: both;"></div></div>
		</div>

		<div class="slideshow_controlPanel slideshow_transparent" style="display: none;"><ul><li class="slideshow_togglePlay" data-play-text="Visualitza" data-pause-text="Pausa"></li></ul></div>

		<div class="slideshow_button slideshow_previous slideshow_transparent" role="button" data-previous-text="Anterior" style="display: none;"></div>
		<div class="slideshow_button slideshow_next slideshow_transparent" role="button" data-next-text="Següent" style="display: none;"></div>

		<div class="slideshow_pagination" style="display: none;" data-go-to-text="Vés a la diapositiva"><div class="slideshow_pagination_center"></div></div>

		<!-- WordPress Slideshow Version 2.3.1 -->

			</div>

<p>El programa &#8220;Tutoria entre Iguals&#8221; es duu a terme a l&#8217;Institut des de fa 5 anys. Amb aquest programa es pretén implementar la tolerància zero amb la violència com a segell de centre i fomentar la inclusió. El funcionament consisteix en què cada alumne de&hellip;  <a href="https://agora.xtec.cat/ses-canovelles/projecte-educatiu/tei/" title="Read Tutoria entre iguals">Llegeix més»</a></p>
