{"id":3946,"date":"2025-11-16T14:50:57","date_gmt":"2025-11-16T13:50:57","guid":{"rendered":"https:\/\/agora.xtec.cat\/seccio-institut-manlleu\/?page_id=3946"},"modified":"2026-03-21T17:24:38","modified_gmt":"2026-03-21T16:24:38","slug":"professorat-curs-2025-2026","status":"publish","type":"page","link":"https:\/\/agora.xtec.cat\/seccio-institut-manlleu\/professorat-curs-2025-2026\/","title":{"rendered":"Personal docent, PAE i PAS"},"content":{"rendered":"<table style=\"width: 100%; border-collapse: collapse; border-color: #000000; border-style: solid;\">\n<tbody>\n<tr>\n<td style=\"width: 100%; background-color: #4ae872; border-color: #000000; border-style: solid;\"><strong>PERSONAL DOCENT<\/strong><\/td>\n<\/tr>\n<\/tbody>\n<\/table>\n<table style=\"height: 1803px; width: 83.4085%; border-collapse: collapse; border-color: #000000; border-style: solid;\">\n<tbody>\n<tr style=\"height: 52px;\">\n<td style=\"width: 45.9048%; height: 217px; border-color: #000000; border-style: solid; background-color: #f0f0f0; text-align: center;\" rowspan=\"4\"><strong>Llengua Catalana i literatura<\/strong><br \/>\n<strong><br \/>\n<\/strong><strong><br \/>\n<\/strong><\/td>\n<td style=\"width: 49.327%; height: 52px; border-color: #000000; border-style: solid; text-align: center;\"><span style=\"font-weight: 400;\">Rosa Regales Pou<\/span><\/td>\n<\/tr>\n<tr style=\"height: 55px;\">\n<td style=\"width: 49.327%; border-color: #000000; border-style: solid; height: 55px; text-align: center;\"><span style=\"font-weight: 400;\">Anna Roca Ferrer<\/span><\/td>\n<\/tr>\n<tr style=\"height: 55px;\">\n<td style=\"width: 49.327%; border-color: #000000; border-style: solid; height: 55px; text-align: center;\"><span style=\"font-weight: 400;\">T\u00e0nia Ricart Fajula<\/span><\/td>\n<\/tr>\n<tr style=\"height: 55px;\">\n<td style=\"width: 49.327%; border-color: #000000; border-style: solid; height: 55px; text-align: center;\"><span style=\"font-weight: 400;\">Laia Pujol Serra<\/span><\/td>\n<\/tr>\n<tr style=\"height: 52px;\">\n<td style=\"width: 45.9048%; height: 115px; border-color: #000000; border-style: solid; background-color: #f0f0f0; text-align: center;\" rowspan=\"3\"><strong>\u00a0<\/strong><strong>Llengua Castellana i literatura<\/strong><\/td>\n<td style=\"width: 49.327%; height: 52px; border-color: #000000; border-style: solid; text-align: center;\">Alba Mart\u00ednez Llimona<\/td>\n<\/tr>\n<tr style=\"height: 20px;\">\n<td style=\"width: 49.327%; border-color: #000000; border-style: solid; height: 20px; text-align: center;\"><span style=\"font-weight: 400;\">Emma Canals Mart\u00ednez<\/span><\/td>\n<\/tr>\n<tr style=\"height: 43px;\">\n<td style=\"width: 49.327%; border-color: #000000; border-style: solid; height: 43px; text-align: center;\"><span style=\"font-weight: 400;\">Ruth Serrano Castillo<\/span><\/td>\n<\/tr>\n<tr style=\"height: 52px;\">\n<td style=\"width: 45.9048%; height: 208px; border-color: #000000; border-style: solid; background-color: #f0f0f0; text-align: center;\" rowspan=\"4\"><strong><br \/>\n<\/strong><strong>Llengua estrangera: angl\u00e8s<\/strong><strong><br \/>\n<\/strong><\/td>\n<td style=\"width: 49.327%; height: 52px; border-color: #000000; border-style: solid; text-align: center;\"><span style=\"font-weight: 400;\">Maria Ferr\u00f3n Sol\u00e0<\/span><\/td>\n<\/tr>\n<tr style=\"height: 52px;\">\n<td style=\"width: 49.327%; border-color: #000000; border-style: solid; height: 52px; text-align: center;\"><span style=\"font-weight: 400;\">Laura Herranz Abelaira (Marc Brachs Rib\u00e9)<\/span><\/td>\n<\/tr>\n<tr style=\"height: 52px;\">\n<td style=\"width: 49.327%; border-color: #000000; border-style: solid; height: 52px; text-align: center;\"><span style=\"font-weight: 400;\">Vanesa Fern\u00e0ndez Soria <\/span><span style=\"font-weight: 400;\"><br \/>\n<\/span><\/td>\n<\/tr>\n<tr style=\"height: 52px;\">\n<td style=\"width: 49.327%; border-color: #000000; border-style: solid; height: 52px; text-align: center;\"><span style=\"font-weight: 400;\">N\u00faria Par\u00e9 Soldevila<\/span><\/td>\n<\/tr>\n<tr style=\"height: 52px;\">\n<td style=\"width: 45.9048%; border-color: #000000; border-style: solid; background-color: #f0f0f0; height: 52px; text-align: center;\"><strong>Llengua estrangera: franc\u00e8s<\/strong><\/td>\n<td style=\"width: 49.327%; border-color: #000000; border-style: solid; height: 52px; text-align: center;\"><span style=\"font-weight: 400;\">Cristina Cunill Vilalta<\/span><span style=\"font-weight: 400;\"><br \/>\n<\/span><\/td>\n<\/tr>\n<tr style=\"height: 52px;\">\n<td style=\"width: 45.9048%; border-color: #000000; border-style: solid; background-color: #f0f0f0; height: 156px; text-align: center;\" rowspan=\"3\"><strong>Aula d&#8217;acollida<\/strong><\/td>\n<td style=\"width: 49.327%; border-color: #000000; border-style: solid; height: 52px; text-align: center;\">Ar\u00e0lia Codinachs Par\u00e9s<\/td>\n<\/tr>\n<tr style=\"height: 52px;\">\n<td style=\"width: 49.327%; height: 52px; border-color: #000000; border-style: solid; text-align: center;\">Arnau Oll\u00e9 Cuxart<\/td>\n<\/tr>\n<tr style=\"height: 52px;\">\n<td style=\"width: 49.327%; height: 52px; border-color: #000000; border-style: solid; text-align: center;\">Sergi Herreros (\u00d2scar Maur\u00edn)<\/td>\n<\/tr>\n<tr style=\"height: 52px;\">\n<td style=\"width: 45.9048%; border-color: #000000; border-style: solid; background-color: #f0f0f0; height: 140px; text-align: center;\" rowspan=\"3\"><strong>Geografia i hist\u00f2ria\u00a0 \u00a0 <\/strong><\/td>\n<td style=\"width: 49.327%; border-color: #000000; border-style: solid; height: 52px; text-align: center;\">Trini Montero Blanco<\/td>\n<\/tr>\n<tr style=\"height: 36px;\">\n<td style=\"width: 49.327%; height: 36px; border-color: #000000; border-style: solid; text-align: center;\">Judit Freixer Picas<\/td>\n<\/tr>\n<tr style=\"height: 52px;\">\n<td style=\"width: 49.327%; height: 52px; border-color: #000000; border-style: solid; text-align: center;\">Laura Autonell Casals<\/td>\n<\/tr>\n<tr style=\"height: 52px;\">\n<td style=\"width: 45.9048%; border-color: #000000; border-style: solid; background-color: #f0f0f0; height: 52px; text-align: center;\"><strong>M\u00fasica <\/strong><\/td>\n<td style=\"width: 49.327%; border-color: #000000; border-style: solid; height: 52px; text-align: center;\">Lourdes Rovira<\/td>\n<\/tr>\n<tr style=\"height: 52px;\">\n<td style=\"width: 45.9048%; border-color: #000000; border-style: solid; background-color: #f0f0f0; height: 52px; text-align: center;\"><strong>Dibuix <\/strong><\/td>\n<td style=\"width: 49.327%; border-color: #000000; border-style: solid; height: 52px; text-align: center;\">Mia Guiteres Oliva<\/td>\n<\/tr>\n<tr style=\"height: 10px;\">\n<td style=\"width: 45.9048%; border-color: #000000; border-style: solid; background-color: #f0f0f0; height: 62px; text-align: center;\" rowspan=\"2\"><strong>Educaci\u00f3 f\u00edsica<\/strong><\/td>\n<td style=\"width: 49.327%; border-color: #000000; border-style: solid; height: 10px; text-align: center;\"><span style=\"font-weight: 400;\">Ivet Planas Lozano<\/span><\/td>\n<\/tr>\n<tr style=\"height: 52px;\">\n<td style=\"width: 49.327%; border-color: #000000; border-style: solid; height: 52px; text-align: center;\"><span style=\"font-weight: 400;\">Ra\u00fcl Casasas Aumatell<\/span><\/td>\n<\/tr>\n<tr style=\"height: 52px;\">\n<td style=\"width: 45.9048%; border-color: #000000; border-style: solid; background-color: #f0f0f0; height: 208px; text-align: center;\" rowspan=\"4\"><span style=\"font-weight: 400;\"><br \/>\n<\/span><span style=\"font-weight: 400;\"><br \/>\n<\/span><span style=\"font-weight: 400;\"><strong>Matem\u00e0tiques\u00a0 \u00a0 \u00a0 \u00a0 \u00a0<\/strong><\/span><\/td>\n<td style=\"width: 49.327%; border-color: #000000; border-style: solid; height: 52px; text-align: center;\"><span style=\"font-weight: 400;\">Victor Panyella Basso (Anna Cabrera Mateos)<\/span><\/td>\n<\/tr>\n<tr style=\"height: 52px;\">\n<td style=\"width: 49.327%; border-color: #000000; border-style: solid; height: 52px; text-align: center;\"><span style=\"font-weight: 400;\">Juncal Pujadas Dom\u00e8nech<\/span><span style=\"font-weight: 400;\"><br \/>\n<\/span><\/td>\n<\/tr>\n<tr style=\"height: 52px;\">\n<td style=\"width: 49.327%; border-color: #000000; border-style: solid; height: 52px; text-align: center;\"><span style=\"font-weight: 400;\">Mireia Brunet Guix<\/span><\/td>\n<\/tr>\n<tr style=\"height: 52px;\">\n<td style=\"width: 49.327%; border-color: #000000; border-style: solid; height: 52px; text-align: center;\"><span style=\"font-weight: 400;\">T\u00e0nia Rodeja Ferrer<\/span><\/td>\n<\/tr>\n<tr style=\"height: 52px;\">\n<td style=\"width: 45.9048%; border-color: #000000; border-style: solid; background-color: #f0f0f0; height: 156px; text-align: center;\" rowspan=\"3\"><span style=\"font-weight: 400;\"><strong>Tecnologia<\/strong><\/span><\/td>\n<td style=\"width: 49.327%; border-color: #000000; border-style: solid; height: 52px; text-align: center;\"><span style=\"font-weight: 400;\">Pablo Ros Flores<\/span><\/td>\n<\/tr>\n<tr style=\"height: 52px;\">\n<td style=\"width: 49.327%; border-color: #000000; border-style: solid; height: 52px; text-align: center;\"><span style=\"font-weight: 400;\">Jordi Bonet Folgosa <\/span><span style=\"font-weight: 400;\"><br \/>\n<\/span><\/td>\n<\/tr>\n<tr style=\"height: 52px;\">\n<td style=\"width: 49.327%; border-color: #000000; border-style: solid; height: 52px; text-align: center;\"><span style=\"font-weight: 400;\">Joan Ram\u00f3n Ru\u00edz Ram\u00edrez<\/span><span style=\"font-weight: 400;\"><br \/>\n<\/span><\/td>\n<\/tr>\n<tr style=\"height: 52px;\">\n<td style=\"width: 45.9048%; border-color: #000000; border-style: solid; background-color: #f0f0f0; height: 128px; text-align: center;\" rowspan=\"3\"><strong>Biologia i geologia<\/strong><\/td>\n<td style=\"width: 49.327%; border-color: #000000; border-style: solid; height: 52px; text-align: center;\"><span style=\"font-weight: 400;\">Meritxell Banacolocha Campos<\/span><\/td>\n<\/tr>\n<tr style=\"height: 22px;\">\n<td style=\"width: 49.327%; border-color: #000000; border-style: solid; height: 22px; text-align: center;\"><span style=\"font-weight: 400;\">Assumpta Rovira Erra<\/span><\/td>\n<\/tr>\n<tr style=\"height: 54px;\">\n<td style=\"width: 49.327%; border-color: #000000; border-style: solid; height: 54px; text-align: center;\"><span style=\"font-weight: 400;\">Concepci\u00f3 L\u00f3pez Colomer<\/span><\/td>\n<\/tr>\n<tr style=\"height: 10px;\">\n<td style=\"width: 45.9048%; border-color: #000000; border-style: solid; background-color: #f0f0f0; height: 43px; text-align: center;\" rowspan=\"3\"><span style=\"font-weight: 400;\"><strong>F\u00edsica i qu\u00edmica\u00a0 \u00a0 \u00a0<\/strong>\u00a0 \u00a0\u00a0<\/span><br \/>\n<span style=\"font-weight: 400;\"><strong><br \/>\n<\/strong><\/span><\/td>\n<td style=\"width: 49.327%; border-color: #000000; border-style: solid; height: 10px; text-align: center;\"><span style=\"font-weight: 400;\">Naroa de la Fuente Gonz\u00e0lez (Judit Golzalvo)<\/span><\/td>\n<\/tr>\n<tr style=\"height: 10px;\">\n<td style=\"width: 49.327%; border-color: #000000; border-style: solid; height: 10px; text-align: center;\"><span style=\"font-weight: 400;\">Mireia Colomer Rodriguez<\/span><span style=\"font-weight: 400;\"><br \/>\n<\/span><\/td>\n<\/tr>\n<tr style=\"height: 23px;\">\n<td style=\"width: 49.327%; border-color: #000000; border-style: solid; height: 23px; text-align: center;\"><span style=\"font-weight: 400;\">Joan Conesa<\/span><\/td>\n<\/tr>\n<tr style=\"height: 37px;\">\n<td style=\"width: 45.9048%; border-color: #000000; border-style: solid; background-color: #f0f0f0; height: 133px; text-align: center;\" rowspan=\"3\"><span style=\"font-weight: 400;\"><strong>Orientaci\u00f3\u00a0 \u00a0 \u00a0<\/strong> \u00a0<\/span><\/td>\n<td style=\"width: 49.327%; border-color: #000000; border-style: solid; height: 37px; text-align: center;\"><span style=\"font-weight: 400;\">Rosa Pujol Famadas<\/span><\/td>\n<\/tr>\n<tr style=\"height: 48px;\">\n<td style=\"width: 49.327%; border-color: #000000; border-style: solid; height: 48px; text-align: center;\">S\u00edlvia Quesada Pallares<span style=\"font-weight: 400;\"><br \/>\n<\/span><\/td>\n<\/tr>\n<tr style=\"height: 48px;\">\n<td style=\"width: 49.327%; border-color: #000000; border-style: solid; height: 48px; text-align: center;\"><span style=\"font-weight: 400;\">Jos\u00e9 Santos Gonz\u00e0lez Velasco<\/span><\/td>\n<\/tr>\n<tr style=\"height: 43px;\">\n<td style=\"width: 45.9048%; border-color: #000000; border-style: solid; background-color: #f0f0f0; height: 81px; text-align: center;\" rowspan=\"2\"><span style=\"font-weight: 400;\"><strong>SIEI<\/strong><\/span><\/td>\n<td style=\"width: 49.327%; border-color: #000000; border-style: solid; height: 43px; text-align: center;\"><span style=\"font-weight: 400;\">Ariadna Ribera Boixeda<\/span><\/td>\n<\/tr>\n<tr style=\"height: 38px;\">\n<td style=\"width: 49.327%; border-color: #000000; border-style: solid; height: 38px; text-align: center;\"><span style=\"font-weight: 400;\">Ana M\u00e8rida <\/span><\/td>\n<\/tr>\n<\/tbody>\n<\/table>\n<table style=\"border-collapse: collapse; border-style: solid; border-color: #000000;\">\n<tbody>\n<tr>\n<td style=\"width: 100%; background-color: #6db4e3; border-color: #000000; border-style: solid;\"><strong>PERSONAL D&#8217;ATENCI\u00d3 EDUCATIVA (PAE)<\/strong><\/td>\n<\/tr>\n<\/tbody>\n<\/table>\n<table style=\"width: 100%; border-collapse: collapse; border-style: solid; border-color: #000000; height: 69px;\">\n<tbody>\n<tr style=\"height: 23px;\">\n<td style=\"width: 50%; background-color: #f0f0f0; border-style: solid; border-color: #000000; height: 23px; text-align: center;\"><strong>T\u00e8cnica d\u2019integraci\u00f3 social<\/strong><\/td>\n<td style=\"width: 50%; border-style: solid; border-color: #000000; height: 23px; text-align: center;\">Emma Ragu\u00e9s Prat<\/td>\n<\/tr>\n<tr style=\"height: 23px;\">\n<td style=\"width: 50%; background-color: #f0f0f0; border-style: solid; border-color: #000000; height: 23px; text-align: center;\"><strong>Educadora d\u2019educaci\u00f3 especial<\/strong><\/td>\n<td style=\"width: 50%; border-style: solid; border-color: #000000; height: 23px; text-align: center;\">Ana Romero Aguilera<\/td>\n<\/tr>\n<tr style=\"height: 23px;\">\n<td style=\"width: 50%; background-color: #f0f0f0; border-style: solid; border-color: #000000; height: 23px; text-align: center;\"><strong>Vetlladora<\/strong><\/td>\n<td style=\"width: 50%; border-style: solid; border-color: #000000; height: 23px; text-align: center;\"><span style=\"font-weight: 400;\">Sara Baheddiii<\/span><\/td>\n<\/tr>\n<\/tbody>\n<\/table>\n<table style=\"width: 100%; border-collapse: collapse; border-style: solid; border-color: #000000;\">\n<tbody>\n<tr>\n<td style=\"width: 100%; background-color: #fffb85; border-color: #000000; border-style: solid;\"><strong>PERSONAL D&#8217;ADMINISTRACI\u00d3 I SERVEIS (PAS)<\/strong><\/td>\n<\/tr>\n<\/tbody>\n<\/table>\n<table style=\"width: 100%; border-collapse: collapse; border-style: solid; border-color: #000000;\">\n<tbody>\n<tr>\n<td style=\"width: 49.9408%; border-color: #000000; background-color: #f0f0f0; border-style: solid; text-align: center;\"><strong>Conserge<\/strong><\/td>\n<td style=\"width: 50%; border-style: solid; border-color: #000000; text-align: center;\">Imma Orejuela Ronda<\/td>\n<\/tr>\n<tr>\n<td style=\"width: 49.9408%; border-color: #000000; background-color: #f0f0f0; border-style: solid; text-align: center;\"><strong>Administrativa<\/strong><\/td>\n<td style=\"width: 50%; border-style: solid; border-color: #000000; text-align: center;\">Marta Sala<\/td>\n<\/tr>\n<\/tbody>\n<\/table>\n","protected":false},"excerpt":{"rendered":"<p>PERSONAL DOCENT Llengua Catalana i literatura Rosa Regales Pou Anna Roca Ferrer T\u00e0nia Ricart Fajula Laia Pujol Serra \u00a0Llengua Castellana i literatura Alba Mart\u00ednez Llimona Emma Canals Mart\u00ednez Ruth Serrano Castillo Llengua estrangera: angl\u00e8s Maria Ferr\u00f3n Sol\u00e0 Laura Herranz Abelaira (Marc Brachs Rib\u00e9) Vanesa Fern\u00e0ndez Soria N\u00faria Par\u00e9 Soldevila Llengua estrangera: franc\u00e8s Cristina Cunill Vilalta [&hellip;]<\/p>\n","protected":false},"author":1,"featured_media":0,"parent":0,"menu_order":0,"comment_status":"closed","ping_status":"closed","template":"","meta":{"_bbp_topic_count":0,"_bbp_reply_count":0,"_bbp_total_topic_count":0,"_bbp_total_reply_count":0,"_bbp_voice_count":0,"_bbp_anonymous_reply_count":0,"_bbp_topic_count_hidden":0,"_bbp_reply_count_hidden":0,"_bbp_forum_subforum_count":0,"site-sidebar-layout":"default","site-content-layout":"","ast-site-content-layout":"default","site-content-style":"default","site-sidebar-style":"default","ast-global-header-display":"","ast-banner-title-visibility":"","ast-main-header-display":"","ast-hfb-above-header-display":"","ast-hfb-below-header-display":"","ast-hfb-mobile-header-display":"","site-post-title":"","ast-breadcrumbs-content":"","ast-featured-img":"","footer-sml-layout":"","theme-transparent-header-meta":"default","adv-header-id-meta":"","stick-header-meta":"","header-above-stick-meta":"","header-main-stick-meta":"","header-below-stick-meta":"","astra-migrate-meta-layouts":"set","ast-page-background-enabled":"default","ast-page-background-meta":{"desktop":{"background-color":"var(--ast-global-color-4)","background-image":"","background-repeat":"repeat","background-position":"center center","background-size":"auto","background-attachment":"scroll","background-type":"","background-media":"","overlay-type":"","overlay-color":"","overlay-opacity":"","overlay-gradient":""},"tablet":{"background-color":"","background-image":"","background-repeat":"repeat","background-position":"center center","background-size":"auto","background-attachment":"scroll","background-type":"","background-media":"","overlay-type":"","overlay-color":"","overlay-opacity":"","overlay-gradient":""},"mobile":{"background-color":"","background-image":"","background-repeat":"repeat","background-position":"center center","background-size":"auto","background-attachment":"scroll","background-type":"","background-media":"","overlay-type":"","overlay-color":"","overlay-opacity":"","overlay-gradient":""}},"ast-content-background-meta":{"desktop":{"background-color":"var(--ast-global-color-5)","background-image":"","background-repeat":"repeat","background-position":"center center","background-size":"auto","background-attachment":"scroll","background-type":"","background-media":"","overlay-type":"","overlay-color":"","overlay-opacity":"","overlay-gradient":""},"tablet":{"background-color":"var(--ast-global-color-5)","background-image":"","background-repeat":"repeat","background-position":"center center","background-size":"auto","background-attachment":"scroll","background-type":"","background-media":"","overlay-type":"","overlay-color":"","overlay-opacity":"","overlay-gradient":""},"mobile":{"background-color":"var(--ast-global-color-5)","background-image":"","background-repeat":"repeat","background-position":"center center","background-size":"auto","background-attachment":"scroll","background-type":"","background-media":"","overlay-type":"","overlay-color":"","overlay-opacity":"","overlay-gradient":""}},"footnotes":""},"class_list":["post-3946","page","type-page","status-publish","hentry"],"post_mailing_queue_ids":[],"_links":{"self":[{"href":"https:\/\/agora.xtec.cat\/seccio-institut-manlleu\/wp-json\/wp\/v2\/pages\/3946","targetHints":{"allow":["GET"]}}],"collection":[{"href":"https:\/\/agora.xtec.cat\/seccio-institut-manlleu\/wp-json\/wp\/v2\/pages"}],"about":[{"href":"https:\/\/agora.xtec.cat\/seccio-institut-manlleu\/wp-json\/wp\/v2\/types\/page"}],"author":[{"embeddable":true,"href":"https:\/\/agora.xtec.cat\/seccio-institut-manlleu\/wp-json\/wp\/v2\/users\/1"}],"replies":[{"embeddable":true,"href":"https:\/\/agora.xtec.cat\/seccio-institut-manlleu\/wp-json\/wp\/v2\/comments?post=3946"}],"version-history":[{"count":6,"href":"https:\/\/agora.xtec.cat\/seccio-institut-manlleu\/wp-json\/wp\/v2\/pages\/3946\/revisions"}],"predecessor-version":[{"id":4876,"href":"https:\/\/agora.xtec.cat\/seccio-institut-manlleu\/wp-json\/wp\/v2\/pages\/3946\/revisions\/4876"}],"wp:attachment":[{"href":"https:\/\/agora.xtec.cat\/seccio-institut-manlleu\/wp-json\/wp\/v2\/media?parent=3946"}],"curies":[{"name":"wp","href":"https:\/\/api.w.org\/{rel}","templated":true}]}}