{"id":3397,"date":"2025-07-25T13:53:57","date_gmt":"2025-07-25T11:53:57","guid":{"rendered":"https:\/\/agora.xtec.cat\/seccio-institut-manlleu\/?page_id=3397"},"modified":"2026-03-21T17:38:12","modified_gmt":"2026-03-21T16:38:12","slug":"1r-des0","status":"publish","type":"page","link":"https:\/\/agora.xtec.cat\/seccio-institut-manlleu\/pagines-dinici\/1r-eso\/1r-des0\/","title":{"rendered":"1r d&#8217;ES0"},"content":{"rendered":"<table style=\"width: 100%; border-collapse: collapse; border-color: #000000; border-style: solid;\">\n<tbody>\n<tr>\n<td style=\"width: 100%; border-color: #000000; border-style: solid; background-color: #defeff;\"><strong>Informacions generals\u00a0<\/strong><\/td>\n<\/tr>\n<\/tbody>\n<\/table>\n<p><strong>\u00a0 \u00a0<a href=\"https:\/\/agora.xtec.cat\/seccio-institut-manlleu\/wp-content\/uploads\/usu1224\/2025\/09\/Guia-de-lestudiant-1r-ESO.pdf\">Guia de l&#8217;estudiant 1r ESO<\/a><\/strong><\/p>\n<table style=\"width: 100%; border-collapse: collapse; border-color: #000000; border-style: solid; height: 16px;\">\n<tbody>\n<tr style=\"height: 16px;\">\n<td style=\"width: 100%; border-color: #000000; border-style: solid; background-color: #5cff4a; height: 16px;\"><strong>Professorat de 1r d&#8217;ESO\u00a0<\/strong><\/td>\n<\/tr>\n<\/tbody>\n<\/table>\n<h6 style=\"text-align: center;\"><\/h6>\n<table style=\"height: 784px; width: 84.725%; border-collapse: collapse; border-color: #000000; border-style: solid;\">\n<tbody>\n<tr style=\"height: 52px;\">\n<td style=\"width: 45.7977%; border-color: #000000; border-style: solid; background-color: #f0f0f0; height: 11px; text-align: center;\" rowspan=\"2\"><strong>Tutoria<\/strong><\/td>\n<td style=\"width: 49.4341%; border-color: #000000; border-style: solid; height: 1px; text-align: center;\">N\u00faria Par\u00e9 Soldevila (1rA) <strong>(coordinadora)<\/strong><\/td>\n<\/tr>\n<tr style=\"height: 10px;\">\n<td style=\"width: 49.4341%; border-color: #000000; border-style: solid; height: 10px; text-align: center;\">Txell Banacolocha Campos (1rB)<\/td>\n<\/tr>\n<tr style=\"height: 52px;\">\n<td style=\"width: 45.7977%; height: 52px; border-color: #000000; border-style: solid; background-color: #f0f0f0; text-align: center;\"><strong>Llengua Catalana i literatura<\/strong><\/td>\n<td style=\"width: 49.4341%; height: 52px; border-color: #000000; border-style: solid; text-align: center;\">Anna Roca Ferrer<\/td>\n<\/tr>\n<tr style=\"height: 52px;\">\n<td style=\"width: 45.7977%; height: 52px; border-color: #000000; border-style: solid; background-color: #f0f0f0; text-align: center;\"><strong>Llengua Castellana i literatura<\/strong><\/td>\n<td style=\"width: 49.4341%; height: 52px; border-color: #000000; border-style: solid; text-align: center;\">Alba Mart\u00ednez Llimona<\/td>\n<\/tr>\n<tr style=\"height: 52px;\">\n<td style=\"width: 45.7977%; height: 52px; border-color: #000000; border-style: solid; background-color: #f0f0f0; text-align: center;\"><strong>Llengua estrangera: angl\u00e8s<\/strong><\/td>\n<td style=\"width: 49.4341%; height: 52px; border-color: #000000; border-style: solid; text-align: center;\">N\u00faria Par\u00e9 Soldevila<\/td>\n<\/tr>\n<tr style=\"height: 52px;\">\n<td style=\"width: 45.7977%; height: 52px; border-color: #000000; border-style: solid; background-color: #f0f0f0; text-align: center;\"><strong>Matem\u00e0tiques<\/strong><\/td>\n<td style=\"width: 49.4341%; height: 52px; border-color: #000000; border-style: solid; text-align: center;\">Mireia Brunet Guix<\/td>\n<\/tr>\n<tr style=\"height: 52px;\">\n<td style=\"width: 45.7977%; height: 52px; border-color: #000000; border-style: solid; background-color: #f0f0f0; text-align: center;\"><strong>Ci\u00e8ncies Socials<\/strong><\/td>\n<td style=\"width: 49.4341%; height: 52px; border-color: #000000; border-style: solid; text-align: center;\">Judit Freixer Picas<\/td>\n<\/tr>\n<tr style=\"height: 52px;\">\n<td style=\"width: 45.7977%; height: 52px; border-color: #000000; border-style: solid; background-color: #f0f0f0; text-align: center;\"><strong>Projecte STEAM<\/strong><\/td>\n<td style=\"width: 49.4341%; height: 52px; border-color: #000000; border-style: solid; text-align: center;\">Txell Banacolocha Campos, Jordi Bonet Folgosa<\/td>\n<\/tr>\n<tr style=\"height: 52px;\">\n<td style=\"width: 45.7977%; height: 52px; border-color: #000000; border-style: solid; background-color: #f0f0f0; text-align: center;\"><strong>M\u00fasica<\/strong><\/td>\n<td style=\"width: 49.4341%; height: 52px; border-color: #000000; border-style: solid; text-align: center;\">Lourdes Rovira Serra<\/td>\n<\/tr>\n<tr style=\"height: 52px;\">\n<td style=\"width: 45.7977%; height: 52px; border-color: #000000; border-style: solid; background-color: #f0f0f0; text-align: center;\"><strong>Educaci\u00f3 f\u00edsica<\/strong><\/td>\n<td style=\"width: 49.4341%; height: 52px; border-color: #000000; border-style: solid; text-align: center;\">Ra\u00fcl Casasas Aumatell (1rA)\u00a0 i Ivet Planas Lozano (1rB)<\/td>\n<\/tr>\n<tr style=\"height: 52px;\">\n<td style=\"width: 45.7977%; height: 52px; border-color: #000000; border-style: solid; background-color: #f0f0f0; text-align: center;\"><strong>Educaci\u00f3 pl\u00e0stica, visual i audiovisual<\/strong><\/td>\n<td style=\"width: 49.4341%; height: 52px; border-color: #000000; border-style: solid; text-align: center;\">Mia Guiteres Oliva<\/td>\n<\/tr>\n<tr style=\"height: 52px;\">\n<td style=\"width: 45.7977%; border-color: #000000; border-style: solid; background-color: #f0f0f0; height: 52px; text-align: center;\"><strong>Projecte ling\u00fc\u00edstic<\/strong><\/td>\n<td style=\"width: 49.4341%; border-color: #000000; border-style: solid; height: 52px; text-align: center;\">Emma Canals Mart\u00ednez, Rosa Regales Pou<\/td>\n<\/tr>\n<tr style=\"height: 52px;\">\n<td style=\"width: 45.7977%; border-color: #000000; border-style: solid; background-color: #f0f0f0; height: 52px; text-align: center;\"><strong>Biologia i geologia<\/strong><\/td>\n<td style=\"width: 49.4341%; border-color: #000000; border-style: solid; height: 52px; text-align: center;\">Txell Banacolocha Campos<\/td>\n<\/tr>\n<tr style=\"height: 52px;\">\n<td style=\"width: 45.7977%; border-color: #000000; border-style: solid; background-color: #f0f0f0; height: 52px; text-align: center;\"><strong>Educaci\u00f3 emocional<\/strong><\/td>\n<td style=\"width: 49.4341%; border-color: #000000; border-style: solid; height: 52px; text-align: center;\">Ariadna Ribera Boixeda<\/td>\n<\/tr>\n<tr style=\"height: 52px;\">\n<td style=\"width: 45.7977%; border-color: #000000; border-style: solid; background-color: #f0f0f0; height: 52px; text-align: center;\"><strong>Optativa de franc\u00e8s<\/strong><\/td>\n<td style=\"width: 49.4341%; border-color: #000000; border-style: solid; height: 52px; text-align: center;\">Cristina Cunill Vilalta<\/td>\n<\/tr>\n<tr style=\"height: 52px;\">\n<td style=\"width: 45.7977%; border-color: #000000; border-style: solid; background-color: #f0f0f0; height: 52px; text-align: center;\"><strong>Optativa de rob\u00f2tica<\/strong><\/td>\n<td style=\"width: 49.4341%; border-color: #000000; border-style: solid; height: 52px; text-align: center;\">Joan Ram\u00f3n Ru\u00edz Ram\u00edrez<\/td>\n<\/tr>\n<tr style=\"height: 69px;\">\n<td style=\"width: 45.7977%; border-color: #000000; border-style: solid; background-color: #f0f0f0; height: 35px; text-align: center;\"><strong>Optativa de c\u00e0lcul<\/strong><\/td>\n<td style=\"width: 49.4341%; border-color: #000000; border-style: solid; height: 35px; text-align: center;\"><span style=\"font-weight: 400;\">Victor Panyella Basso (Anna Cabrera Mateos)<\/span><\/td>\n<\/tr>\n<tr style=\"height: 52px;\">\n<td style=\"width: 45.7977%; border-color: #000000; border-style: solid; background-color: #f0f0f0; height: 10px; text-align: center;\"><strong>Aula d&#8217;acollida<\/strong><\/td>\n<td style=\"width: 49.4341%; border-color: #000000; border-style: solid; height: 10px; text-align: center;\"><span style=\"font-weight: 400;\">Ar\u00e0lia Codinachs Par\u00e9s , <\/span><span style=\"font-weight: 400;\">Arnau Oll\u00e9 Cuxart<\/span><\/td>\n<\/tr>\n<\/tbody>\n<\/table>\n","protected":false},"excerpt":{"rendered":"<p>Informacions generals\u00a0 \u00a0 \u00a0Guia de l&#8217;estudiant 1r ESO Professorat de 1r d&#8217;ESO\u00a0 Tutoria N\u00faria Par\u00e9 Soldevila (1rA) (coordinadora) Txell Banacolocha Campos (1rB) Llengua Catalana i literatura Anna Roca Ferrer Llengua Castellana i literatura Alba Mart\u00ednez Llimona Llengua estrangera: angl\u00e8s N\u00faria Par\u00e9 Soldevila Matem\u00e0tiques Mireia Brunet Guix Ci\u00e8ncies Socials Judit Freixer Picas Projecte STEAM Txell Banacolocha [&hellip;]<\/p>\n","protected":false},"author":1,"featured_media":0,"parent":2808,"menu_order":0,"comment_status":"closed","ping_status":"closed","template":"","meta":{"_bbp_topic_count":0,"_bbp_reply_count":0,"_bbp_total_topic_count":0,"_bbp_total_reply_count":0,"_bbp_voice_count":0,"_bbp_anonymous_reply_count":0,"_bbp_topic_count_hidden":0,"_bbp_reply_count_hidden":0,"_bbp_forum_subforum_count":0,"site-sidebar-layout":"default","site-content-layout":"","ast-site-content-layout":"default","site-content-style":"default","site-sidebar-style":"default","ast-global-header-display":"","ast-banner-title-visibility":"","ast-main-header-display":"","ast-hfb-above-header-display":"","ast-hfb-below-header-display":"","ast-hfb-mobile-header-display":"","site-post-title":"","ast-breadcrumbs-content":"","ast-featured-img":"","footer-sml-layout":"","theme-transparent-header-meta":"default","adv-header-id-meta":"","stick-header-meta":"","header-above-stick-meta":"","header-main-stick-meta":"","header-below-stick-meta":"","astra-migrate-meta-layouts":"set","ast-page-background-enabled":"default","ast-page-background-meta":{"desktop":{"background-color":"var(--ast-global-color-4)","background-image":"","background-repeat":"repeat","background-position":"center center","background-size":"auto","background-attachment":"scroll","background-type":"","background-media":"","overlay-type":"","overlay-color":"","overlay-opacity":"","overlay-gradient":""},"tablet":{"background-color":"","background-image":"","background-repeat":"repeat","background-position":"center center","background-size":"auto","background-attachment":"scroll","background-type":"","background-media":"","overlay-type":"","overlay-color":"","overlay-opacity":"","overlay-gradient":""},"mobile":{"background-color":"","background-image":"","background-repeat":"repeat","background-position":"center center","background-size":"auto","background-attachment":"scroll","background-type":"","background-media":"","overlay-type":"","overlay-color":"","overlay-opacity":"","overlay-gradient":""}},"ast-content-background-meta":{"desktop":{"background-color":"var(--ast-global-color-5)","background-image":"","background-repeat":"repeat","background-position":"center center","background-size":"auto","background-attachment":"scroll","background-type":"","background-media":"","overlay-type":"","overlay-color":"","overlay-opacity":"","overlay-gradient":""},"tablet":{"background-color":"var(--ast-global-color-5)","background-image":"","background-repeat":"repeat","background-position":"center center","background-size":"auto","background-attachment":"scroll","background-type":"","background-media":"","overlay-type":"","overlay-color":"","overlay-opacity":"","overlay-gradient":""},"mobile":{"background-color":"var(--ast-global-color-5)","background-image":"","background-repeat":"repeat","background-position":"center center","background-size":"auto","background-attachment":"scroll","background-type":"","background-media":"","overlay-type":"","overlay-color":"","overlay-opacity":"","overlay-gradient":""}},"footnotes":""},"class_list":["post-3397","page","type-page","status-publish","hentry"],"post_mailing_queue_ids":[],"_links":{"self":[{"href":"https:\/\/agora.xtec.cat\/seccio-institut-manlleu\/wp-json\/wp\/v2\/pages\/3397","targetHints":{"allow":["GET"]}}],"collection":[{"href":"https:\/\/agora.xtec.cat\/seccio-institut-manlleu\/wp-json\/wp\/v2\/pages"}],"about":[{"href":"https:\/\/agora.xtec.cat\/seccio-institut-manlleu\/wp-json\/wp\/v2\/types\/page"}],"author":[{"embeddable":true,"href":"https:\/\/agora.xtec.cat\/seccio-institut-manlleu\/wp-json\/wp\/v2\/users\/1"}],"replies":[{"embeddable":true,"href":"https:\/\/agora.xtec.cat\/seccio-institut-manlleu\/wp-json\/wp\/v2\/comments?post=3397"}],"version-history":[{"count":6,"href":"https:\/\/agora.xtec.cat\/seccio-institut-manlleu\/wp-json\/wp\/v2\/pages\/3397\/revisions"}],"predecessor-version":[{"id":4886,"href":"https:\/\/agora.xtec.cat\/seccio-institut-manlleu\/wp-json\/wp\/v2\/pages\/3397\/revisions\/4886"}],"up":[{"embeddable":true,"href":"https:\/\/agora.xtec.cat\/seccio-institut-manlleu\/wp-json\/wp\/v2\/pages\/2808"}],"wp:attachment":[{"href":"https:\/\/agora.xtec.cat\/seccio-institut-manlleu\/wp-json\/wp\/v2\/media?parent=3397"}],"curies":[{"name":"wp","href":"https:\/\/api.w.org\/{rel}","templated":true}]}}

<table style="width: 100%; border-collapse: collapse; border-color: #000000; border-style: solid;">
<tbody>
<tr>
<td style="width: 100%; border-color: #000000; border-style: solid; background-color: #defeff;"><strong>Informacions generals </strong></td>
</tr>
</tbody>
</table>
<p><strong>   <a href="https://agora.xtec.cat/seccio-institut-manlleu/wp-content/uploads/usu1224/2025/09/Guia-de-lestudiant-1r-ESO.pdf">Guia de l&#8217;estudiant 1r ESO</a></strong></p>
<table style="width: 100%; border-collapse: collapse; border-color: #000000; border-style: solid; height: 16px;">
<tbody>
<tr style="height: 16px;">
<td style="width: 100%; border-color: #000000; border-style: solid; background-color: #5cff4a; height: 16px;"><strong>Professorat de 1r d&#8217;ESO </strong></td>
</tr>
</tbody>
</table>
<h6 style="text-align: center;"></h6>
<table style="height: 784px; width: 84.725%; border-collapse: collapse; border-color: #000000; border-style: solid;">
<tbody>
<tr style="height: 52px;">
<td style="width: 45.7977%; border-color: #000000; border-style: solid; background-color: #f0f0f0; height: 11px; text-align: center;" rowspan="2"><strong>Tutoria</strong></td>
<td style="width: 49.4341%; border-color: #000000; border-style: solid; height: 1px; text-align: center;">Núria Paré Soldevila (1rA) <strong>(coordinadora)</strong></td>
</tr>
<tr style="height: 10px;">
<td style="width: 49.4341%; border-color: #000000; border-style: solid; height: 10px; text-align: center;">Txell Banacolocha Campos (1rB)</td>
</tr>
<tr style="height: 52px;">
<td style="width: 45.7977%; height: 52px; border-color: #000000; border-style: solid; background-color: #f0f0f0; text-align: center;"><strong>Llengua Catalana i literatura</strong></td>
<td style="width: 49.4341%; height: 52px; border-color: #000000; border-style: solid; text-align: center;">Anna Roca Ferrer</td>
</tr>
<tr style="height: 52px;">
<td style="width: 45.7977%; height: 52px; border-color: #000000; border-style: solid; background-color: #f0f0f0; text-align: center;"><strong>Llengua Castellana i literatura</strong></td>
<td style="width: 49.4341%; height: 52px; border-color: #000000; border-style: solid; text-align: center;">Alba Martínez Llimona</td>
</tr>
<tr style="height: 52px;">
<td style="width: 45.7977%; height: 52px; border-color: #000000; border-style: solid; background-color: #f0f0f0; text-align: center;"><strong>Llengua estrangera: anglès</strong></td>
<td style="width: 49.4341%; height: 52px; border-color: #000000; border-style: solid; text-align: center;">Núria Paré Soldevila</td>
</tr>
<tr style="height: 52px;">
<td style="width: 45.7977%; height: 52px; border-color: #000000; border-style: solid; background-color: #f0f0f0; text-align: center;"><strong>Matemàtiques</strong></td>
<td style="width: 49.4341%; height: 52px; border-color: #000000; border-style: solid; text-align: center;">Mireia Brunet Guix</td>
</tr>
<tr style="height: 52px;">
<td style="width: 45.7977%; height: 52px; border-color: #000000; border-style: solid; background-color: #f0f0f0; text-align: center;"><strong>Ciències Socials</strong></td>
<td style="width: 49.4341%; height: 52px; border-color: #000000; border-style: solid; text-align: center;">Judit Freixer Picas</td>
</tr>
<tr style="height: 52px;">
<td style="width: 45.7977%; height: 52px; border-color: #000000; border-style: solid; background-color: #f0f0f0; text-align: center;"><strong>Projecte STEAM</strong></td>
<td style="width: 49.4341%; height: 52px; border-color: #000000; border-style: solid; text-align: center;">Txell Banacolocha Campos, Jordi Bonet Folgosa</td>
</tr>
<tr style="height: 52px;">
<td style="width: 45.7977%; height: 52px; border-color: #000000; border-style: solid; background-color: #f0f0f0; text-align: center;"><strong>Música</strong></td>
<td style="width: 49.4341%; height: 52px; border-color: #000000; border-style: solid; text-align: center;">Lourdes Rovira Serra</td>
</tr>
<tr style="height: 52px;">
<td style="width: 45.7977%; height: 52px; border-color: #000000; border-style: solid; background-color: #f0f0f0; text-align: center;"><strong>Educació física</strong></td>
<td style="width: 49.4341%; height: 52px; border-color: #000000; border-style: solid; text-align: center;">Raül Casasas Aumatell (1rA)  i Ivet Planas Lozano (1rB)</td>
</tr>
<tr style="height: 52px;">
<td style="width: 45.7977%; height: 52px; border-color: #000000; border-style: solid; background-color: #f0f0f0; text-align: center;"><strong>Educació plàstica, visual i audiovisual</strong></td>
<td style="width: 49.4341%; height: 52px; border-color: #000000; border-style: solid; text-align: center;">Mia Guiteres Oliva</td>
</tr>
<tr style="height: 52px;">
<td style="width: 45.7977%; border-color: #000000; border-style: solid; background-color: #f0f0f0; height: 52px; text-align: center;"><strong>Projecte lingüístic</strong></td>
<td style="width: 49.4341%; border-color: #000000; border-style: solid; height: 52px; text-align: center;">Emma Canals Martínez, Rosa Regales Pou</td>
</tr>
<tr style="height: 52px;">
<td style="width: 45.7977%; border-color: #000000; border-style: solid; background-color: #f0f0f0; height: 52px; text-align: center;"><strong>Biologia i geologia</strong></td>
<td style="width: 49.4341%; border-color: #000000; border-style: solid; height: 52px; text-align: center;">Txell Banacolocha Campos</td>
</tr>
<tr style="height: 52px;">
<td style="width: 45.7977%; border-color: #000000; border-style: solid; background-color: #f0f0f0; height: 52px; text-align: center;"><strong>Educació emocional</strong></td>
<td style="width: 49.4341%; border-color: #000000; border-style: solid; height: 52px; text-align: center;">Ariadna Ribera Boixeda</td>
</tr>
<tr style="height: 52px;">
<td style="width: 45.7977%; border-color: #000000; border-style: solid; background-color: #f0f0f0; height: 52px; text-align: center;"><strong>Optativa de francès</strong></td>
<td style="width: 49.4341%; border-color: #000000; border-style: solid; height: 52px; text-align: center;">Cristina Cunill Vilalta</td>
</tr>
<tr style="height: 52px;">
<td style="width: 45.7977%; border-color: #000000; border-style: solid; background-color: #f0f0f0; height: 52px; text-align: center;"><strong>Optativa de robòtica</strong></td>
<td style="width: 49.4341%; border-color: #000000; border-style: solid; height: 52px; text-align: center;">Joan Ramón Ruíz Ramírez</td>
</tr>
<tr style="height: 69px;">
<td style="width: 45.7977%; border-color: #000000; border-style: solid; background-color: #f0f0f0; height: 35px; text-align: center;"><strong>Optativa de càlcul</strong></td>
<td style="width: 49.4341%; border-color: #000000; border-style: solid; height: 35px; text-align: center;"><span style="font-weight: 400;">Victor Panyella Basso (Anna Cabrera Mateos)</span></td>
</tr>
<tr style="height: 52px;">
<td style="width: 45.7977%; border-color: #000000; border-style: solid; background-color: #f0f0f0; height: 10px; text-align: center;"><strong>Aula d&#8217;acollida</strong></td>
<td style="width: 49.4341%; border-color: #000000; border-style: solid; height: 10px; text-align: center;"><span style="font-weight: 400;">Aràlia Codinachs Parés , </span><span style="font-weight: 400;">Arnau Ollé Cuxart</span></td>
</tr>
</tbody>
</table>

<p>Informacions generals     Guia de l&#8217;estudiant 1r ESO Professorat de 1r d&#8217;ESO  Tutoria Núria Paré Soldevila (1rA) (coordinadora) Txell Banacolocha Campos (1rB) Llengua Catalana i literatura Anna Roca Ferrer Llengua Castellana i literatura Alba Martínez Llimona Llengua estrangera: anglès Núria Paré Soldevila Matemàtiques Mireia Brunet Guix Ciències Socials Judit Freixer Picas Projecte STEAM Txell Banacolocha [&hellip;]</p>
