{"id":3317,"date":"2025-07-16T20:28:20","date_gmt":"2025-07-16T18:28:20","guid":{"rendered":"https:\/\/agora.xtec.cat\/seccio-institut-manlleu\/?page_id=3317"},"modified":"2025-12-07T18:47:03","modified_gmt":"2025-12-07T17:47:03","slug":"organigrama","status":"publish","type":"page","link":"https:\/\/agora.xtec.cat\/seccio-institut-manlleu\/pagines-dinici\/linstitut\/organigrama\/","title":{"rendered":"Organigrama"},"content":{"rendered":"<table style=\"width: 100%; border-collapse: collapse; border-style: solid; border-color: #000000; background-color: #54e85b;\">\n<tbody>\n<tr>\n<td style=\"width: 100%; border-color: #000000; border-style: solid;\"><strong>EQUIP DIRECTIU<\/strong><\/td>\n<\/tr>\n<\/tbody>\n<\/table>\n<table style=\"height: 212px; width: 75.4647%; border-style: solid; border-color: #000000;\">\n<tbody>\n<tr style=\"height: 53px;\">\n<td style=\"width: 54.5502%; height: 53px; border-color: #000000; border-style: solid; background-color: #f0f0f0;\"><strong>Directora<\/strong><\/td>\n<td style=\"width: 45.3259%; height: 53px; border-color: #000000; border-style: solid; background-color: #ffffff;\">Anna Roca Ferrer<\/td>\n<\/tr>\n<tr style=\"height: 53px;\">\n<td style=\"width: 54.5502%; height: 53px; border-color: #000000; border-style: solid; background-color: #f0f0f0;\"><strong>Cap d&#8217;estudis<\/strong><\/td>\n<td style=\"width: 45.3259%; height: 53px; border-color: #000000; border-style: solid; background-color: #ffffff;\">Vanesa Fern\u00e0ndez Soria<\/td>\n<\/tr>\n<tr style=\"height: 53px;\">\n<td style=\"width: 54.5502%; height: 53px; border-color: #000000; border-style: solid; background-color: #f0f0f0;\"><strong>Coordinadora pedag\u00f2gica<\/strong><\/td>\n<td style=\"width: 45.3259%; height: 53px; border-color: #000000; border-style: solid; background-color: #ffffff;\">Emma Canals\u00a0 Mart\u00ednez<\/td>\n<\/tr>\n<tr style=\"height: 53px;\">\n<td style=\"width: 54.5502%; height: 53px; border-color: #000000; border-style: solid; background-color: #f0f0f0;\"><strong>Secretaria<\/strong><\/td>\n<td style=\"width: 45.3259%; height: 53px; border-color: #000000; border-style: solid; background-color: #ffffff;\">Juncal Pujadas Dom\u00e8nech<\/td>\n<\/tr>\n<\/tbody>\n<\/table>\n<table style=\"width: 100%; border-collapse: collapse; border-color: #000000; border-style: solid;\">\n<tbody>\n<tr>\n<td style=\"width: 100%; background-color: #46ebc4; border-color: #000000; border-style: solid;\"><strong>CAPS D&#8217;\u00c0MBIT<\/strong><\/td>\n<\/tr>\n<\/tbody>\n<\/table>\n<table style=\"height: 212px; width: 76.1719%; border-collapse: collapse; border-color: #000000; border-style: solid;\">\n<tbody>\n<tr style=\"height: 53px;\">\n<td style=\"width: 52.4306%; height: 53px; border-color: #000000; border-style: solid; background-color: #f0f0f0;\"><strong>Cient\u00edfic, tecnol\u00f2gic i matem\u00e0tic<\/strong><\/td>\n<td style=\"width: 44.0137%; height: 53px; border-color: #000000; border-style: solid;\"><span style=\"font-weight: 400;\">Mireia Colomer Rodriguez (Joan Conesa)<\/span><\/td>\n<\/tr>\n<tr style=\"height: 53px;\">\n<td style=\"width: 52.4306%; height: 53px; border-color: #000000; border-style: solid; background-color: #f0f0f0;\"><strong>Ling\u00fc\u00edstic<\/strong><\/td>\n<td style=\"width: 44.0137%; height: 53px; border-color: #000000; border-style: solid;\">Cristina Cunill Vilalta<\/td>\n<\/tr>\n<tr style=\"height: 53px;\">\n<td style=\"width: 52.4306%; height: 53px; border-color: #000000; border-style: solid; background-color: #f0f0f0;\"><strong>Orientaci\u00f3<\/strong><\/td>\n<td style=\"width: 44.0137%; height: 53px; border-color: #000000; border-style: solid;\">Rosa Pujol Famadas<\/td>\n<\/tr>\n<tr style=\"height: 53px;\">\n<td style=\"width: 52.4306%; height: 53px; border-color: #000000; border-style: solid; background-color: #f0f0f0;\"><strong>Ci\u00e8ncies socials i expressi\u00f3<\/strong><\/td>\n<td style=\"width: 44.0137%; height: 53px; border-color: #000000; border-style: solid;\">Judit Freixer Picas<\/td>\n<\/tr>\n<\/tbody>\n<\/table>\n<table style=\"width: 100%; border-collapse: collapse; border-color: #000000; border-style: solid;\">\n<tbody>\n<tr>\n<td style=\"width: 100%; border-style: solid; border-color: #000000; background-color: #ff9340;\"><strong>TUTORIES DE GRUP I COORDINACI\u00d3 DE NIVELL<\/strong><\/td>\n<\/tr>\n<\/tbody>\n<\/table>\n<table style=\"width: 62.0929%; border-collapse: collapse; border-color: #000000; border-style: solid; height: 156px;\">\n<tbody>\n<tr style=\"height: 52px;\">\n<td style=\"width: 16.8547%; background-color: #f0f0f0; border-style: solid; border-color: #000000; height: 52px;\"><strong>1r ESO A<\/strong><\/td>\n<td style=\"width: 44.8489%; border-style: solid; border-color: #000000; height: 52px;\">N\u00faria Par\u00e9 Soldevila <strong>(coordinadora)<\/strong><\/td>\n<\/tr>\n<tr style=\"height: 52px;\">\n<td style=\"width: 16.8547%; background-color: #f0f0f0; border-style: solid; border-color: #000000; height: 52px;\"><strong>1r ESO B<\/strong><\/td>\n<td style=\"width: 44.8489%; border-style: solid; border-color: #000000; height: 52px;\">Txell Banacolocha Campos<\/td>\n<\/tr>\n<tr style=\"height: 53px;\">\n<td style=\"width: 16.8547%; height: 53px; border-color: #000000; border-style: solid; background-color: #f0f0f0;\"><strong>2n ESO A<\/strong><\/td>\n<td style=\"width: 44.8489%; border-color: #000000; border-style: solid; background-color: #ffffff; height: 53px;\">Maria Ferr\u00f3n Sol\u00e0 <strong>(coordinadora)<\/strong><\/td>\n<\/tr>\n<tr style=\"height: 53px;\">\n<td style=\"width: 16.8547%; height: 53px; border-color: #000000; border-style: solid; background-color: #f0f0f0;\"><strong>2n ESO B<\/strong><\/td>\n<td style=\"width: 44.8489%; border-color: #000000; border-style: solid; background-color: #ffffff; height: 53px;\">Lourdes Rovira Serra<\/td>\n<\/tr>\n<tr style=\"height: 54px;\">\n<td style=\"width: 16.8547%; height: 54px; border-color: #000000; border-style: solid; background-color: #f0f0f0;\"><strong>2n ESO C<\/strong><\/td>\n<td style=\"width: 44.8489%; border-color: #000000; border-style: solid; background-color: #ffffff; height: 54px;\">Rosa Pujol Famadas<\/td>\n<\/tr>\n<tr style=\"height: 53px;\">\n<td style=\"width: 16.8547%; height: 53px; border-color: #000000; border-style: solid; background-color: #f0f0f0;\"><strong>3r ESO A<\/strong><\/td>\n<td style=\"width: 44.8489%; border-color: #000000; border-style: solid;\">T\u00e0nia Ricart Fajula <strong>(coordinadora)<\/strong><\/td>\n<\/tr>\n<tr style=\"height: 53px;\">\n<td style=\"width: 16.8547%; height: 53px; border-color: #000000; border-style: solid; background-color: #f0f0f0;\"><strong>3r ESO B<\/strong><\/td>\n<td style=\"width: 44.8489%; border-color: #000000; border-style: solid;\">Jos\u00e9 Santos Gonz\u00e0lez<\/td>\n<\/tr>\n<tr style=\"height: 53px;\">\n<td style=\"width: 16.8547%; height: 53px; border-color: #000000; border-style: solid; background-color: #f0f0f0;\"><strong>3r ESO C<\/strong><\/td>\n<td style=\"width: 44.8489%; border-color: #000000; border-style: solid;\">Laura Autonell Casals<\/td>\n<\/tr>\n<tr style=\"height: 53px;\">\n<td style=\"width: 16.8547%; height: 53px; border-color: #000000; border-style: solid; background-color: #f0f0f0;\"><strong>4t ESO A<\/strong><\/td>\n<td style=\"width: 44.8489%; border-color: #000000; border-style: solid; height: 53px;\">S\u00edlvia Quesada Pallares<\/td>\n<\/tr>\n<tr style=\"height: 53px;\">\n<td style=\"width: 16.8547%; border-color: #000000; border-style: solid; height: 53px; background-color: #f0f0f0;\"><strong>4t ESO B<\/strong><\/td>\n<td style=\"width: 44.8489%; border-color: #000000; border-style: solid; height: 53px;\">Ivet Planas Lozano <strong>(coordinadora)<\/strong><\/td>\n<\/tr>\n<tr style=\"height: 53px;\">\n<td style=\"width: 16.8547%; border-color: #000000; border-style: solid; height: 53px; background-color: #f0f0f0;\"><strong>4t ESO C<\/strong><\/td>\n<td style=\"width: 44.8489%; border-color: #000000; border-style: solid; height: 53px;\">Alba Mart\u00ednez Llimona<\/td>\n<\/tr>\n<tr style=\"height: 10px;\">\n<td style=\"width: 16.8547%; border-color: #000000; border-style: solid; height: 10px; background-color: #f0f0f0;\"><strong>4t ESO D<\/strong><\/td>\n<td style=\"width: 44.8489%; border-color: #000000; border-style: solid; height: 10px;\">Mireia Brunet Guix<\/td>\n<\/tr>\n<tr style=\"height: 53px;\">\n<td style=\"width: 16.8547%; border-style: solid; border-color: #000000; height: 53px; background-color: #f0f0f0;\"><strong>Aula d&#8217;acollida<\/strong><\/td>\n<td style=\"width: 44.8489%; border-style: solid; border-color: #000000; height: 53px;\">Ar\u00e0lia Codinachs Par\u00e9s<\/td>\n<\/tr>\n<tr>\n<td style=\"width: 16.8547%; border-style: solid; border-color: #000000; background-color: #f0f0f0;\"><strong>SIEI<\/strong><\/td>\n<td style=\"width: 44.8489%; border-style: solid; border-color: #000000;\">Ariadna Ribera Boixeda<\/td>\n<\/tr>\n<\/tbody>\n<\/table>\n<table style=\"height: 53px; width: 100%; border-collapse: collapse; border-color: #000000; border-style: solid;\">\n<tbody>\n<tr style=\"height: 53px; border-color: #000000; border-style: solid;\">\n<td style=\"width: 100%; background-color: #f5d627; height: 53px; border-style: solid; border-color: #000000;\"><strong>COORDINACIONS<\/strong><\/td>\n<\/tr>\n<\/tbody>\n<\/table>\n<table style=\"width: 77.3785%; border-collapse: collapse; border-color: #000000; border-style: solid;\">\n<tbody>\n<tr>\n<td style=\"width: 51.0616%; border-color: #000000; border-style: solid; background-color: #f0f0f0;\"><strong>Coordinaci\u00f3 digital<\/strong><\/td>\n<td style=\"width: 51.3361%; border-color: #000000; border-style: solid;\">Pablo Ros Flores<\/td>\n<\/tr>\n<tr>\n<td style=\"width: 51.0616%; border-color: #000000; border-style: solid; background-color: #f0f0f0;\"><strong>Coordinaci\u00f3 Llengua, interculturalitat i cohesi\u00f3 social<\/strong><\/td>\n<td style=\"width: 51.3361%; border-color: #000000; border-style: solid;\">Alba Mart\u00ednez Llimona<\/td>\n<\/tr>\n<tr>\n<td style=\"width: 51.0616%; border-color: #000000; border-style: solid; background-color: #f0f0f0;\"><strong>Coordinaci\u00f3 de riscos laborals<\/strong><\/td>\n<td style=\"width: 51.3361%; border-color: #000000; border-style: solid;\">Mireia Brunet Guix<\/td>\n<\/tr>\n<tr>\n<td style=\"width: 51.0616%; border-color: #000000; border-style: solid; background-color: #f0f0f0;\"><strong>Coordinaci\u00f3 Coeducaci\u00f3, conviv\u00e8ncia i benestar de l\u2019alumnat<\/strong><\/td>\n<td style=\"width: 51.3361%; border-color: #000000; border-style: solid;\">S\u00edlvia Quesada Pallares<\/td>\n<\/tr>\n<tr>\n<td style=\"width: 51.0616%; border-color: #000000; border-style: solid; background-color: #f0f0f0;\"><strong>Coordinaci\u00f3 del pla catal\u00e0 de l&#8217;esport<\/strong><\/td>\n<td style=\"width: 51.3361%; border-color: #000000; border-style: solid;\">Ivet Planas Lozano<\/td>\n<\/tr>\n<tr>\n<td style=\"width: 51.0616%; border-color: #000000; border-style: solid; background-color: #f0f0f0;\"><strong>Coordinaci\u00f3 del pla lector<\/strong><\/td>\n<td style=\"width: 51.3361%; border-color: #000000; border-style: solid;\">Alba Mart\u00ednez Llimona<\/td>\n<\/tr>\n<tr>\n<td style=\"width: 51.0616%; border-color: #000000; border-style: solid; background-color: #f0f0f0;\"><strong>Coordinaci\u00f3 de la web<\/strong><\/td>\n<td style=\"width: 51.3361%; border-color: #000000; border-style: solid;\">Jordi Bonet Folgosa<\/td>\n<\/tr>\n<tr>\n<td style=\"width: 51.0616%; border-color: #000000; border-style: solid; background-color: #f0f0f0;\"><strong>Coordinaci\u00f3 d&#8217;imatge del centre<\/strong><\/td>\n<td style=\"width: 51.3361%; border-color: #000000; border-style: solid;\"><span style=\"font-weight: 400;\">Mia Guiteres Oliva <\/span><\/td>\n<\/tr>\n<\/tbody>\n<\/table>\n<p>&nbsp;<\/p>\n","protected":false},"excerpt":{"rendered":"<p>EQUIP DIRECTIU Directora Anna Roca Ferrer Cap d&#8217;estudis Vanesa Fern\u00e0ndez Soria Coordinadora pedag\u00f2gica Emma Canals\u00a0 Mart\u00ednez Secretaria Juncal Pujadas Dom\u00e8nech CAPS D&#8217;\u00c0MBIT Cient\u00edfic, tecnol\u00f2gic i matem\u00e0tic Mireia Colomer Rodriguez (Joan Conesa) Ling\u00fc\u00edstic Cristina Cunill Vilalta Orientaci\u00f3 Rosa Pujol Famadas Ci\u00e8ncies socials i expressi\u00f3 Judit Freixer Picas TUTORIES DE GRUP I COORDINACI\u00d3 DE NIVELL 1r ESO [&hellip;]<\/p>\n","protected":false},"author":1,"featured_media":0,"parent":19,"menu_order":0,"comment_status":"closed","ping_status":"closed","template":"","meta":{"_bbp_topic_count":0,"_bbp_reply_count":0,"_bbp_total_topic_count":0,"_bbp_total_reply_count":0,"_bbp_voice_count":0,"_bbp_anonymous_reply_count":0,"_bbp_topic_count_hidden":0,"_bbp_reply_count_hidden":0,"_bbp_forum_subforum_count":0,"site-sidebar-layout":"default","site-content-layout":"","ast-site-content-layout":"default","site-content-style":"default","site-sidebar-style":"default","ast-global-header-display":"","ast-banner-title-visibility":"","ast-main-header-display":"","ast-hfb-above-header-display":"","ast-hfb-below-header-display":"","ast-hfb-mobile-header-display":"","site-post-title":"","ast-breadcrumbs-content":"","ast-featured-img":"","footer-sml-layout":"","theme-transparent-header-meta":"default","adv-header-id-meta":"","stick-header-meta":"","header-above-stick-meta":"","header-main-stick-meta":"","header-below-stick-meta":"","astra-migrate-meta-layouts":"set","ast-page-background-enabled":"default","ast-page-background-meta":{"desktop":{"background-color":"var(--ast-global-color-4)","background-image":"","background-repeat":"repeat","background-position":"center center","background-size":"auto","background-attachment":"scroll","background-type":"","background-media":"","overlay-type":"","overlay-color":"","overlay-opacity":"","overlay-gradient":""},"tablet":{"background-color":"","background-image":"","background-repeat":"repeat","background-position":"center center","background-size":"auto","background-attachment":"scroll","background-type":"","background-media":"","overlay-type":"","overlay-color":"","overlay-opacity":"","overlay-gradient":""},"mobile":{"background-color":"","background-image":"","background-repeat":"repeat","background-position":"center center","background-size":"auto","background-attachment":"scroll","background-type":"","background-media":"","overlay-type":"","overlay-color":"","overlay-opacity":"","overlay-gradient":""}},"ast-content-background-meta":{"desktop":{"background-color":"var(--ast-global-color-5)","background-image":"","background-repeat":"repeat","background-position":"center center","background-size":"auto","background-attachment":"scroll","background-type":"","background-media":"","overlay-type":"","overlay-color":"","overlay-opacity":"","overlay-gradient":""},"tablet":{"background-color":"var(--ast-global-color-5)","background-image":"","background-repeat":"repeat","background-position":"center center","background-size":"auto","background-attachment":"scroll","background-type":"","background-media":"","overlay-type":"","overlay-color":"","overlay-opacity":"","overlay-gradient":""},"mobile":{"background-color":"var(--ast-global-color-5)","background-image":"","background-repeat":"repeat","background-position":"center center","background-size":"auto","background-attachment":"scroll","background-type":"","background-media":"","overlay-type":"","overlay-color":"","overlay-opacity":"","overlay-gradient":""}},"footnotes":""},"class_list":["post-3317","page","type-page","status-publish","hentry"],"post_mailing_queue_ids":[],"_links":{"self":[{"href":"https:\/\/agora.xtec.cat\/seccio-institut-manlleu\/wp-json\/wp\/v2\/pages\/3317","targetHints":{"allow":["GET"]}}],"collection":[{"href":"https:\/\/agora.xtec.cat\/seccio-institut-manlleu\/wp-json\/wp\/v2\/pages"}],"about":[{"href":"https:\/\/agora.xtec.cat\/seccio-institut-manlleu\/wp-json\/wp\/v2\/types\/page"}],"author":[{"embeddable":true,"href":"https:\/\/agora.xtec.cat\/seccio-institut-manlleu\/wp-json\/wp\/v2\/users\/1"}],"replies":[{"embeddable":true,"href":"https:\/\/agora.xtec.cat\/seccio-institut-manlleu\/wp-json\/wp\/v2\/comments?post=3317"}],"version-history":[{"count":6,"href":"https:\/\/agora.xtec.cat\/seccio-institut-manlleu\/wp-json\/wp\/v2\/pages\/3317\/revisions"}],"predecessor-version":[{"id":4048,"href":"https:\/\/agora.xtec.cat\/seccio-institut-manlleu\/wp-json\/wp\/v2\/pages\/3317\/revisions\/4048"}],"up":[{"embeddable":true,"href":"https:\/\/agora.xtec.cat\/seccio-institut-manlleu\/wp-json\/wp\/v2\/pages\/19"}],"wp:attachment":[{"href":"https:\/\/agora.xtec.cat\/seccio-institut-manlleu\/wp-json\/wp\/v2\/media?parent=3317"}],"curies":[{"name":"wp","href":"https:\/\/api.w.org\/{rel}","templated":true}]}}