{"id":4014,"date":"2025-01-20T10:51:19","date_gmt":"2025-01-20T09:51:19","guid":{"rendered":"https:\/\/agora.xtec.cat\/sanfeliu\/?page_id=4014"},"modified":"2025-01-28T12:06:39","modified_gmt":"2025-01-28T11:06:39","slug":"primaria-2","status":"publish","type":"page","link":"https:\/\/agora.xtec.cat\/sanfeliu\/primaria-2\/","title":{"rendered":"Prim\u00e0ria"},"content":{"rendered":"<p>L\u2019etapa d\u2019Educaci\u00f3 Prim\u00e0ria agrupa els alumnes de 6 a 12 anys i consta de tres cicles de dos cursos cadascun: cicle inicial, cicle mitj\u00e0 i cicle superior.<br \/>\nL\u2019educaci\u00f3 Prim\u00e0ria s\u2019orienta a l\u2019adquisici\u00f3 progressiva de les compet\u00e8ncies b\u00e0siques necess\u00e0ries, que els permetran assegurar el desenvolupament personal i social iniciat a l\u2019educaci\u00f3 infantil.<\/p>\n<p>El nostre alumnat anir\u00e0 adquirint les habilitats relatives a l\u2019expressi\u00f3 i comprensi\u00f3 oral, la lectura i escriptura, el c\u00e0lcul, la resoluci\u00f3 de problemes i els coneixements b\u00e0sics de les ci\u00e8ncies socials i naturals. Sempre fomentat la iniciativa, la creativitat, l\u2019esperit cr\u00edtic i el gust per aprendre.<br \/>\nL\u2019expressi\u00f3 del sentit art\u00edstic \u00e9s tamb\u00e9 un element clau durant aquesta etapa que els ajudar\u00e0 a vehicular la seva creativitat i afectivitat.<\/p>\n<p>Per nosaltres tamb\u00e9 t\u00e9 una gran rellev\u00e0ncia el treball dels valors. Impulsem la capacitat de l\u2019esfor\u00e7 i la cultura del treball. Potenciem les actituds i valors que contribueixin a la bona conviv\u00e8ncia, fomentant la igualtat de drets i oportunitats i l\u2019autonomia.<\/p>\n<p>A m\u00e9s, els alumnes aniran desenvolupant la capacitat d\u2019expressar tan de forma oral com escrita el que han apr\u00e8s, d\u2019explicar amb varietat de vocabulari, arguments coherents, fiables i ben justificats el seu punt de vista i la seva opini\u00f3. Aniran aprenent a escoltar el punt de vista dels altres amb respecte i a arribar a acords quan sigui necessari.<\/p>\n<p>La metodologia emprada \u00e9s diversificada: treball individual, treball cooperatiu, grups flexibles, projectes\u2026<br \/>\nAjudem els nostres nens i nenes a preparar-se per ser persones amb autonomia, responsabilitat, solid\u00e0ries, participatives, respectuoses i amb comprom\u00eds individual i col\u00b7lectiu.<\/p>\n<p>Durant tota l\u2019etapa, a trav\u00e9s de sortides, col\u00f2nies, festes i celebracions, els nens i nenes tenen acc\u00e9s a la hist\u00f2ria, la geografia i les tradicions que ens envolten en un m\u00f3n cada vegada m\u00e9s plural.<\/p>\n<p><a href=\"https:\/\/agora.xtec.cat\/sanfeliu\/wp-content\/uploads\/usu2409\/2025\/01\/WhatsApp-Image-2025-01-20-at-10.56.46.jpeg\"><img loading=\"lazy\" decoding=\"async\" class=\"alignleft wp-image-4124\" src=\"https:\/\/agora.xtec.cat\/sanfeliu\/wp-content\/uploads\/usu2409\/2025\/01\/WhatsApp-Image-2025-01-20-at-10.56.46-300x300.jpeg\" alt=\"\" width=\"463\" height=\"463\" srcset=\"https:\/\/agora.xtec.cat\/sanfeliu\/wp-content\/uploads\/usu2409\/2025\/01\/WhatsApp-Image-2025-01-20-at-10.56.46-300x300.jpeg 300w, https:\/\/agora.xtec.cat\/sanfeliu\/wp-content\/uploads\/usu2409\/2025\/01\/WhatsApp-Image-2025-01-20-at-10.56.46-1024x1024.jpeg 1024w, https:\/\/agora.xtec.cat\/sanfeliu\/wp-content\/uploads\/usu2409\/2025\/01\/WhatsApp-Image-2025-01-20-at-10.56.46-150x150.jpeg 150w, https:\/\/agora.xtec.cat\/sanfeliu\/wp-content\/uploads\/usu2409\/2025\/01\/WhatsApp-Image-2025-01-20-at-10.56.46-768x768.jpeg 768w, https:\/\/agora.xtec.cat\/sanfeliu\/wp-content\/uploads\/usu2409\/2025\/01\/WhatsApp-Image-2025-01-20-at-10.56.46-1536x1536.jpeg 1536w, https:\/\/agora.xtec.cat\/sanfeliu\/wp-content\/uploads\/usu2409\/2025\/01\/WhatsApp-Image-2025-01-20-at-10.56.46.jpeg 1600w\" sizes=\"auto, (max-width: 463px) 100vw, 463px\" \/><\/a><\/p>\n<p><a href=\"https:\/\/agora.xtec.cat\/sanfeliu\/wp-content\/uploads\/usu2409\/2025\/01\/WhatsApp-Image-2025-01-23-at-12.08.23.jpeg\"><img loading=\"lazy\" decoding=\"async\" class=\"alignleft wp-image-4177\" src=\"https:\/\/agora.xtec.cat\/sanfeliu\/wp-content\/uploads\/usu2409\/2025\/01\/WhatsApp-Image-2025-01-23-at-12.08.23-300x300.jpeg\" alt=\"\" width=\"471\" height=\"471\" srcset=\"https:\/\/agora.xtec.cat\/sanfeliu\/wp-content\/uploads\/usu2409\/2025\/01\/WhatsApp-Image-2025-01-23-at-12.08.23-300x300.jpeg 300w, https:\/\/agora.xtec.cat\/sanfeliu\/wp-content\/uploads\/usu2409\/2025\/01\/WhatsApp-Image-2025-01-23-at-12.08.23-1024x1024.jpeg 1024w, https:\/\/agora.xtec.cat\/sanfeliu\/wp-content\/uploads\/usu2409\/2025\/01\/WhatsApp-Image-2025-01-23-at-12.08.23-150x150.jpeg 150w, https:\/\/agora.xtec.cat\/sanfeliu\/wp-content\/uploads\/usu2409\/2025\/01\/WhatsApp-Image-2025-01-23-at-12.08.23-768x768.jpeg 768w, https:\/\/agora.xtec.cat\/sanfeliu\/wp-content\/uploads\/usu2409\/2025\/01\/WhatsApp-Image-2025-01-23-at-12.08.23-1536x1536.jpeg 1536w, https:\/\/agora.xtec.cat\/sanfeliu\/wp-content\/uploads\/usu2409\/2025\/01\/WhatsApp-Image-2025-01-23-at-12.08.23.jpeg 2048w\" sizes=\"auto, (max-width: 471px) 100vw, 471px\" \/><\/a><\/p>\n","protected":false},"excerpt":{"rendered":"<p>L\u2019etapa d\u2019Educaci\u00f3 Prim\u00e0ria agrupa els alumnes de 6 a 12 anys i consta de tres cicles de dos cursos cadascun: cicle inicial, cicle mitj\u00e0 i cicle superior. L\u2019educaci\u00f3 Prim\u00e0ria s\u2019orienta a l\u2019adquisici\u00f3 progressiva de les compet\u00e8ncies b\u00e0siques necess\u00e0ries, que els permetran assegurar el desenvolupament personal i social iniciat a l\u2019educaci\u00f3 infantil. El nostre alumnat anir\u00e0 [&hellip;]<\/p>\n","protected":false},"author":1,"featured_media":0,"parent":0,"menu_order":0,"comment_status":"closed","ping_status":"closed","template":"","meta":{"_bbp_topic_count":0,"_bbp_reply_count":0,"_bbp_total_topic_count":0,"_bbp_total_reply_count":0,"_bbp_voice_count":0,"_bbp_anonymous_reply_count":0,"_bbp_topic_count_hidden":0,"_bbp_reply_count_hidden":0,"_bbp_forum_subforum_count":0,"site-sidebar-layout":"default","site-content-layout":"","ast-site-content-layout":"","site-content-style":"default","site-sidebar-style":"default","ast-global-header-display":"","ast-banner-title-visibility":"","ast-main-header-display":"","ast-hfb-above-header-display":"","ast-hfb-below-header-display":"","ast-hfb-mobile-header-display":"","site-post-title":"","ast-breadcrumbs-content":"","ast-featured-img":"","footer-sml-layout":"","theme-transparent-header-meta":"","adv-header-id-meta":"","stick-header-meta":"","header-above-stick-meta":"","header-main-stick-meta":"","header-below-stick-meta":"","astra-migrate-meta-layouts":"default","ast-page-background-enabled":"default","ast-page-background-meta":{"desktop":{"background-color":"var(--ast-global-color-4)","background-image":"","background-repeat":"repeat","background-position":"center center","background-size":"auto","background-attachment":"scroll","background-type":"","background-media":"","overlay-type":"","overlay-color":"","overlay-opacity":"","overlay-gradient":""},"tablet":{"background-color":"","background-image":"","background-repeat":"repeat","background-position":"center center","background-size":"auto","background-attachment":"scroll","background-type":"","background-media":"","overlay-type":"","overlay-color":"","overlay-opacity":"","overlay-gradient":""},"mobile":{"background-color":"","background-image":"","background-repeat":"repeat","background-position":"center center","background-size":"auto","background-attachment":"scroll","background-type":"","background-media":"","overlay-type":"","overlay-color":"","overlay-opacity":"","overlay-gradient":""}},"ast-content-background-meta":{"desktop":{"background-color":"var(--ast-global-color-5)","background-image":"","background-repeat":"repeat","background-position":"center center","background-size":"auto","background-attachment":"scroll","background-type":"","background-media":"","overlay-type":"","overlay-color":"","overlay-opacity":"","overlay-gradient":""},"tablet":{"background-color":"var(--ast-global-color-5)","background-image":"","background-repeat":"repeat","background-position":"center center","background-size":"auto","background-attachment":"scroll","background-type":"","background-media":"","overlay-type":"","overlay-color":"","overlay-opacity":"","overlay-gradient":""},"mobile":{"background-color":"var(--ast-global-color-5)","background-image":"","background-repeat":"repeat","background-position":"center center","background-size":"auto","background-attachment":"scroll","background-type":"","background-media":"","overlay-type":"","overlay-color":"","overlay-opacity":"","overlay-gradient":""}},"footnotes":""},"class_list":["post-4014","page","type-page","status-publish","hentry"],"post_mailing_queue_ids":[],"_links":{"self":[{"href":"https:\/\/agora.xtec.cat\/sanfeliu\/wp-json\/wp\/v2\/pages\/4014","targetHints":{"allow":["GET"]}}],"collection":[{"href":"https:\/\/agora.xtec.cat\/sanfeliu\/wp-json\/wp\/v2\/pages"}],"about":[{"href":"https:\/\/agora.xtec.cat\/sanfeliu\/wp-json\/wp\/v2\/types\/page"}],"author":[{"embeddable":true,"href":"https:\/\/agora.xtec.cat\/sanfeliu\/wp-json\/wp\/v2\/users\/1"}],"replies":[{"embeddable":true,"href":"https:\/\/agora.xtec.cat\/sanfeliu\/wp-json\/wp\/v2\/comments?post=4014"}],"version-history":[{"count":6,"href":"https:\/\/agora.xtec.cat\/sanfeliu\/wp-json\/wp\/v2\/pages\/4014\/revisions"}],"predecessor-version":[{"id":4194,"href":"https:\/\/agora.xtec.cat\/sanfeliu\/wp-json\/wp\/v2\/pages\/4014\/revisions\/4194"}],"wp:attachment":[{"href":"https:\/\/agora.xtec.cat\/sanfeliu\/wp-json\/wp\/v2\/media?parent=4014"}],"curies":[{"name":"wp","href":"https:\/\/api.w.org\/{rel}","templated":true}]}}