{"id":36,"date":"2014-09-18T12:33:11","date_gmt":"2014-09-18T11:33:11","guid":{"rendered":"http:\/\/agora.xtec.cat\/parvularienbas\/?page_id=36"},"modified":"2026-02-07T09:29:44","modified_gmt":"2026-02-07T08:29:44","slug":"material-escolar","status":"publish","type":"page","link":"https:\/\/agora.xtec.cat\/parvularienbas\/lescola\/material-escolar\/","title":{"rendered":"Material escolar"},"content":{"rendered":"<p>A principi de curs les fam\u00edlies fan un pagament destinat a proveir el material que s&#8217;utilitzar\u00e0 al llarg del curs. Des de l&#8217;escola es proporciona als alumnes tot el material necessari pel desenvolupament dels aprenentatges.<\/p>\n<p>De forma espor\u00e0dica \u00e9s necessari portar algun material d&#8217;\u00fas quotidi\u00e0 per la realitzaci\u00f3 d&#8217;alguna activitat. S&#8217;avisa a les fam\u00edlies amb un temps d&#8217;antel\u00b7laci\u00f3.<\/p>\n<p>Amb la quota de material tamb\u00e9 s&#8217;inclouen mocadors de paper i tovalloletes per a la higiene dels alumnes al llarg del curs.<\/p>\n","protected":false},"excerpt":{"rendered":"<p>A principi de curs les fam\u00edlies fan un pagament destinat a proveir el material que s&#8217;utilitzar\u00e0 al llarg del curs. Des de l&#8217;escola es proporciona als alumnes tot el material necessari pel desenvolupament dels aprenentatges.<br \/>\nDe forma espor\u00e0dica \u00e9s necessari portar algun material d&#8217;\u00fas quotidi\u00e0 per&hellip;  <a href=\"https:\/\/agora.xtec.cat\/parvularienbas\/lescola\/material-escolar\/\" title=\"Read Material escolar\">Llegeix m\u00e9s\u00bb<\/a><\/p>\n","protected":false},"author":1,"featured_media":0,"parent":22,"menu_order":70,"comment_status":"closed","ping_status":"closed","template":"page-templates\/side-menu.php","meta":{"_bbp_topic_count":0,"_bbp_reply_count":0,"_bbp_total_topic_count":0,"_bbp_total_reply_count":0,"_bbp_voice_count":0,"_bbp_anonymous_reply_count":0,"_bbp_topic_count_hidden":0,"_bbp_reply_count_hidden":0,"_bbp_forum_subforum_count":0,"footnotes":""},"class_list":["post-36","page","type-page","status-publish","hentry"],"post_mailing_queue_ids":[],"_links":{"self":[{"href":"https:\/\/agora.xtec.cat\/parvularienbas\/wp-json\/wp\/v2\/pages\/36","targetHints":{"allow":["GET"]}}],"collection":[{"href":"https:\/\/agora.xtec.cat\/parvularienbas\/wp-json\/wp\/v2\/pages"}],"about":[{"href":"https:\/\/agora.xtec.cat\/parvularienbas\/wp-json\/wp\/v2\/types\/page"}],"author":[{"embeddable":true,"href":"https:\/\/agora.xtec.cat\/parvularienbas\/wp-json\/wp\/v2\/users\/1"}],"replies":[{"embeddable":true,"href":"https:\/\/agora.xtec.cat\/parvularienbas\/wp-json\/wp\/v2\/comments?post=36"}],"version-history":[{"count":5,"href":"https:\/\/agora.xtec.cat\/parvularienbas\/wp-json\/wp\/v2\/pages\/36\/revisions"}],"predecessor-version":[{"id":1435,"href":"https:\/\/agora.xtec.cat\/parvularienbas\/wp-json\/wp\/v2\/pages\/36\/revisions\/1435"}],"up":[{"embeddable":true,"href":"https:\/\/agora.xtec.cat\/parvularienbas\/wp-json\/wp\/v2\/pages\/22"}],"wp:attachment":[{"href":"https:\/\/agora.xtec.cat\/parvularienbas\/wp-json\/wp\/v2\/media?parent=36"}],"curies":[{"name":"wp","href":"https:\/\/api.w.org\/{rel}","templated":true}]}}