{"id":34,"date":"2014-09-18T12:32:18","date_gmt":"2014-09-18T11:32:18","guid":{"rendered":"http:\/\/agora.xtec.cat\/parvularienbas\/?page_id=34"},"modified":"2022-09-29T17:14:26","modified_gmt":"2022-09-29T15:14:26","slug":"oferta-educativa","status":"publish","type":"page","link":"https:\/\/agora.xtec.cat\/parvularienbas\/lescola\/oferta-educativa\/","title":{"rendered":"Oferta educativa"},"content":{"rendered":"<p>Som un parvulari p\u00fablic, catal\u00e0 i democr\u00e0tic , totalment adaptat i preparat per acollir infants del segon cicle d&#8217;Educaci\u00f3 Infantil (I3, I4 i I5).<\/p>\n<p>El nostre projecte educatiu t\u00e9 com a objectiu general despertar en els nostres alumnes les ganes d&#8217;aprendre, la curiositat pel seu entorn, la creativitat, les emocions&#8230; Ens proposem promoure aprenentatges significatius, funcionals i competencials que facin que els nostres nens i nenes siguin cada vegada m\u00e9s aut\u00f2noms.<\/p>\n<p>Com a centre ens comprometem a respectar l\u00b4entorn i a treballar per la inclusivitat.<\/p>\n<p>Ens organitzem de diferent forma depenent del treball que fem, per\u00f2 cada curs t\u00e9 una aula i una tutora de refer\u00e8ncia, tot i que els tallers, els ambients, els espais de pati els compartim i s\u00f3n espais intercicle (es barregen alumnes de tots els cursos).<\/p>\n<p>Ens servim de metodologies que es basen en l\u00b4aprendre a aprendre, com ara els projectes:<\/p>\n<ul>\n<li>Projecte fam\u00edlia<\/li>\n<li>Projecte El poble<\/li>\n<li>Projectes d\u00b4aula<\/li>\n<li>Projecte Corranda<\/li>\n<\/ul>\n<p>L\u00b4experimentaci\u00f3, l\u00b4observaci\u00f3 directa i la manipulaci\u00f3 fonamenten els nostres aprenentatges:<\/p>\n<ul>\n<li>Tallers: experimentaci\u00f3, representaci\u00f3, art, jocs\u2026.<\/li>\n<li>Sortides al poble i a l\u00b4entorn natural.<\/li>\n<li>Ambients d\u2019aula i de pati.<\/li>\n<li>Flors i plantes arom\u00e0tiques.<\/li>\n<\/ul>\n<p>Organitzem racons de joc i d\u2019aprenentatge a l\u00b4aula per estimular l\u2019autonomia i la responsabilitat.<\/p>\n<p>&nbsp;<\/p>\n","protected":false},"excerpt":{"rendered":"<p>Som un parvulari p\u00fablic, catal\u00e0 i democr\u00e0tic , totalment adaptat i preparat per acollir infants del segon cicle d&#8217;Educaci\u00f3 Infantil (I3, I4 i I5).<br \/>\nEl nostre projecte educatiu t\u00e9 com a objectiu general despertar en els nostres alumnes les ganes d&#8217;aprendre, la curiositat pel seu entorn,&hellip;  <a href=\"https:\/\/agora.xtec.cat\/parvularienbas\/lescola\/oferta-educativa\/\" title=\"Read Oferta educativa\">Llegeix m\u00e9s\u00bb<\/a><\/p>\n","protected":false},"author":1,"featured_media":0,"parent":22,"menu_order":60,"comment_status":"closed","ping_status":"closed","template":"page-templates\/side-menu.php","meta":{"_bbp_topic_count":0,"_bbp_reply_count":0,"_bbp_total_topic_count":0,"_bbp_total_reply_count":0,"_bbp_voice_count":0,"_bbp_anonymous_reply_count":0,"_bbp_topic_count_hidden":0,"_bbp_reply_count_hidden":0,"_bbp_forum_subforum_count":0,"footnotes":""},"class_list":["post-34","page","type-page","status-publish","hentry"],"post_mailing_queue_ids":[],"_links":{"self":[{"href":"https:\/\/agora.xtec.cat\/parvularienbas\/wp-json\/wp\/v2\/pages\/34","targetHints":{"allow":["GET"]}}],"collection":[{"href":"https:\/\/agora.xtec.cat\/parvularienbas\/wp-json\/wp\/v2\/pages"}],"about":[{"href":"https:\/\/agora.xtec.cat\/parvularienbas\/wp-json\/wp\/v2\/types\/page"}],"author":[{"embeddable":true,"href":"https:\/\/agora.xtec.cat\/parvularienbas\/wp-json\/wp\/v2\/users\/1"}],"replies":[{"embeddable":true,"href":"https:\/\/agora.xtec.cat\/parvularienbas\/wp-json\/wp\/v2\/comments?post=34"}],"version-history":[{"count":4,"href":"https:\/\/agora.xtec.cat\/parvularienbas\/wp-json\/wp\/v2\/pages\/34\/revisions"}],"predecessor-version":[{"id":891,"href":"https:\/\/agora.xtec.cat\/parvularienbas\/wp-json\/wp\/v2\/pages\/34\/revisions\/891"}],"up":[{"embeddable":true,"href":"https:\/\/agora.xtec.cat\/parvularienbas\/wp-json\/wp\/v2\/pages\/22"}],"wp:attachment":[{"href":"https:\/\/agora.xtec.cat\/parvularienbas\/wp-json\/wp\/v2\/media?parent=34"}],"curies":[{"name":"wp","href":"https:\/\/api.w.org\/{rel}","templated":true}]}}