{"id":30,"date":"2014-09-18T12:30:23","date_gmt":"2014-09-18T11:30:23","guid":{"rendered":"http:\/\/agora.xtec.cat\/parvularienbas\/?page_id=30"},"modified":"2022-09-29T17:12:16","modified_gmt":"2022-09-29T15:12:16","slug":"instal%c2%b7lacions","status":"publish","type":"page","link":"https:\/\/agora.xtec.cat\/parvularienbas\/lescola\/instal%c2%b7lacions\/","title":{"rendered":"Instal\u00b7lacions"},"content":{"rendered":"<p>L&#8217;escola disposa de diferents espais educatius i de conviv\u00e8ncia.<\/p>\n<p>Totes les aules disposen d&#8217;un espai lliure de mobiliari on es desenvolupen moltes activitats (conversa, rutines, experimentaci\u00f3, contes&#8230;),\u00a0 un espai de treball individual o en grup, racons de joc i de treball i una pissarra digital.<\/p>\n<p style=\"text-align: center;\"><strong>AULA DE I3<\/strong><\/p>\n<p style=\"text-align: center;\">\u00c9s l&#8217;aula m\u00e9s gran del centre. S&#8217;utilitza tamb\u00e9 com un espai multifuncional: dormitori, danses i activitats conjuntes<\/p>\n<p><a href=\"https:\/\/agora.xtec.cat\/parvularienbas\/wp-content\/uploads\/usu2453\/2021\/04\/aula-P3.jpg\"><img loading=\"lazy\" decoding=\"async\" class=\"wp-image-514 aligncenter\" src=\"https:\/\/agora.xtec.cat\/parvularienbas\/wp-content\/uploads\/usu2453\/2021\/04\/aula-P3-1024x768.jpg\" alt=\"\" width=\"307\" height=\"230\" srcset=\"https:\/\/agora.xtec.cat\/parvularienbas\/wp-content\/uploads\/usu2453\/2021\/04\/aula-P3-1024x768.jpg 1024w, https:\/\/agora.xtec.cat\/parvularienbas\/wp-content\/uploads\/usu2453\/2021\/04\/aula-P3-300x225.jpg 300w, https:\/\/agora.xtec.cat\/parvularienbas\/wp-content\/uploads\/usu2453\/2021\/04\/aula-P3-768x576.jpg 768w, https:\/\/agora.xtec.cat\/parvularienbas\/wp-content\/uploads\/usu2453\/2021\/04\/aula-P3-200x150.jpg 200w\" sizes=\"auto, (max-width: 307px) 100vw, 307px\" \/><\/a><\/p>\n<p><a href=\"https:\/\/agora.xtec.cat\/parvularienbas\/wp-content\/uploads\/usu2453\/2021\/04\/AULA-p3-II.jpg\"><img loading=\"lazy\" decoding=\"async\" class=\"wp-image-512 aligncenter\" src=\"https:\/\/agora.xtec.cat\/parvularienbas\/wp-content\/uploads\/usu2453\/2021\/04\/AULA-p3-II-1024x768.jpg\" alt=\"\" width=\"303\" height=\"228\" srcset=\"https:\/\/agora.xtec.cat\/parvularienbas\/wp-content\/uploads\/usu2453\/2021\/04\/AULA-p3-II-1024x768.jpg 1024w, https:\/\/agora.xtec.cat\/parvularienbas\/wp-content\/uploads\/usu2453\/2021\/04\/AULA-p3-II-300x225.jpg 300w, https:\/\/agora.xtec.cat\/parvularienbas\/wp-content\/uploads\/usu2453\/2021\/04\/AULA-p3-II-768x576.jpg 768w, https:\/\/agora.xtec.cat\/parvularienbas\/wp-content\/uploads\/usu2453\/2021\/04\/AULA-p3-II-200x150.jpg 200w\" sizes=\"auto, (max-width: 303px) 100vw, 303px\" \/><\/a><\/p>\n<p><a href=\"https:\/\/agora.xtec.cat\/parvularienbas\/wp-content\/uploads\/usu2453\/2021\/04\/AULA-P3-III.jpg\"><img loading=\"lazy\" decoding=\"async\" class=\"wp-image-513 aligncenter\" src=\"https:\/\/agora.xtec.cat\/parvularienbas\/wp-content\/uploads\/usu2453\/2021\/04\/AULA-P3-III-1024x768.jpg\" alt=\"\" width=\"299\" height=\"225\" srcset=\"https:\/\/agora.xtec.cat\/parvularienbas\/wp-content\/uploads\/usu2453\/2021\/04\/AULA-P3-III-1024x768.jpg 1024w, https:\/\/agora.xtec.cat\/parvularienbas\/wp-content\/uploads\/usu2453\/2021\/04\/AULA-P3-III-300x225.jpg 300w, https:\/\/agora.xtec.cat\/parvularienbas\/wp-content\/uploads\/usu2453\/2021\/04\/AULA-P3-III-768x576.jpg 768w, https:\/\/agora.xtec.cat\/parvularienbas\/wp-content\/uploads\/usu2453\/2021\/04\/AULA-P3-III-200x150.jpg 200w\" sizes=\"auto, (max-width: 299px) 100vw, 299px\" \/><\/a><\/p>\n<p>&nbsp;<\/p>\n<p style=\"text-align: center;\"><strong>AULA DE I4<\/strong><\/p>\n<p><a href=\"https:\/\/agora.xtec.cat\/parvularienbas\/wp-content\/uploads\/usu2453\/2021\/09\/20210903_150435-Small-2.jpg\"><img loading=\"lazy\" decoding=\"async\" class=\"wp-image-629 aligncenter\" src=\"https:\/\/agora.xtec.cat\/parvularienbas\/wp-content\/uploads\/usu2453\/2021\/09\/20210903_150435-Small-2.jpg\" alt=\"\" width=\"304\" height=\"228\" srcset=\"https:\/\/agora.xtec.cat\/parvularienbas\/wp-content\/uploads\/usu2453\/2021\/09\/20210903_150435-Small-2.jpg 640w, https:\/\/agora.xtec.cat\/parvularienbas\/wp-content\/uploads\/usu2453\/2021\/09\/20210903_150435-Small-2-300x225.jpg 300w, https:\/\/agora.xtec.cat\/parvularienbas\/wp-content\/uploads\/usu2453\/2021\/09\/20210903_150435-Small-2-200x150.jpg 200w\" sizes=\"auto, (max-width: 304px) 100vw, 304px\" \/><\/a><\/p>\n<p style=\"text-align: center;\"><a href=\"https:\/\/agora.xtec.cat\/parvularienbas\/wp-content\/uploads\/usu2453\/2021\/09\/20210903_150450-Small-2.jpg\"><img loading=\"lazy\" decoding=\"async\" class=\"alignnone wp-image-628\" src=\"https:\/\/agora.xtec.cat\/parvularienbas\/wp-content\/uploads\/usu2453\/2021\/09\/20210903_150450-Small-2.jpg\" alt=\"\" width=\"312\" height=\"234\" srcset=\"https:\/\/agora.xtec.cat\/parvularienbas\/wp-content\/uploads\/usu2453\/2021\/09\/20210903_150450-Small-2.jpg 640w, https:\/\/agora.xtec.cat\/parvularienbas\/wp-content\/uploads\/usu2453\/2021\/09\/20210903_150450-Small-2-300x225.jpg 300w, https:\/\/agora.xtec.cat\/parvularienbas\/wp-content\/uploads\/usu2453\/2021\/09\/20210903_150450-Small-2-200x150.jpg 200w\" sizes=\"auto, (max-width: 312px) 100vw, 312px\" \/><\/a><\/p>\n<p>&nbsp;<\/p>\n<p style=\"text-align: center;\"><strong>AULA DE\u00a0 I5<\/strong><\/p>\n<p><a href=\"https:\/\/agora.xtec.cat\/parvularienbas\/wp-content\/uploads\/usu2453\/2021\/04\/Classe-de-P5-1-Small.jpg\"><img loading=\"lazy\" decoding=\"async\" class=\"wp-image-540 aligncenter\" src=\"https:\/\/agora.xtec.cat\/parvularienbas\/wp-content\/uploads\/usu2453\/2021\/04\/Classe-de-P5-1-Small.jpg\" alt=\"\" width=\"311\" height=\"234\" srcset=\"https:\/\/agora.xtec.cat\/parvularienbas\/wp-content\/uploads\/usu2453\/2021\/04\/Classe-de-P5-1-Small.jpg 640w, https:\/\/agora.xtec.cat\/parvularienbas\/wp-content\/uploads\/usu2453\/2021\/04\/Classe-de-P5-1-Small-300x225.jpg 300w, https:\/\/agora.xtec.cat\/parvularienbas\/wp-content\/uploads\/usu2453\/2021\/04\/Classe-de-P5-1-Small-200x150.jpg 200w\" sizes=\"auto, (max-width: 311px) 100vw, 311px\" \/><\/a><\/p>\n<p><a href=\"https:\/\/agora.xtec.cat\/parvularienbas\/wp-content\/uploads\/usu2453\/2021\/04\/Classe-de-P5-2-Small.jpg\"><img loading=\"lazy\" decoding=\"async\" class=\"wp-image-541 aligncenter\" src=\"https:\/\/agora.xtec.cat\/parvularienbas\/wp-content\/uploads\/usu2453\/2021\/04\/Classe-de-P5-2-Small.jpg\" alt=\"\" width=\"314\" height=\"235\" srcset=\"https:\/\/agora.xtec.cat\/parvularienbas\/wp-content\/uploads\/usu2453\/2021\/04\/Classe-de-P5-2-Small.jpg 640w, https:\/\/agora.xtec.cat\/parvularienbas\/wp-content\/uploads\/usu2453\/2021\/04\/Classe-de-P5-2-Small-300x225.jpg 300w, https:\/\/agora.xtec.cat\/parvularienbas\/wp-content\/uploads\/usu2453\/2021\/04\/Classe-de-P5-2-Small-200x150.jpg 200w\" sizes=\"auto, (max-width: 314px) 100vw, 314px\" \/><\/a><\/p>\n<p style=\"text-align: center;\"><strong>MENJADOR\/AULA SUPORT<\/strong><\/p>\n<p style=\"text-align: center;\">Disposa d&#8217;un espai on es serveix el dinar. Aquesta mateixa aula tamb\u00e9 es fa servir d&#8217;aula de suport en activitats de desdoblament de grup (tallers, ambients, TAC&#8230;)<\/p>\n<p><a href=\"https:\/\/agora.xtec.cat\/parvularienbas\/wp-content\/uploads\/usu2453\/2021\/04\/MENJADOR-I.jpg\"><img loading=\"lazy\" decoding=\"async\" class=\"wp-image-516 aligncenter\" src=\"https:\/\/agora.xtec.cat\/parvularienbas\/wp-content\/uploads\/usu2453\/2021\/04\/MENJADOR-I-1024x768.jpg\" alt=\"\" width=\"302\" height=\"226\" srcset=\"https:\/\/agora.xtec.cat\/parvularienbas\/wp-content\/uploads\/usu2453\/2021\/04\/MENJADOR-I-1024x768.jpg 1024w, https:\/\/agora.xtec.cat\/parvularienbas\/wp-content\/uploads\/usu2453\/2021\/04\/MENJADOR-I-300x225.jpg 300w, https:\/\/agora.xtec.cat\/parvularienbas\/wp-content\/uploads\/usu2453\/2021\/04\/MENJADOR-I-768x576.jpg 768w, https:\/\/agora.xtec.cat\/parvularienbas\/wp-content\/uploads\/usu2453\/2021\/04\/MENJADOR-I-200x150.jpg 200w\" sizes=\"auto, (max-width: 302px) 100vw, 302px\" \/><\/a><\/p>\n<p><a href=\"https:\/\/agora.xtec.cat\/parvularienbas\/wp-content\/uploads\/usu2453\/2021\/04\/MENJADOR-II.jpg\"><img loading=\"lazy\" decoding=\"async\" class=\"wp-image-515 aligncenter\" src=\"https:\/\/agora.xtec.cat\/parvularienbas\/wp-content\/uploads\/usu2453\/2021\/04\/MENJADOR-II-1024x768.jpg\" alt=\"\" width=\"311\" height=\"233\" srcset=\"https:\/\/agora.xtec.cat\/parvularienbas\/wp-content\/uploads\/usu2453\/2021\/04\/MENJADOR-II-1024x768.jpg 1024w, https:\/\/agora.xtec.cat\/parvularienbas\/wp-content\/uploads\/usu2453\/2021\/04\/MENJADOR-II-300x225.jpg 300w, https:\/\/agora.xtec.cat\/parvularienbas\/wp-content\/uploads\/usu2453\/2021\/04\/MENJADOR-II-768x576.jpg 768w, https:\/\/agora.xtec.cat\/parvularienbas\/wp-content\/uploads\/usu2453\/2021\/04\/MENJADOR-II-200x150.jpg 200w\" sizes=\"auto, (max-width: 311px) 100vw, 311px\" \/><\/a><\/p>\n<p style=\"text-align: center;\"><strong>PORXO<\/strong><\/p>\n<p style=\"text-align: center;\">Disposem d&#8217;un espai exterior cobert on es poden fer diverses activitats.<\/p>\n<p><a href=\"https:\/\/agora.xtec.cat\/parvularienbas\/wp-content\/uploads\/usu2453\/2021\/03\/Foto-de-Marta.jpg\"><img loading=\"lazy\" decoding=\"async\" class=\"wp-image-481 aligncenter\" src=\"https:\/\/agora.xtec.cat\/parvularienbas\/wp-content\/uploads\/usu2453\/2021\/03\/Foto-de-Marta-1024x768.jpg\" alt=\"\" width=\"328\" height=\"246\" srcset=\"https:\/\/agora.xtec.cat\/parvularienbas\/wp-content\/uploads\/usu2453\/2021\/03\/Foto-de-Marta-1024x768.jpg 1024w, https:\/\/agora.xtec.cat\/parvularienbas\/wp-content\/uploads\/usu2453\/2021\/03\/Foto-de-Marta-300x225.jpg 300w, https:\/\/agora.xtec.cat\/parvularienbas\/wp-content\/uploads\/usu2453\/2021\/03\/Foto-de-Marta-768x576.jpg 768w, https:\/\/agora.xtec.cat\/parvularienbas\/wp-content\/uploads\/usu2453\/2021\/03\/Foto-de-Marta-200x150.jpg 200w, https:\/\/agora.xtec.cat\/parvularienbas\/wp-content\/uploads\/usu2453\/2021\/03\/Foto-de-Marta.jpg 2016w\" sizes=\"auto, (max-width: 328px) 100vw, 328px\" \/><\/a><\/p>\n<p style=\"text-align: center;\"><strong>PATI<\/strong><\/p>\n<p>L&#8217;espai d&#8217;esbarjo ofereix una diversitat d&#8217;instal\u00b7lacions de joc i de material. Hi ha unes taules que permeten fer activitats a l&#8217;exterior: d&#8217;experimentaci\u00f3, d&#8217;observaci\u00f3 de l&#8217;entorn, esmorzar&#8230;<\/p>\n<p><a href=\"https:\/\/agora.xtec.cat\/parvularienbas\/wp-content\/uploads\/usu2453\/2021\/04\/20210407_152817.jpg\"><img loading=\"lazy\" decoding=\"async\" class=\"wp-image-524 aligncenter\" src=\"https:\/\/agora.xtec.cat\/parvularienbas\/wp-content\/uploads\/usu2453\/2021\/04\/20210407_152817.jpg\" alt=\"\" width=\"306\" height=\"229\" srcset=\"https:\/\/agora.xtec.cat\/parvularienbas\/wp-content\/uploads\/usu2453\/2021\/04\/20210407_152817.jpg 800w, https:\/\/agora.xtec.cat\/parvularienbas\/wp-content\/uploads\/usu2453\/2021\/04\/20210407_152817-300x225.jpg 300w, https:\/\/agora.xtec.cat\/parvularienbas\/wp-content\/uploads\/usu2453\/2021\/04\/20210407_152817-768x576.jpg 768w, https:\/\/agora.xtec.cat\/parvularienbas\/wp-content\/uploads\/usu2453\/2021\/04\/20210407_152817-200x150.jpg 200w\" sizes=\"auto, (max-width: 306px) 100vw, 306px\" \/><\/a><\/p>\n<p><a href=\"https:\/\/agora.xtec.cat\/parvularienbas\/wp-content\/uploads\/usu2453\/2021\/04\/troncs-sorral-Small.jpg\"><img loading=\"lazy\" decoding=\"async\" class=\"alignnone size-large wp-image-539\" src=\"https:\/\/agora.xtec.cat\/parvularienbas\/wp-content\/uploads\/usu2453\/2021\/04\/troncs-sorral-Small.jpg\" alt=\"\" width=\"1\" height=\"1\" \/><\/a><a href=\"https:\/\/agora.xtec.cat\/parvularienbas\/wp-content\/uploads\/usu2453\/2021\/04\/troncs-sorral-Small.jpg\"><img loading=\"lazy\" decoding=\"async\" class=\"alignnone size-large wp-image-543\" src=\"https:\/\/agora.xtec.cat\/parvularienbas\/wp-content\/uploads\/usu2453\/2021\/04\/troncs-sorral-Small.jpg\" alt=\"\" width=\"1\" height=\"1\" \/><\/a><a href=\"https:\/\/agora.xtec.cat\/parvularienbas\/wp-content\/uploads\/usu2453\/2021\/04\/20210428_151055.jpg\"><img loading=\"lazy\" decoding=\"async\" class=\"wp-image-546 aligncenter\" src=\"https:\/\/agora.xtec.cat\/parvularienbas\/wp-content\/uploads\/usu2453\/2021\/04\/20210428_151055.jpg\" alt=\"\" width=\"310\" height=\"233\" srcset=\"https:\/\/agora.xtec.cat\/parvularienbas\/wp-content\/uploads\/usu2453\/2021\/04\/20210428_151055.jpg 640w, https:\/\/agora.xtec.cat\/parvularienbas\/wp-content\/uploads\/usu2453\/2021\/04\/20210428_151055-300x225.jpg 300w, https:\/\/agora.xtec.cat\/parvularienbas\/wp-content\/uploads\/usu2453\/2021\/04\/20210428_151055-200x150.jpg 200w\" sizes=\"auto, (max-width: 310px) 100vw, 310px\" \/><\/a><\/p>\n","protected":false},"excerpt":{"rendered":"<p>L&#8217;escola disposa de diferents espais educatius i de conviv\u00e8ncia.<br \/>\nTotes les aules disposen d&#8217;un espai lliure de mobiliari on es desenvolupen moltes activitats (conversa, rutines, experimentaci\u00f3, contes&#8230;),\u00a0 un espai de treball individual o en grup, racons de joc i de treball i una pissarra digital.<br \/>\nAULA DE&hellip;  <a href=\"https:\/\/agora.xtec.cat\/parvularienbas\/lescola\/instal%c2%b7lacions\/\" title=\"Read Instal\u00b7lacions\">Llegeix m\u00e9s\u00bb<\/a><\/p>\n","protected":false},"author":1,"featured_media":0,"parent":22,"menu_order":40,"comment_status":"closed","ping_status":"closed","template":"page-templates\/side-menu.php","meta":{"_bbp_topic_count":0,"_bbp_reply_count":0,"_bbp_total_topic_count":0,"_bbp_total_reply_count":0,"_bbp_voice_count":0,"_bbp_anonymous_reply_count":0,"_bbp_topic_count_hidden":0,"_bbp_reply_count_hidden":0,"_bbp_forum_subforum_count":0,"footnotes":""},"class_list":["post-30","page","type-page","status-publish","hentry"],"post_mailing_queue_ids":[],"_links":{"self":[{"href":"https:\/\/agora.xtec.cat\/parvularienbas\/wp-json\/wp\/v2\/pages\/30","targetHints":{"allow":["GET"]}}],"collection":[{"href":"https:\/\/agora.xtec.cat\/parvularienbas\/wp-json\/wp\/v2\/pages"}],"about":[{"href":"https:\/\/agora.xtec.cat\/parvularienbas\/wp-json\/wp\/v2\/types\/page"}],"author":[{"embeddable":true,"href":"https:\/\/agora.xtec.cat\/parvularienbas\/wp-json\/wp\/v2\/users\/1"}],"replies":[{"embeddable":true,"href":"https:\/\/agora.xtec.cat\/parvularienbas\/wp-json\/wp\/v2\/comments?post=30"}],"version-history":[{"count":3,"href":"https:\/\/agora.xtec.cat\/parvularienbas\/wp-json\/wp\/v2\/pages\/30\/revisions"}],"predecessor-version":[{"id":890,"href":"https:\/\/agora.xtec.cat\/parvularienbas\/wp-json\/wp\/v2\/pages\/30\/revisions\/890"}],"up":[{"embeddable":true,"href":"https:\/\/agora.xtec.cat\/parvularienbas\/wp-json\/wp\/v2\/pages\/22"}],"wp:attachment":[{"href":"https:\/\/agora.xtec.cat\/parvularienbas\/wp-json\/wp\/v2\/media?parent=30"}],"curies":[{"name":"wp","href":"https:\/\/api.w.org\/{rel}","templated":true}]}}