{"id":9997,"date":"2020-03-26T08:16:12","date_gmt":"2020-03-26T07:16:12","guid":{"rendered":"https:\/\/agora.xtec.cat\/nodes\/?page_id=9997"},"modified":"2022-12-03T11:49:23","modified_gmt":"2022-12-03T10:49:23","slug":"consells-per-una-bona-comunicacio-families","status":"publish","type":"page","link":"https:\/\/agora.xtec.cat\/nodes\/consells-per-una-bona-comunicacio-families\/","title":{"rendered":"Consells per una bona comunicaci\u00f3"},"content":{"rendered":"<p>&nbsp;<\/p>\n<div class=\"row\" style=\"margin-bottom: 2em !important;\">\n<div class=\"small-12 large-4 text-center columns\">\n<p><img loading=\"lazy\" decoding=\"async\" class=\"alignnone\" title=\"Home i dona parlant\" src=\"https:\/\/img.icons8.com\/color\/120\/000000\/collaboration-female-male.png\" alt=\"Un home i una dona parlant\" width=\"120\" height=\"120\" \/><\/p>\n<h3>Empat\u00eda<\/h3>\n<p style=\"margin-bottom: 0.2em;\">Poseu-vos a la pell dels vostres usuaris. El vostre web ha de respondre a les preguntes habituals que es fan les\u00a0 fam\u00edlies, alumnes i docents.<\/p>\n<p><a href=\"https:\/\/agora.xtec.cat\/nodes\/consells-per-una-bona-comunicacio-families\/empatia\/\">M\u00e9s informaci\u00f3<\/a><\/p>\n<\/div>\n<div class=\"small-12 large-4 text-center columns\">\n<p><img loading=\"lazy\" decoding=\"async\" class=\"alignnone wp-image-10173\" title=\"Una fletxa en el centre d'una diana\" src=\"https:\/\/agora.xtec.cat\/nodes\/wp-content\/uploads\/usu135\/2020\/05\/diana.png\" alt=\"Una fletxa en el centre d'una diana\" width=\"120\" height=\"120\" srcset=\"https:\/\/agora.xtec.cat\/nodes\/wp-content\/uploads\/usu135\/2020\/05\/diana.png 200w, https:\/\/agora.xtec.cat\/nodes\/wp-content\/uploads\/usu135\/2020\/05\/diana-150x150.png 150w\" sizes=\"auto, (max-width: 120px) 100vw, 120px\" \/><\/p>\n<h3>Brevetat i precisi\u00f3<\/h3>\n<p style=\"margin-bottom: 0.2em;\">A Internet, els textos s\u00f3n m\u00e9s breus i directes. Aneu al gra, retalleu tant com sigui possible.<\/p>\n<p><a href=\"https:\/\/agora.xtec.cat\/nodes\/consells-per-una-bona-comunicacio-families\/brevetat-precisio\/\">M\u00e9s informaci\u00f3<\/a><\/p>\n<\/div>\n<div class=\"small-12 large-4 text-center columns\">\n<p><a href=\"https:\/\/agora.xtec.cat\/nodes\/wp-content\/uploads\/usu135\/2020\/05\/icons8-web-accessibility-100.png\"><img loading=\"lazy\" decoding=\"async\" class=\"alignnone wp-image-10283\" title=\"Icona home de Vitrubi (accessibilitat)\" src=\"https:\/\/agora.xtec.cat\/nodes\/wp-content\/uploads\/usu135\/2020\/05\/icons8-web-accessibility-100.png\" alt=\"Icona home de Vitrubi (accessibilitat)\" width=\"120\" height=\"120\" \/><\/a><\/p>\n<h3>Accessibilitat<\/h3>\n<p style=\"margin-bottom: 0.2em;\">Penseu en els usuaris i usu\u00e0ries amb m\u00e9s dificultats. Guanya tothom perqu\u00e8 un web accessible \u00e9s un web millor.<\/p>\n<p><a href=\"https:\/\/agora.xtec.cat\/nodes\/consells-per-una-bona-comunicacio-families\/accessibilitat\/\">M\u00e9s informaci\u00f3<\/a><\/p>\n<\/div>\n<\/div>\n<div class=\"row\" style=\"margin-bottom: 2em !important;\">\n<div class=\"small-12 large-4 text-center columns\">\n<p><img loading=\"lazy\" decoding=\"async\" class=\"alignnone wp-image-10238\" title=\"S\u00edmbols home i dona i un signe d'igualtat\" src=\"https:\/\/agora.xtec.cat\/nodes\/wp-content\/uploads\/usu135\/2020\/05\/icons8-gender-equality-96.png\" alt=\"S\u00edmbols home i dona i un signe d'igualtat\" width=\"120\" height=\"120\" \/><\/p>\n<h3>\u00das no sexista del llenguatge<\/h3>\n<p>Criteris ling\u00fc\u00edstics per promoure uns usos respectuosos pel que fa al g\u00e8nere<\/p>\n<p><a href=\"https:\/\/agora.xtec.cat\/nodes\/consells-per-una-bona-comunicacio-families\/4-us-no-sexista-de-la-llengua\/\">M\u00e9s informaci\u00f3<\/a><\/p>\n<\/div>\n<div class=\"small-12 large-4 text-center columns\">\n<p><img loading=\"lazy\" decoding=\"async\" class=\"alignnone wp-image-10291\" title=\"Col\u00b7lecci\u00f3 de fotografies\" src=\"https:\/\/agora.xtec.cat\/nodes\/wp-content\/uploads\/usu135\/2020\/05\/stack-of-photos.png\" alt=\"Col\u00b7lecci\u00f3 de fotografies\" width=\"121\" height=\"121\" \/><\/p>\n<h3>\u00das de les imatges<\/h3>\n<p style=\"margin-bottom: 0.2em;\">Puc posar una imatge amb copyright al web del meu centre? I la foto on surt un infant?<\/p>\n<p><a href=\"https:\/\/agora.xtec.cat\/nodes\/consells-per-una-bona-comunicacio-families\/imatges\">M\u00e9s informaci\u00f3<\/a><\/p>\n<\/div>\n<div class=\"small-12 large-4 text-center columns\">\n<h3><img loading=\"lazy\" decoding=\"async\" class=\"alignnone wp-image-10527\" title=\"Un llapis\" src=\"https:\/\/agora.xtec.cat\/nodes\/wp-content\/uploads\/usu135\/2020\/06\/edit.png\" alt=\"Un llapis\" width=\"118\" height=\"118\" \/><\/h3>\n<h3>Propietat intel\u00b7lectual i autoria<\/h3>\n<p style=\"margin-bottom: 0.2em;\">Puc inserir un v\u00eddeo de youtube d&#8217;altres al web?<\/p>\n<p><a href=\"https:\/\/agora.xtec.cat\/nodes\/consells-per-una-bona-comunicacio-families\/autoria\">M\u00e9s informaci\u00f3<\/a><\/p>\n<\/div>\n<\/div>\n<div class=\"row\" style=\"margin-bottom: 2em !important;\">\n<div class=\"small-12 large-4 text-center columns\">\n<p><img loading=\"lazy\" decoding=\"async\" class=\"alignnone wp-image-10625\" title=\"Icona de Telegram\" src=\"https:\/\/agora.xtec.cat\/nodes\/wp-content\/uploads\/usu135\/2020\/06\/icons8-telegram-app-480.png\" alt=\"Icona de Telegram\" width=\"107\" height=\"107\" srcset=\"https:\/\/agora.xtec.cat\/nodes\/wp-content\/uploads\/usu135\/2020\/06\/icons8-telegram-app-480.png 480w, https:\/\/agora.xtec.cat\/nodes\/wp-content\/uploads\/usu135\/2020\/06\/icons8-telegram-app-480-150x150.png 150w, https:\/\/agora.xtec.cat\/nodes\/wp-content\/uploads\/usu135\/2020\/06\/icons8-telegram-app-480-300x300.png 300w\" sizes=\"auto, (max-width: 107px) 100vw, 107px\" \/><\/p>\n<h3>Canal de Telegram<\/h3>\n<p style=\"margin-bottom: 0.2em;\">Les persones subscrites rebran una notificaci\u00f3 al seu m\u00f2bil per cada nova not\u00edcia al web.<\/p>\n<p><a href=\"https:\/\/agora.xtec.cat\/nodes\/consells-per-una-bona-comunicacio-families\/canals-de-comunicacio\/canal-de-telegram\/\">M\u00e9s informaci\u00f3<\/a><\/p>\n<\/div>\n<div class=\"small-12 large-4 text-center columns\">\n<h3><img loading=\"lazy\" decoding=\"async\" class=\"alignnone wp-image-10627\" title=\"Icona d'una carta\" src=\"https:\/\/agora.xtec.cat\/nodes\/wp-content\/uploads\/usu135\/2020\/06\/mail.png\" alt=\"Icona d'una carta\" width=\"110\" height=\"110\" \/><\/h3>\n<h3>Subscripci\u00f3 de correu<\/h3>\n<p>Les persones subscrites rebran un correu per cada nova not\u00edcia al web.<\/p>\n<p><a href=\"https:\/\/agora.xtec.cat\/nodes\/consells-per-una-bona-comunicacio-families\/canals-de-comunicacio\/subcripcio-de-correu\/\">M\u00e9s informaci\u00f3<\/a><\/p>\n<\/div>\n<div class=\"small-12 large-4 text-center columns\">\n<h3><img loading=\"lazy\" decoding=\"async\" class=\"alignnone\" style=\"font-size: 16px; font-weight: normal;\" title=\"Icona d'una conversa\" src=\"https:\/\/img.icons8.com\/color\/120\/000000\/communication.png\" alt=\"Icona d'una conversa\" width=\"108\" height=\"108\" \/><\/h3>\n<h3>Xarxes socials<\/h3>\n<p style=\"margin-bottom: 0.2em;\">Twitter, Instagram, Facebook&#8230; i la xarxa social privada de Nodes.<\/p>\n<p><a href=\"https:\/\/agora.xtec.cat\/nodes\/consells-per-una-bona-comunicacio-families\/xarxes-socials\/\">M\u00e9s informaci\u00f3<\/a><\/p>\n<\/div>\n<\/div>\n<p>&nbsp;<\/p>\n<hr \/>\n<p>Totes les icones s&#8217;han obtingut de <a href=\"https:\/\/icons8.com\/\">icons8.com<\/a><\/p>\n","protected":false},"excerpt":{"rendered":"<p>&nbsp;<\/p>\n<p>Empat\u00eda<br \/>\nPoseu-vos a la pell dels vostres usuaris. El vostre web ha de respondre a les preguntes habituals que es fan les\u00a0 fam\u00edlies, alumnes i docents.<br \/>\n<a href=\"https:\/\/agora.xtec.cat\/nodes\/consells-per-una-bona-comunicacio-families\/empatia\/\">M\u00e9s informaci\u00f3<\/a><\/p>\n<p>Brevetat i precisi\u00f3<br \/>\nA Internet, els textos s\u00f3n m\u00e9s breus i directes. Aneu al gra, retalleu tant com sigui possible.<br \/>\n<a&hellip;  <a href=\"https:\/\/agora.xtec.cat\/nodes\/consells-per-una-bona-comunicacio-families\/\" title=\"Read Consells per una bona comunicaci\u00f3\">Llegeix m\u00e9s\u00bb<\/a><\/p>\n","protected":false},"author":1,"featured_media":0,"parent":0,"menu_order":0,"comment_status":"closed","ping_status":"closed","template":"page-templates\/side-menu.php","meta":{"_bbp_topic_count":0,"_bbp_reply_count":0,"_bbp_total_topic_count":0,"_bbp_total_reply_count":0,"_bbp_voice_count":0,"_bbp_anonymous_reply_count":0,"_bbp_topic_count_hidden":0,"_bbp_reply_count_hidden":0,"_bbp_forum_subforum_count":0,"footnotes":""},"class_list":["post-9997","page","type-page","status-publish","hentry"],"post_mailing_queue_ids":[],"_links":{"self":[{"href":"https:\/\/agora.xtec.cat\/nodes\/wp-json\/wp\/v2\/pages\/9997","targetHints":{"allow":["GET"]}}],"collection":[{"href":"https:\/\/agora.xtec.cat\/nodes\/wp-json\/wp\/v2\/pages"}],"about":[{"href":"https:\/\/agora.xtec.cat\/nodes\/wp-json\/wp\/v2\/types\/page"}],"author":[{"embeddable":true,"href":"https:\/\/agora.xtec.cat\/nodes\/wp-json\/wp\/v2\/users\/1"}],"replies":[{"embeddable":true,"href":"https:\/\/agora.xtec.cat\/nodes\/wp-json\/wp\/v2\/comments?post=9997"}],"version-history":[{"count":4,"href":"https:\/\/agora.xtec.cat\/nodes\/wp-json\/wp\/v2\/pages\/9997\/revisions"}],"predecessor-version":[{"id":11797,"href":"https:\/\/agora.xtec.cat\/nodes\/wp-json\/wp\/v2\/pages\/9997\/revisions\/11797"}],"wp:attachment":[{"href":"https:\/\/agora.xtec.cat\/nodes\/wp-json\/wp\/v2\/media?parent=9997"}],"curies":[{"name":"wp","href":"https:\/\/api.w.org\/{rel}","templated":true}]}}