{"id":417,"date":"2014-10-14T07:59:38","date_gmt":"2014-10-14T07:59:38","guid":{"rendered":"http:\/\/agora.xtec.cat\/nodes\/?page_id=417"},"modified":"2019-09-30T12:27:00","modified_gmt":"2019-09-30T10:27:00","slug":"estructura-conceptual","status":"publish","type":"page","link":"https:\/\/agora.xtec.cat\/nodes\/caracteristiques\/estructura-conceptual\/","title":{"rendered":"Elements estructurals"},"content":{"rendered":"<p style=\"color: #333333;\"><strong>Nodes<\/strong>\u00a0funciona sobre <em>WordPress<\/em> i per tant, treballa amb\u00a0els seus elements cl\u00e0ssics.\u00a0Els elements que poden ajudar-nos a establir la nostra estructura de continguts son:<\/p>\n<ul style=\"color: #333333;\">\n<li><strong style=\"color: #333333;\">Entrades<\/strong><span style=\"color: #333333;\">\u00a0(tamb\u00e9 es poden dir\u00a0<\/span><strong style=\"color: #333333;\">Not\u00edcies<\/strong><span style=\"color: #333333;\">\u00a0o<\/span><strong style=\"color: #333333;\">\u00a0<\/strong><span style=\"color: #333333;\"><b>Articles)<\/b>.\u00a0<\/span>\n<ul>\n<li><span style=\"color: #333333;\">En principi, estan pensades per ficar contingut dels esdeveniments (sortides, xerrades, celebracions, avisos, premis, etc.). <\/span><\/li>\n<li><span style=\"color: #333333;\">Les entrades incorporen informaci\u00f3 sobre l&#8217;autor\u00a0i\u00a0la data.<\/span><\/li>\n<li>Les entrades es poden classificar utilitzant <em>Categories<\/em> i <em>Etiquetes<\/em>.<\/li>\n<li>Es poden mostrar varies entrades juntes si tenen la mateixa\u00a0categoria en el que es denomina <em>P\u00e0gina de categoria.<\/em><\/li>\n<li>Es poden mostrar varies entrades juntes si tenen una mateixa etiqueta en el que es denomina <em>P\u00e0gina de etiqueta<\/em>.<\/li>\n<li>Les entrades no\u00a0es poden relacionar jer\u00e0rquicament.<\/li>\n<\/ul>\n<\/li>\n<\/ul>\n<p><a href=\"http:\/\/agora.xtec.cat\/nodes\/wp-content\/uploads\/usu135\/2014\/10\/Selecci\u00f3_768.png\"><img loading=\"lazy\" decoding=\"async\" class=\"alignnone size-full wp-image-435\" src=\"http:\/\/agora.xtec.cat\/nodes\/wp-content\/uploads\/usu135\/2014\/10\/Selecci\u00f3_768.png\" alt=\"Selecci\u00f3_768\" width=\"159\" height=\"347\" srcset=\"https:\/\/agora.xtec.cat\/nodes\/wp-content\/uploads\/usu135\/2014\/10\/Selecci\u00f3_768.png 159w, https:\/\/agora.xtec.cat\/nodes\/wp-content\/uploads\/usu135\/2014\/10\/Selecci\u00f3_768-137x300.png 137w\" sizes=\"auto, (max-width: 159px) 100vw, 159px\" \/><\/a>\u00a0<a href=\"http:\/\/agora.xtec.cat\/nodes\/wp-content\/uploads\/usu135\/2014\/10\/Selecci\u00f3_774.png\"><img loading=\"lazy\" decoding=\"async\" class=\"alignnone size-full wp-image-436\" src=\"http:\/\/agora.xtec.cat\/nodes\/wp-content\/uploads\/usu135\/2014\/10\/Selecci\u00f3_774.png\" alt=\"Selecci\u00f3_774\" width=\"660\" height=\"667\" srcset=\"https:\/\/agora.xtec.cat\/nodes\/wp-content\/uploads\/usu135\/2014\/10\/Selecci\u00f3_774.png 660w, https:\/\/agora.xtec.cat\/nodes\/wp-content\/uploads\/usu135\/2014\/10\/Selecci\u00f3_774-296x300.png 296w\" sizes=\"auto, (max-width: 660px) 100vw, 660px\" \/><\/a><\/p>\n<ul style=\"color: #333333;\">\n<li style=\"color: #333333;\"><strong>P\u00e0gines<\/strong>:\u00a0seria m\u00e9s correcte dir\u00a0<em>p\u00e0gina simple<\/em>, per\u00f2 per abreviar es diu <em>p\u00e0gina<\/em>.\n<ul>\n<li style=\"color: #333333;\">Aquest tipus de p\u00e0gina web est\u00e0 pensada per mostrar contingut que no canvia gaire (Hist\u00f2ria del centre, Instal\u00b7lacions, etc.) i\/o contingut jerarquitzat.<\/li>\n<li style=\"color: #333333;\">No mostra informaci\u00f3 sobre la data ni l&#8217;autor.<\/li>\n<li style=\"color: #333333;\">No es poden classificar fent servir <em>Etiquetes<\/em>\u00a0ni\u00a0<em>Categories<\/em>.<\/li>\n<li style=\"color: #333333;\">Permet establir una jerarquia de p\u00e0gines. Dins d&#8217;una p\u00e0gina mare, es poden\u00a0mostrar enlla\u00e7os a subp\u00e0gines de manera autom\u00e0tica definint com atribut de la p\u00e0gina una<em> Plantilla<\/em> de tipus <em>Barra esquerra (Subp\u00e0gines)<\/em><\/li>\n<\/ul>\n<\/li>\n<\/ul>\n<p><a href=\"http:\/\/agora.xtec.cat\/nodes\/wp-content\/uploads\/usu135\/2014\/10\/Selecci\u00f3_767.png\"><img loading=\"lazy\" decoding=\"async\" class=\"alignnone size-full wp-image-444\" src=\"http:\/\/agora.xtec.cat\/nodes\/wp-content\/uploads\/usu135\/2014\/10\/Selecci\u00f3_767.png\" alt=\"Selecci\u00f3_767\" width=\"158\" height=\"290\" \/><\/a>\u00a0<a href=\"http:\/\/agora.xtec.cat\/nodes\/wp-content\/uploads\/usu135\/2014\/10\/Selecci\u00f3_779.png\"><img loading=\"lazy\" decoding=\"async\" class=\"alignnone size-full wp-image-440\" src=\"http:\/\/agora.xtec.cat\/nodes\/wp-content\/uploads\/usu135\/2014\/10\/Selecci\u00f3_779.png\" alt=\"Selecci\u00f3_779\" width=\"290\" height=\"356\" srcset=\"https:\/\/agora.xtec.cat\/nodes\/wp-content\/uploads\/usu135\/2014\/10\/Selecci\u00f3_779.png 290w, https:\/\/agora.xtec.cat\/nodes\/wp-content\/uploads\/usu135\/2014\/10\/Selecci\u00f3_779-244x300.png 244w\" sizes=\"auto, (max-width: 290px) 100vw, 290px\" \/><\/a><\/p>\n<p><a href=\"http:\/\/agora.xtec.cat\/nodes\/wp-content\/uploads\/usu135\/2014\/10\/Selecci\u00f3_778.png\"><img loading=\"lazy\" decoding=\"async\" class=\"alignnone wp-image-439 size-full\" src=\"http:\/\/agora.xtec.cat\/nodes\/wp-content\/uploads\/usu135\/2014\/10\/Selecci\u00f3_778.png\" alt=\"Selecci\u00f3_778\" width=\"734\" height=\"531\" srcset=\"https:\/\/agora.xtec.cat\/nodes\/wp-content\/uploads\/usu135\/2014\/10\/Selecci\u00f3_778.png 734w, https:\/\/agora.xtec.cat\/nodes\/wp-content\/uploads\/usu135\/2014\/10\/Selecci\u00f3_778-300x217.png 300w\" sizes=\"auto, (max-width: 734px) 100vw, 734px\" \/><\/a><\/p>\n<ul style=\"color: #333333;\">\n<li style=\"color: #333333;\"><strong>Categories:<\/strong>\n<ul>\n<li style=\"color: #333333;\">Permeten classificar les<strong> entrades<\/strong> (articles) en conceptes\u00a0generals (ESO, Batxillerat, Cicles, etc). Normalment aquests grups generals tenen moltes entrades.<\/li>\n<li style=\"color: #333333;\">Una entrada pot ser classificada en 1 o m\u00e9s categories.<\/li>\n<li style=\"color: #333333;\">Es poden mostrar varies entrades juntes si tenen una mateixa categoria\u00a0en el que denominem\u00a0<em>P\u00e0gina de\u00a0categoria.<\/em><\/li>\n<\/ul>\n<\/li>\n<\/ul>\n<p><a href=\"http:\/\/agora.xtec.cat\/nodes\/wp-content\/uploads\/usu135\/2014\/10\/Selecci\u00f3_769.png\"><img loading=\"lazy\" decoding=\"async\" class=\"size-full wp-image-441 aligncenter\" src=\"http:\/\/agora.xtec.cat\/nodes\/wp-content\/uploads\/usu135\/2014\/10\/Selecci\u00f3_769.png\" alt=\"Selecci\u00f3_769\" width=\"157\" height=\"336\" srcset=\"https:\/\/agora.xtec.cat\/nodes\/wp-content\/uploads\/usu135\/2014\/10\/Selecci\u00f3_769.png 157w, https:\/\/agora.xtec.cat\/nodes\/wp-content\/uploads\/usu135\/2014\/10\/Selecci\u00f3_769-140x300.png 140w\" sizes=\"auto, (max-width: 157px) 100vw, 157px\" \/><\/a><\/p>\n<ul style=\"color: #333333;\">\n<li><strong style=\"line-height: normal;\">Etiquetes:<\/strong>\n<ul>\n<li>Permeten caracteritzar\u00a0les <strong>entrades<\/strong> en conceptes m\u00e9s concretes, espec\u00edfics (Audiovisuals, Sortides, Viatge d&#8217;estudis etc)<\/li>\n<li>Una entrada pot ser classificada amb\u00a01 o m\u00e9s\u00a0etiquetes.<\/li>\n<li>Es poden mostrar varies entrades juntes si tenen una mateixa etiqueta en el que\u00a0denominem\u00a0\u00a0<em style=\"line-height: normal;\">P\u00e0gina de etiqueta.<\/em><\/li>\n<\/ul>\n<\/li>\n<\/ul>\n<p><a href=\"http:\/\/agora.xtec.cat\/nodes\/wp-content\/uploads\/usu135\/2014\/10\/Selecci\u00f3_770.png\"><img loading=\"lazy\" decoding=\"async\" class=\"size-full wp-image-442 aligncenter\" src=\"http:\/\/agora.xtec.cat\/nodes\/wp-content\/uploads\/usu135\/2014\/10\/Selecci\u00f3_770.png\" alt=\"Selecci\u00f3_770\" width=\"158\" height=\"331\" srcset=\"https:\/\/agora.xtec.cat\/nodes\/wp-content\/uploads\/usu135\/2014\/10\/Selecci\u00f3_770.png 158w, https:\/\/agora.xtec.cat\/nodes\/wp-content\/uploads\/usu135\/2014\/10\/Selecci\u00f3_770-143x300.png 143w\" sizes=\"auto, (max-width: 158px) 100vw, 158px\" \/><\/a><\/p>\n<p><strong>EXEMPLE:<\/strong> Un article que parla sobre un taller de radio que es va fer a Sant Jordi en els nivells d&#8217;ESO i Batxillerat es podria classificar com:<\/p>\n<ul>\n<li style=\"list-style-type: none;\">\n<ul>\n<li>Categories: ESO, Batxillerat<\/li>\n<li>Etiquetes: Sant Jordi, Radio, Taller<\/li>\n<\/ul>\n<\/li>\n<\/ul>\n<ul style=\"color: #333333;\">\n<li style=\"color: #333333;\"><strong>P\u00e0gina de categories\u00a0<\/strong>\n<ul>\n<li style=\"color: #333333;\">Es generen autom\u00e0ticament a partir\u00a0de les entrades (articles) d&#8217;una mateixa categoria.<\/li>\n<li style=\"color: #333333;\">Es poden enlla\u00e7ar als men\u00fas.<\/li>\n<\/ul>\n<\/li>\n<\/ul>\n<ul style=\"color: #333333;\">\n<li><strong>P\u00e0gina d&#8217;etiquetes<\/strong>\n<ul>\n<li>Es generen autom\u00e0ticament a partir de les entrades d&#8217;una mateixa etiqueta.<\/li>\n<li>Es poden enlla\u00e7ar als men\u00fas.<\/li>\n<\/ul>\n<\/li>\n<\/ul>\n<ul>\n<li><strong style=\"color: #333333;\">Men\u00fas<br \/>\n<\/strong><span style=\"color: #333333;\">Un men\u00fa esta format per enlla\u00e7os. Aquest enlla\u00e7os poden apuntar a:<\/span><\/p>\n<ul style=\"color: #333333;\">\n<li><strong>P\u00e0gines<\/strong>:\u00a0enlla\u00e7a a una\u00a0<em>P\u00e0gina<\/em><\/li>\n<li><strong>Categories<\/strong>: enlla\u00e7a a una <em>P\u00e0gina de categoria<\/em> (d&#8217;articles)<\/li>\n<li><strong>Enlla\u00e7os<\/strong>: enlla\u00e7a a una adre\u00e7a web (URL). Aquest URL pot ser una p\u00e0gina web externa o interna (una article, per exemple)<\/li>\n<\/ul>\n<\/li>\n<\/ul>\n<p>Ja de manera m\u00e9s espec\u00edfica, a <strong>Nodes<\/strong> podem trobar:<\/p>\n<ul>\n<li><strong>P\u00e0gina d&#8217;inici:<\/strong> \u00e9s una <em>P\u00e0gina <\/em>una mica especial. Esta formada per una combinaci\u00f3 de:<\/li>\n<\/ul>\n<ul>\n<li style=\"list-style-type: none;\">\n<ol>\n<li>Una<strong style=\"line-height: normal;\">\u00a0P\u00e0gina <\/strong>simple\u00a0que podeu triar a\u00a0<strong style=\"line-height: normal;\">Aparen\u00e7a | Personalitza | P\u00e0gina d&#8217;inici | P\u00e0gina d&#8217;inici<\/strong>\u00a0i es mostra al principi de la p\u00e0gina d&#8217;inici. Aquesta p\u00e0gina ha de tenir com atribut una plantilla de tipus <em>Portada<\/em>.<\/li>\n<li>Una <strong>P\u00e0gina de categoria<\/strong> on es mostren els articles amb la categoria que trieu a\u00a0<strong>Aparen\u00e7a | Personalitza | P\u00e0gina d&#8217;inici |\u00a0Categoria d&#8217;articles.<\/strong> Es mostra despr\u00e9s de la p\u00e0gina\u00a0definida en el punt 1.<\/li>\n<\/ol>\n<\/li>\n<\/ul>\n<p><a href=\"http:\/\/agora.xtec.cat\/nodes\/wp-content\/uploads\/usu135\/2014\/10\/Selecci\u00f3_781.png\"><img loading=\"lazy\" decoding=\"async\" class=\"wp-image-443 aligncenter\" src=\"http:\/\/agora.xtec.cat\/nodes\/wp-content\/uploads\/usu135\/2014\/10\/Selecci\u00f3_781.png\" alt=\"Selecci\u00f3_781\" width=\"683\" height=\"465\" srcset=\"https:\/\/agora.xtec.cat\/nodes\/wp-content\/uploads\/usu135\/2014\/10\/Selecci\u00f3_781.png 1250w, https:\/\/agora.xtec.cat\/nodes\/wp-content\/uploads\/usu135\/2014\/10\/Selecci\u00f3_781-300x204.png 300w, https:\/\/agora.xtec.cat\/nodes\/wp-content\/uploads\/usu135\/2014\/10\/Selecci\u00f3_781-1024x697.png 1024w\" sizes=\"auto, (max-width: 683px) 100vw, 683px\" \/><\/a><\/p>\n<ul>\n<li><strong>Blocs d&#8217;estudis, de nivell i d&#8217;aula:<\/strong> en realitat no s\u00f3n blocs si no <em>P\u00e0gines de categoria<\/em>. El &#8220;bloc&#8221; d&#8217;ESO 1A \u00e9s simplement una <em>P\u00e0gina de categoria <\/em>amb articles marcats a la categoria &#8220;ESO1A&#8221;. La<strong> descripci\u00f3<\/strong> de la categoria es mostra a l&#8217;inici de la p\u00e0gina, de manera que es pot definir qualsevol contingut html (calendaris, videos, etc) abans dels articles.<\/li>\n<\/ul>\n","protected":false},"excerpt":{"rendered":"<p>Nodes\u00a0funciona sobre WordPress i per tant, treballa amb\u00a0els seus elements cl\u00e0ssics.\u00a0Els elements que poden ajudar-nos a establir la nostra estructura de continguts son:<\/p>\n<ul style=\"color: #333333;\">\n<li>Entrades\u00a0(tamb\u00e9 es poden dir\u00a0Not\u00edcies\u00a0o\u00a0Articles).\u00a0\n<ul>\n<li>En principi, estan pensades per ficar contingut dels esdeveniments (sortides, xerrades, celebracions, avisos, premis, etc.). <\/li>\n<li>Les entrades incorporen&hellip;  <a href=\"https:\/\/agora.xtec.cat\/nodes\/caracteristiques\/estructura-conceptual\/\" title=\"Read Elements estructurals\">Llegeix m\u00e9s\u00bb<\/a><br \/>\n","protected":false},"author":1,"featured_media":0,"parent":482,"menu_order":0,"comment_status":"closed","ping_status":"closed","template":"page-templates\/side-menu.php","meta":{"_bbp_topic_count":0,"_bbp_reply_count":0,"_bbp_total_topic_count":0,"_bbp_total_reply_count":0,"_bbp_voice_count":0,"_bbp_anonymous_reply_count":0,"_bbp_topic_count_hidden":0,"_bbp_reply_count_hidden":0,"_bbp_forum_subforum_count":0,"footnotes":""},"class_list":["post-417","page","type-page","status-publish","hentry"],"post_mailing_queue_ids":[],"_links":{"self":[{"href":"https:\/\/agora.xtec.cat\/nodes\/wp-json\/wp\/v2\/pages\/417","targetHints":{"allow":["GET"]}}],"collection":[{"href":"https:\/\/agora.xtec.cat\/nodes\/wp-json\/wp\/v2\/pages"}],"about":[{"href":"https:\/\/agora.xtec.cat\/nodes\/wp-json\/wp\/v2\/types\/page"}],"author":[{"embeddable":true,"href":"https:\/\/agora.xtec.cat\/nodes\/wp-json\/wp\/v2\/users\/1"}],"replies":[{"embeddable":true,"href":"https:\/\/agora.xtec.cat\/nodes\/wp-json\/wp\/v2\/comments?post=417"}],"version-history":[{"count":4,"href":"https:\/\/agora.xtec.cat\/nodes\/wp-json\/wp\/v2\/pages\/417\/revisions"}],"predecessor-version":[{"id":9842,"href":"https:\/\/agora.xtec.cat\/nodes\/wp-json\/wp\/v2\/pages\/417\/revisions\/9842"}],"up":[{"embeddable":true,"href":"https:\/\/agora.xtec.cat\/nodes\/wp-json\/wp\/v2\/pages\/482"}],"wp:attachment":[{"href":"https:\/\/agora.xtec.cat\/nodes\/wp-json\/wp\/v2\/media?parent=417"}],"curies":[{"name":"wp","href":"https:\/\/api.w.org\/{rel}","templated":true}]}}