{"id":2694,"date":"2015-12-14T12:06:55","date_gmt":"2015-12-14T11:06:55","guid":{"rendered":"http:\/\/agora.xtec.cat\/nodes\/?page_id=2694"},"modified":"2016-03-19T11:27:49","modified_gmt":"2016-03-19T10:27:49","slug":"8-hola-xarxa","status":"publish","type":"page","link":"https:\/\/agora.xtec.cat\/nodes\/guia-rapida\/8-hola-xarxa\/","title":{"rendered":"8. Hola xarxa!"},"content":{"rendered":"<p><iframe loading=\"lazy\" src=\"https:\/\/player.vimeo.com\/video\/158842890?color=aa2609&amp;byline=0&amp;portrait=0\" width=\"800\" height=\"500\" frameborder=\"0\" allowfullscreen=\"allowfullscreen\"><\/iframe><\/p>\n<p><iframe loading=\"lazy\" src=\"https:\/\/player.vimeo.com\/video\/158843858?color=aa2609&amp;byline=0&amp;portrait=0\" width=\"800\" height=\"500\" frameborder=\"0\" allowfullscreen=\"allowfullscreen\"><\/iframe><\/p>\n<p>Nodes incorpora\u00a0les extensions <strong>BuddyPress<\/strong> i <strong>BBPress<\/strong> (F\u00f2rums)\u00a0que\u00a0permeten implementar una xarxa social amb el control, la privacitat i la seguretat necess\u00e0ries. La xarxa est\u00e0 formada b\u00e0sicament pel <strong>Mur general<\/strong> i els <strong>nodes<\/strong>:<\/p>\n<ul>\n<li>El<strong> Mur general:<\/strong> qualsevol usuari\/\u00e0ria pot escriure un comentari, o adjuntar una imatge o un v\u00eddeo de manera molt senzilla.<\/li>\n<\/ul>\n<p><a href=\"http:\/\/agora.xtec.cat\/nodes\/wp-content\/uploads\/usu135\/2014\/01\/Selecci\u00f3_999001.png\"><img loading=\"lazy\" decoding=\"async\" class=\"aligncenter wp-image-1268\" src=\"http:\/\/agora.xtec.cat\/nodes\/wp-content\/uploads\/usu135\/2014\/01\/Selecci\u00f3_999001.png\" alt=\"Selecci\u00f3_999(001)\" width=\"689\" height=\"470\" srcset=\"https:\/\/agora.xtec.cat\/nodes\/wp-content\/uploads\/usu135\/2014\/01\/Selecci\u00f3_999001.png 1253w, https:\/\/agora.xtec.cat\/nodes\/wp-content\/uploads\/usu135\/2014\/01\/Selecci\u00f3_999001-300x204.png 300w, https:\/\/agora.xtec.cat\/nodes\/wp-content\/uploads\/usu135\/2014\/01\/Selecci\u00f3_999001-1024x697.png 1024w\" sizes=\"auto, (max-width: 689px) 100vw, 689px\" \/><\/a><\/p>\n<ul>\n<li>Els<strong>\u00a0nodes:<\/strong> espais amb el seu propi mur, f\u00f2rum i repositori de documents. Els nodes poden ser espais p\u00fablics, privats o ocults.<\/li>\n<\/ul>\n<p><a href=\"http:\/\/agora.xtec.cat\/nodes\/wp-content\/uploads\/usu135\/2014\/01\/Selecci\u00f3_999006.png\"><img loading=\"lazy\" decoding=\"async\" class=\"aligncenter wp-image-1267 \" src=\"http:\/\/agora.xtec.cat\/nodes\/wp-content\/uploads\/usu135\/2014\/01\/Selecci\u00f3_999006.png\" alt=\"Selecci\u00f3_999(006)\" width=\"288\" height=\"385\" srcset=\"https:\/\/agora.xtec.cat\/nodes\/wp-content\/uploads\/usu135\/2014\/01\/Selecci\u00f3_999006.png 240w, https:\/\/agora.xtec.cat\/nodes\/wp-content\/uploads\/usu135\/2014\/01\/Selecci\u00f3_999006-224x300.png 224w\" sizes=\"auto, (max-width: 288px) 100vw, 288px\" \/><\/a>Exemples de nodes reals: Professorat, Videojocs, Club de lectura, Not\u00edcies sobre la natura, Comissi\u00f3 TAC, Tutoria sobre RRR (Reducci\u00f3, Reciclatge, Reutilitzaci\u00f3), Cinema, Papirofl\u00e8xia, Grup-classe d&#8217;ESO 1D, Tutoria educaci\u00f3 emocional, M\u00fasica, Fotografia, Grup-classe ESO 2A, Grup-classe ESO 1A, Intercanvi de llibres, Reptes del laberint, Futbol, Mondo internet, Dibuix, Goma eva (manualitats).<\/p>\n<p><a href=\"http:\/\/agora.xtec.cat\/nodes\/wp-content\/uploads\/usu135\/2014\/01\/Selecci\u00f3_999007.png\"><img loading=\"lazy\" decoding=\"async\" class=\"aligncenter wp-image-1269\" src=\"http:\/\/agora.xtec.cat\/nodes\/wp-content\/uploads\/usu135\/2014\/01\/Selecci\u00f3_999007.png\" alt=\"Selecci\u00f3_999(007)\" width=\"615\" height=\"579\" srcset=\"https:\/\/agora.xtec.cat\/nodes\/wp-content\/uploads\/usu135\/2014\/01\/Selecci\u00f3_999007.png 854w, https:\/\/agora.xtec.cat\/nodes\/wp-content\/uploads\/usu135\/2014\/01\/Selecci\u00f3_999007-300x282.png 300w\" sizes=\"auto, (max-width: 615px) 100vw, 615px\" \/><\/a><\/p>\n<p style=\"text-align: center;\">\u00a0<em>Exemple de mur del node &#8220;Club de Lectura&#8221;<\/em><\/p>\n<h4>Transversal<\/h4>\n<p>La xarxa permet una veritable comunicaci\u00f3 transversal entre l&#8217;alumnat de diferents classes, cursos i nivells, agrupant-se atenent a projectes, aficions i interessos.<\/p>\n<h4>Eina de tutoria<\/h4>\n<p>Es pot crear un node per cada tema de tutoria que es vulgui tractar en profunditat durant un trimestre o tot el curs. Els propis alumnes poden ser els encarregats de gestionar i mantenir el node, afegint-hi contingut cada setmana i obrint converses de reflexi\u00f3. Si el node es p\u00fablic, tot el que es publica es replica al mur general, de manera que tot\u00a0el centre\u00a0pot veure l&#8217;activitat que s&#8217;est\u00e0 fent en aquella tutoria.<\/p>\n<p><a href=\"http:\/\/agora.xtec.cat\/nodes\/wp-content\/uploads\/usu135\/2014\/01\/Selecci\u00f3_999010.png\"><img loading=\"lazy\" decoding=\"async\" class=\"aligncenter wp-image-1274 \" src=\"http:\/\/agora.xtec.cat\/nodes\/wp-content\/uploads\/usu135\/2014\/01\/Selecci\u00f3_999010.png\" alt=\"Selecci\u00f3_999(010)\" width=\"653\" height=\"935\" srcset=\"https:\/\/agora.xtec.cat\/nodes\/wp-content\/uploads\/usu135\/2014\/01\/Selecci\u00f3_999010.png 572w, https:\/\/agora.xtec.cat\/nodes\/wp-content\/uploads\/usu135\/2014\/01\/Selecci\u00f3_999010-209x300.png 209w\" sizes=\"auto, (max-width: 653px) 100vw, 653px\" \/><\/a><\/p>\n<p style=\"text-align: center;\"><em>Node de reducci\u00f3, reutilitzaci\u00f3 i reciclatge, creat des de la tutoria de 2n d&#8217;ESO<br \/>\n<\/em><\/p>\n<h4>Intranet pel professorat<\/h4>\n<p>Simplement amb la creaci\u00f3 d&#8217;un node, el professorat pot disposar d&#8217;un espai privat on iniciar converses (Mur), desenvolupar temes en profunditat (F\u00f2rums) i compartir documents (Docs). Els\u00a0nodes permeten diferents tipus de subscripci\u00f3. D&#8217;aquesta\u00a0manera, el docent pot triar, segons la subscripci\u00f3, el flux d&#8217;informaci\u00f3 que\u00a0vol rebre.<\/p>\n<p><a href=\"http:\/\/agora.xtec.cat\/nodes\/wp-content\/uploads\/usu135\/2014\/01\/Selecci\u00f3_999008.png\"><img loading=\"lazy\" decoding=\"async\" class=\"aligncenter wp-image-1272\" src=\"http:\/\/agora.xtec.cat\/nodes\/wp-content\/uploads\/usu135\/2014\/01\/Selecci\u00f3_999008.png\" alt=\"Selecci\u00f3_999(008)\" width=\"631\" height=\"657\" srcset=\"https:\/\/agora.xtec.cat\/nodes\/wp-content\/uploads\/usu135\/2014\/01\/Selecci\u00f3_999008.png 759w, https:\/\/agora.xtec.cat\/nodes\/wp-content\/uploads\/usu135\/2014\/01\/Selecci\u00f3_999008-287x300.png 287w\" sizes=\"auto, (max-width: 631px) 100vw, 631px\" \/><\/a><\/p>\n<p style=\"text-align: center;\"><em>Mur del node professorat<\/em><\/p>\n<p><a href=\"http:\/\/agora.xtec.cat\/nodes\/wp-content\/uploads\/usu135\/2014\/01\/Selecci\u00f3_999009.png\"><img loading=\"lazy\" decoding=\"async\" class=\"aligncenter wp-image-1273\" src=\"http:\/\/agora.xtec.cat\/nodes\/wp-content\/uploads\/usu135\/2014\/01\/Selecci\u00f3_999009.png\" alt=\"Selecci\u00f3_999(009)\" width=\"658\" height=\"405\" srcset=\"https:\/\/agora.xtec.cat\/nodes\/wp-content\/uploads\/usu135\/2014\/01\/Selecci\u00f3_999009.png 856w, https:\/\/agora.xtec.cat\/nodes\/wp-content\/uploads\/usu135\/2014\/01\/Selecci\u00f3_999009-300x184.png 300w\" sizes=\"auto, (max-width: 658px) 100vw, 658px\" \/><\/a><\/p>\n<p style=\"text-align: center;\"><em>Apartat de documents associat al node\u00a0<\/em><\/p>\n","protected":false},"excerpt":{"rendered":"<p>Nodes incorpora\u00a0les extensions BuddyPress i BBPress (F\u00f2rums)\u00a0que\u00a0permeten implementar una xarxa social amb el control, la privacitat i la seguretat necess\u00e0ries. La xarxa est\u00e0 formada b\u00e0sicament pel Mur general i els nodes:<\/p>\n<ul>\n<li>El Mur general: qualsevol usuari\/\u00e0ria pot escriure un comentari, o adjuntar una imatge o un&hellip;  <a href=\"https:\/\/agora.xtec.cat\/nodes\/guia-rapida\/8-hola-xarxa\/\" title=\"Read 8. Hola xarxa!\">Llegeix m\u00e9s\u00bb<\/a><br \/>\n","protected":false},"author":2,"featured_media":0,"parent":2684,"menu_order":80,"comment_status":"closed","ping_status":"closed","template":"page-templates\/side-menu.php","meta":{"_bbp_topic_count":0,"_bbp_reply_count":0,"_bbp_total_topic_count":0,"_bbp_total_reply_count":0,"_bbp_voice_count":0,"_bbp_anonymous_reply_count":0,"_bbp_topic_count_hidden":0,"_bbp_reply_count_hidden":0,"_bbp_forum_subforum_count":0,"footnotes":""},"class_list":["post-2694","page","type-page","status-publish","hentry"],"post_mailing_queue_ids":[],"_links":{"self":[{"href":"https:\/\/agora.xtec.cat\/nodes\/wp-json\/wp\/v2\/pages\/2694","targetHints":{"allow":["GET"]}}],"collection":[{"href":"https:\/\/agora.xtec.cat\/nodes\/wp-json\/wp\/v2\/pages"}],"about":[{"href":"https:\/\/agora.xtec.cat\/nodes\/wp-json\/wp\/v2\/types\/page"}],"author":[{"embeddable":true,"href":"https:\/\/agora.xtec.cat\/nodes\/wp-json\/wp\/v2\/users\/2"}],"replies":[{"embeddable":true,"href":"https:\/\/agora.xtec.cat\/nodes\/wp-json\/wp\/v2\/comments?post=2694"}],"version-history":[{"count":3,"href":"https:\/\/agora.xtec.cat\/nodes\/wp-json\/wp\/v2\/pages\/2694\/revisions"}],"predecessor-version":[{"id":3044,"href":"https:\/\/agora.xtec.cat\/nodes\/wp-json\/wp\/v2\/pages\/2694\/revisions\/3044"}],"up":[{"embeddable":true,"href":"https:\/\/agora.xtec.cat\/nodes\/wp-json\/wp\/v2\/pages\/2684"}],"wp:attachment":[{"href":"https:\/\/agora.xtec.cat\/nodes\/wp-json\/wp\/v2\/media?parent=2694"}],"curies":[{"name":"wp","href":"https:\/\/api.w.org\/{rel}","templated":true}]}}