{"id":2682,"date":"2015-12-14T10:29:53","date_gmt":"2015-12-14T09:29:53","guid":{"rendered":"http:\/\/agora.xtec.cat\/nodes\/?page_id=2682"},"modified":"2015-12-14T10:31:53","modified_gmt":"2015-12-14T09:31:53","slug":"1-comencem","status":"publish","type":"page","link":"https:\/\/agora.xtec.cat\/nodes\/guia-rapida\/1-comencem\/","title":{"rendered":"1. Comencem"},"content":{"rendered":"<p>Abans de comen\u00e7ar, necessitareu alguns conceptes previs molt importants. NODES, basat en <em>WordPress<\/em> funciona principalment amb dos tipus de continguts:<\/p>\n<ul>\n<li><strong>Articles<\/strong> (tamb\u00e9 es diuen Not\u00edcies\u00a0o\u00a0Entrades)<br \/>\nFareu servir articles per publicar <strong>esdeveniments<\/strong> (sortides, xerrades, celebracions, avisos, premis, etc.). Associat a l&#8217;article hi ha dos elements tamb\u00e9 molt importants:<\/p>\n<ul>\n<li><strong style=\"line-height: normal;\">Categories<\/strong>: permeten classificar els articles en conceptes generals. Normalment\u00a0una categoria cont\u00e9 un volum important d&#8217;articles.<br \/>\nEx:\u00a0ESO, Batxillerat, Cicles, Escola verda, AMPA, etc.<\/li>\n<li><strong>Etiquetes<\/strong>: permeten classificar els articles en conceptes m\u00e9s concrets i espec\u00edfics. Caracteritzen a la noticia m\u00e9s que classificar-la.<br \/>\nEx: Audiovisuals, Sortides, Viatge d&#8217;estudis, Sant Jordi, etc<\/li>\n<\/ul>\n<\/li>\n<li><span style=\"font-family: inherit; font-size: 1em; line-height: 1.6;\"><span style=\"font-family: inherit; font-size: 1em; line-height: 1.6;\"><strong>P\u00e0gines<\/strong>: fareu servir p\u00e0gines per mostrar contingut estructural, que no canvia gaire.<br \/>\nEx: Presentaci\u00f3, Hist\u00f2ria del centre, Instal\u00b7lacions etc.\u00a0<\/span><\/span><\/li>\n<\/ul>\n","protected":false},"excerpt":{"rendered":"<p>Abans de comen\u00e7ar, necessitareu alguns conceptes previs molt importants. NODES, basat en WordPress funciona principalment amb dos tipus de continguts:<\/p>\n<ul>\n<li>Articles (tamb\u00e9 es diuen Not\u00edcies\u00a0o\u00a0Entrades)<br \/>\nFareu servir articles per publicar esdeveniments (sortides, xerrades, celebracions, avisos, premis, etc.). Associat a l&#8217;article hi ha dos elements tamb\u00e9 molt importants:<\/p>\n<ul>\n<li>Categories:&hellip;  <a href=\"https:\/\/agora.xtec.cat\/nodes\/guia-rapida\/1-comencem\/\" title=\"Read 1. Comencem\">Llegeix m\u00e9s\u00bb<\/a><br \/>\n","protected":false},"author":2,"featured_media":0,"parent":2684,"menu_order":10,"comment_status":"closed","ping_status":"closed","template":"page-templates\/side-menu.php","meta":{"_bbp_topic_count":0,"_bbp_reply_count":0,"_bbp_total_topic_count":0,"_bbp_total_reply_count":0,"_bbp_voice_count":0,"_bbp_anonymous_reply_count":0,"_bbp_topic_count_hidden":0,"_bbp_reply_count_hidden":0,"_bbp_forum_subforum_count":0,"footnotes":""},"class_list":["post-2682","page","type-page","status-publish","hentry"],"post_mailing_queue_ids":[],"_links":{"self":[{"href":"https:\/\/agora.xtec.cat\/nodes\/wp-json\/wp\/v2\/pages\/2682","targetHints":{"allow":["GET"]}}],"collection":[{"href":"https:\/\/agora.xtec.cat\/nodes\/wp-json\/wp\/v2\/pages"}],"about":[{"href":"https:\/\/agora.xtec.cat\/nodes\/wp-json\/wp\/v2\/types\/page"}],"author":[{"embeddable":true,"href":"https:\/\/agora.xtec.cat\/nodes\/wp-json\/wp\/v2\/users\/2"}],"replies":[{"embeddable":true,"href":"https:\/\/agora.xtec.cat\/nodes\/wp-json\/wp\/v2\/comments?post=2682"}],"version-history":[{"count":1,"href":"https:\/\/agora.xtec.cat\/nodes\/wp-json\/wp\/v2\/pages\/2682\/revisions"}],"predecessor-version":[{"id":2683,"href":"https:\/\/agora.xtec.cat\/nodes\/wp-json\/wp\/v2\/pages\/2682\/revisions\/2683"}],"up":[{"embeddable":true,"href":"https:\/\/agora.xtec.cat\/nodes\/wp-json\/wp\/v2\/pages\/2684"}],"wp:attachment":[{"href":"https:\/\/agora.xtec.cat\/nodes\/wp-json\/wp\/v2\/media?parent=2682"}],"curies":[{"name":"wp","href":"https:\/\/api.w.org\/{rel}","templated":true}]}}