{"id":2012,"date":"2015-11-06T21:06:57","date_gmt":"2015-11-06T20:06:57","guid":{"rendered":"http:\/\/agora.xtec.cat\/nodes\/?page_id=2012"},"modified":"2020-06-19T19:04:47","modified_gmt":"2020-06-19T17:04:47","slug":"foto-carrusel","status":"publish","type":"page","link":"https:\/\/agora.xtec.cat\/nodes\/llibre-destil\/foto-carrusel\/","title":{"rendered":"Foto\/Carrusel de cap\u00e7alera"},"content":{"rendered":"<ul>\n<li>Mida recomanada: <strong>1000<\/strong> x <strong>220<\/strong>px<\/li>\n<\/ul>\n<table style=\"height: 116px;\" width=\"675\">\n<tbody>\n<tr>\n<td><\/td>\n<td><strong>Pros<\/strong><\/td>\n<td><strong>Contres<\/strong><\/td>\n<\/tr>\n<tr>\n<td>Foto<\/td>\n<td>\n<ul>\n<li>C\u00e0rrega m\u00e9s r\u00e0pida de la p\u00e0gina<\/li>\n<li>Permet utilitzar carrusels als articles<\/li>\n<\/ul>\n<\/td>\n<td>\n<ul>\n<li>\u00c9s convenient renovar la foto de tant en tant.<\/li>\n<\/ul>\n<\/td>\n<\/tr>\n<tr>\n<td>Carrusel<\/td>\n<td>\n<ul>\n<li>Permet mostrar diferents imatges del centre, festes, sortides, etc. Si configureu presentaci\u00f3 aleat\u00f2ria, podeu deixar un carrusel de 8-10 fotos tot l&#8217;any.<\/li>\n<\/ul>\n<\/td>\n<td>\n<ul>\n<li>La p\u00e0gina triga m\u00e9s en carregar.<\/li>\n<li>No es convenient\u00a0tenir m\u00e9s d&#8217;un carrusel en moviment a l&#8217;hora.<\/li>\n<\/ul>\n<\/td>\n<\/tr>\n<\/tbody>\n<\/table>\n<p>&nbsp;<\/p>\n","protected":false},"excerpt":{"rendered":"<ul>\n<li>Mida recomanada: 1000 x 220px<\/li>\n<\/ul>\n<p>Pros<br \/>\nContres<\/p>\n<p>Foto<\/p>\n<ul>\n<li>C\u00e0rrega m\u00e9s r\u00e0pida de la p\u00e0gina<\/li>\n<li>Permet utilitzar carrusels als articles<\/li>\n<\/ul>\n<ul>\n<li>\u00c9s convenient renovar la foto de tant en tant.<\/li>\n<\/ul>\n<p>Carrusel<\/p>\n<ul>\n<li>Permet mostrar diferents imatges del centre, festes, sortides, etc. Si configureu presentaci\u00f3 aleat\u00f2ria, podeu deixar un carrusel de 8-10 fotos tot l&#8217;any.<\/li>\n<\/ul>\n<ul>\n<li>La p\u00e0gina triga&hellip;  <a href=\"https:\/\/agora.xtec.cat\/nodes\/llibre-destil\/foto-carrusel\/\" title=\"Read Foto\/Carrusel de cap\u00e7alera\">Llegeix m\u00e9s\u00bb<\/a><br \/>\n","protected":false},"author":1,"featured_media":0,"parent":2055,"menu_order":20,"comment_status":"closed","ping_status":"closed","template":"page-templates\/side-menu.php","meta":{"_bbp_topic_count":0,"_bbp_reply_count":0,"_bbp_total_topic_count":0,"_bbp_total_reply_count":0,"_bbp_voice_count":0,"_bbp_anonymous_reply_count":0,"_bbp_topic_count_hidden":0,"_bbp_reply_count_hidden":0,"_bbp_forum_subforum_count":0,"footnotes":""},"class_list":["post-2012","page","type-page","status-publish","hentry"],"post_mailing_queue_ids":[],"_links":{"self":[{"href":"https:\/\/agora.xtec.cat\/nodes\/wp-json\/wp\/v2\/pages\/2012","targetHints":{"allow":["GET"]}}],"collection":[{"href":"https:\/\/agora.xtec.cat\/nodes\/wp-json\/wp\/v2\/pages"}],"about":[{"href":"https:\/\/agora.xtec.cat\/nodes\/wp-json\/wp\/v2\/types\/page"}],"author":[{"embeddable":true,"href":"https:\/\/agora.xtec.cat\/nodes\/wp-json\/wp\/v2\/users\/1"}],"replies":[{"embeddable":true,"href":"https:\/\/agora.xtec.cat\/nodes\/wp-json\/wp\/v2\/comments?post=2012"}],"version-history":[{"count":4,"href":"https:\/\/agora.xtec.cat\/nodes\/wp-json\/wp\/v2\/pages\/2012\/revisions"}],"predecessor-version":[{"id":2841,"href":"https:\/\/agora.xtec.cat\/nodes\/wp-json\/wp\/v2\/pages\/2012\/revisions\/2841"}],"up":[{"embeddable":true,"href":"https:\/\/agora.xtec.cat\/nodes\/wp-json\/wp\/v2\/pages\/2055"}],"wp:attachment":[{"href":"https:\/\/agora.xtec.cat\/nodes\/wp-json\/wp\/v2\/media?parent=2012"}],"curies":[{"name":"wp","href":"https:\/\/api.w.org\/{rel}","templated":true}]}}