{"id":1951,"date":"2015-09-30T11:22:28","date_gmt":"2015-09-30T10:22:28","guid":{"rendered":"http:\/\/agora.xtec.cat\/nodes\/?page_id=1951"},"modified":"2017-02-28T09:56:03","modified_gmt":"2017-02-28T08:56:03","slug":"cites","status":"publish","type":"page","link":"https:\/\/agora.xtec.cat\/nodes\/cites\/","title":{"rendered":"Cites c\u00e8lebres"},"content":{"rendered":"<p>Podeu crear f\u00e0cilment un sistema de cites\u00a0c\u00e8lebres.<\/p>\n<p>Heu de crear un <strong>carrusel<\/strong> i afegir diapositives de tipus text. Podeu triar colors i escriure text directament.<br \/>\nTamb\u00e9 podeu escriure codi html, per donar-li un format m\u00e9s sofisticat, combinant text amb imatge. Despr\u00e9s heu de definir un giny de tipus Carrusel i definir la p\u00e0gina o p\u00e0gines o voleu que es vegi (bot\u00f3 visibilitat).<\/p>\n<p>Exemple:<\/p>\n<blockquote><p>&lt;img width=&#8221;70px&#8221; src=&#8221;http:\/\/agora.xtec.cat\/nodes\/wp-content\/uploads\/usu135\/2015\/09\/jeanpiaget.jpg&#8221;&gt;<br \/>\n&lt;br&gt;<br \/>\n&lt;strong&gt;Int\u00e8l\u00b7ligencia&lt;\/strong&gt; \u00e9s el que fas servir\u00a0quan no saps qu\u00e8 fer<br \/>\n&lt;br&gt;<br \/>\n&lt;i&gt;Jean Piaget&lt;\/i&gt;<\/p><\/blockquote>\n<p><strong>&lt;br&gt;<\/strong>\u00a0afegeix un salt de l\u00ednia<br \/>\n<strong>&lt;strong&gt; <\/strong>aplica negreta<br \/>\n<strong>&lt;i&gt;<\/strong>\u00a0aplica cursiva<br \/>\n<strong>&lt;img&gt;<\/strong>\u00a0afegeix\u00a0una foto, l&#8217;atribut<strong> width<\/strong> estableix l&#8217;amplada m\u00e0xima de la foto<\/p>\n","protected":false},"excerpt":{"rendered":"<p>Podeu crear f\u00e0cilment un sistema de cites\u00a0c\u00e8lebres.<br \/>\nHeu de crear un carrusel i afegir diapositives de tipus text. Podeu triar colors i escriure text directament.<br \/>\nTamb\u00e9 podeu escriure codi html, per donar-li un format m\u00e9s sofisticat, combinant text amb imatge. Despr\u00e9s heu de definir un giny de&hellip;  <a href=\"https:\/\/agora.xtec.cat\/nodes\/cites\/\" title=\"Read Cites c\u00e8lebres\">Llegeix m\u00e9s\u00bb<\/a><\/p>\n","protected":false},"author":1,"featured_media":0,"parent":0,"menu_order":0,"comment_status":"closed","ping_status":"closed","template":"","meta":{"_bbp_topic_count":0,"_bbp_reply_count":0,"_bbp_total_topic_count":0,"_bbp_total_reply_count":0,"_bbp_voice_count":0,"_bbp_anonymous_reply_count":0,"_bbp_topic_count_hidden":0,"_bbp_reply_count_hidden":0,"_bbp_forum_subforum_count":0,"footnotes":""},"class_list":["post-1951","page","type-page","status-publish","hentry"],"post_mailing_queue_ids":[],"_links":{"self":[{"href":"https:\/\/agora.xtec.cat\/nodes\/wp-json\/wp\/v2\/pages\/1951","targetHints":{"allow":["GET"]}}],"collection":[{"href":"https:\/\/agora.xtec.cat\/nodes\/wp-json\/wp\/v2\/pages"}],"about":[{"href":"https:\/\/agora.xtec.cat\/nodes\/wp-json\/wp\/v2\/types\/page"}],"author":[{"embeddable":true,"href":"https:\/\/agora.xtec.cat\/nodes\/wp-json\/wp\/v2\/users\/1"}],"replies":[{"embeddable":true,"href":"https:\/\/agora.xtec.cat\/nodes\/wp-json\/wp\/v2\/comments?post=1951"}],"version-history":[{"count":4,"href":"https:\/\/agora.xtec.cat\/nodes\/wp-json\/wp\/v2\/pages\/1951\/revisions"}],"predecessor-version":[{"id":3685,"href":"https:\/\/agora.xtec.cat\/nodes\/wp-json\/wp\/v2\/pages\/1951\/revisions\/3685"}],"wp:attachment":[{"href":"https:\/\/agora.xtec.cat\/nodes\/wp-json\/wp\/v2\/media?parent=1951"}],"curies":[{"name":"wp","href":"https:\/\/api.w.org\/{rel}","templated":true}]}}