{"id":1610,"date":"2015-06-26T17:42:00","date_gmt":"2015-06-26T16:42:00","guid":{"rendered":"http:\/\/agora.xtec.cat\/nodes\/?page_id=1610"},"modified":"2017-07-06T20:51:27","modified_gmt":"2017-07-06T18:51:27","slug":"1-personalitza-la-capcalera","status":"publish","type":"page","link":"https:\/\/agora.xtec.cat\/nodes\/taller\/1-personalitza-la-capcalera\/","title":{"rendered":"1. Personalitzant la cap\u00e7alera"},"content":{"rendered":"<p><iframe loading=\"lazy\" src=\"https:\/\/player.vimeo.com\/video\/153709461?color=ff0179&amp;title=0&amp;byline=0&amp;portrait=0\" width=\"800\" height=\"500\" frameborder=\"0\" allowfullscreen=\"allowfullscreen\"><\/iframe><\/p>\n<p><iframe loading=\"lazy\" src=\"https:\/\/player.vimeo.com\/video\/153711261?color=ff0179&amp;title=0&amp;byline=0&amp;portrait=0\" width=\"800\" height=\"500\" frameborder=\"0\" allowfullscreen=\"allowfullscreen\"><\/iframe><\/p>\n<p><strong>Tasques<\/strong><\/p>\n<ol>\n<li>V\u00e9s a\u00a0la icona d&#8217;<strong>Administraci\u00f3<\/strong>\u00a0-&gt; <strong>Personalitza<\/strong><br \/>\n<a href=\"http:\/\/agora.xtec.cat\/nodes\/wp-content\/uploads\/usu135\/2015\/06\/Selecci\u00f3_999313.png\"><img loading=\"lazy\" decoding=\"async\" class=\"alignnone size-thumbnail wp-image-1737\" src=\"http:\/\/agora.xtec.cat\/nodes\/wp-content\/uploads\/usu135\/2015\/06\/Selecci\u00f3_999313-150x150.png\" alt=\"Selecci\u00f3_999(313)\" width=\"150\" height=\"150\" \/><\/a><\/li>\n<li>Canvia el <strong>nom<\/strong> i el <strong>lema<\/strong> del centre a la pestanya <strong>Cap\u00e7alera<\/strong><\/li>\n<div class=\"observa\">\n<p>Observa que:<\/p>\n<ul>\n<li>Es poden col\u00b7locar les paraules a diferents l\u00ednies per trobar la composici\u00f3 m\u00e9s est\u00e8tica<\/li>\n<li>Es pot definir la mida de la lletra del nom del centre per\u00f2 no\u00a0es pot definir la mida de la lletra del lema<\/li>\n<li>Pots veure lemes de centres reals <a href=\"http:\/\/agora.xtec.cat\/nodes\/wp-content\/uploads\/usu135\/2015\/06\/Selecci\u00f3_999311.png\" target=\"_blank\">aqu\u00ed<\/a><\/li>\n<\/ul>\n<\/div>\n<li>Tria els colors que m\u00e9s t&#8217;agradin a\u00a0<strong>Administraci\u00f3<\/strong>\u00a0-&gt; <strong>Personalitza<\/strong>, pestanya <strong>Colors<\/strong><\/li>\n<li>Modifica les icones de la graella d&#8217;icones de la cap\u00e7alera a <strong>Administraci\u00f3 <\/strong> -&gt; <strong>Tauler<\/strong> -&gt; (men\u00fa lateral)\u00a0<strong>Aparen\u00e7a<\/strong> -&gt; <strong>Icones de cap\u00e7alera<\/strong><\/li>\n<li>Marca la casella de verificaci\u00f3 <strong>Mostra text sota la icona<\/strong><\/li>\n<div class=\"observa\">\n<p>Observa que:<\/p>\n<ul>\n<li>Degut a una mem\u00f2ria cau, el text pot trigar una estona en sortir. Per for\u00e7ar que es buidi aquesta mem\u00f2ria, proveu tamb\u00e9 a canviar el text d&#8217;una icona (el podeu deixar com estava despr\u00e9s)<\/li>\n<\/ul>\n<\/div>\n<\/ol>\n","protected":false},"excerpt":{"rendered":"<p>Tasques<\/p>\n<ol>\n<li>V\u00e9s a\u00a0la icona d&#8217;Administraci\u00f3\u00a0-&gt; Personalitza<br \/>\n<a href=\"http:\/\/agora.xtec.cat\/nodes\/wp-content\/uploads\/usu135\/2015\/06\/Selecci\u00f3_999313.png\"><\/a><\/li>\n<li>Canvia el nom i el lema del centre a la pestanya Cap\u00e7alera<\/li>\n<p>Observa que:<\/p>\n<ul>\n<li>Es poden col\u00b7locar les paraules a diferents l\u00ednies per trobar la composici\u00f3 m\u00e9s est\u00e8tica<\/li>\n<li>Es pot definir la mida de la lletra del nom del centre per\u00f2 no\u00a0es pot&hellip;  <a href=\"https:\/\/agora.xtec.cat\/nodes\/taller\/1-personalitza-la-capcalera\/\" title=\"Read 1. Personalitzant la cap\u00e7alera\">Llegeix m\u00e9s\u00bb<\/a><br \/>\n","protected":false},"author":1,"featured_media":0,"parent":1531,"menu_order":5,"comment_status":"closed","ping_status":"closed","template":"page-templates\/side-menu.php","meta":{"_bbp_topic_count":0,"_bbp_reply_count":0,"_bbp_total_topic_count":0,"_bbp_total_reply_count":0,"_bbp_voice_count":0,"_bbp_anonymous_reply_count":0,"_bbp_topic_count_hidden":0,"_bbp_reply_count_hidden":0,"_bbp_forum_subforum_count":0,"footnotes":""},"class_list":["post-1610","page","type-page","status-publish","hentry"],"post_mailing_queue_ids":[],"_links":{"self":[{"href":"https:\/\/agora.xtec.cat\/nodes\/wp-json\/wp\/v2\/pages\/1610","targetHints":{"allow":["GET"]}}],"collection":[{"href":"https:\/\/agora.xtec.cat\/nodes\/wp-json\/wp\/v2\/pages"}],"about":[{"href":"https:\/\/agora.xtec.cat\/nodes\/wp-json\/wp\/v2\/types\/page"}],"author":[{"embeddable":true,"href":"https:\/\/agora.xtec.cat\/nodes\/wp-json\/wp\/v2\/users\/1"}],"replies":[{"embeddable":true,"href":"https:\/\/agora.xtec.cat\/nodes\/wp-json\/wp\/v2\/comments?post=1610"}],"version-history":[{"count":3,"href":"https:\/\/agora.xtec.cat\/nodes\/wp-json\/wp\/v2\/pages\/1610\/revisions"}],"predecessor-version":[{"id":9360,"href":"https:\/\/agora.xtec.cat\/nodes\/wp-json\/wp\/v2\/pages\/1610\/revisions\/9360"}],"up":[{"embeddable":true,"href":"https:\/\/agora.xtec.cat\/nodes\/wp-json\/wp\/v2\/pages\/1531"}],"wp:attachment":[{"href":"https:\/\/agora.xtec.cat\/nodes\/wp-json\/wp\/v2\/media?parent=1610"}],"curies":[{"name":"wp","href":"https:\/\/api.w.org\/{rel}","templated":true}]}}