{"id":1602,"date":"2015-06-26T17:38:12","date_gmt":"2015-06-26T16:38:12","guid":{"rendered":"http:\/\/agora.xtec.cat\/nodes\/?page_id=1602"},"modified":"2017-07-06T13:29:35","modified_gmt":"2017-07-06T11:29:35","slug":"creacio-de-nodes","status":"publish","type":"page","link":"https:\/\/agora.xtec.cat\/nodes\/taller\/creacio-de-nodes\/","title":{"rendered":"7. Creaci\u00f3 de Nodes"},"content":{"rendered":"<p><iframe loading=\"lazy\" src=\"https:\/\/player.vimeo.com\/video\/158843858\" width=\"640\" height=\"400\" frameborder=\"0\" webkitallowfullscreen mozallowfullscreen allowfullscreen><\/iframe><\/p>\n<p><strong>Conceptes previs<\/strong><\/p>\n<ul>\n<li>Un node \u00e9s un grup d&#8217;usuaris que comparteixen alguna cosa.\n<ul>\n<li>La mateixa <strong>classe<\/strong> (ex. ESO 1A)<\/li>\n<li><strong>Aficions<\/strong> (cinema, lectura, papiroflexia, Justin Bieber\u00a0 \ud83d\ude2f &#8230;)<\/li>\n<li><strong>Tutoria<\/strong> (mediambient, alimentaci\u00f3 sana, educaci\u00f3 emocional, educaci\u00f3 sexual, bulling, etc.)<\/li>\n<li><strong>Projectes<\/strong> (rob\u00f2tica, scratch, hort)<\/li>\n<li>&#8230;<\/li>\n<\/ul>\n<\/li>\n<li>Els nodes poden ser:\n<ul>\n<li><strong>P\u00fablics:<\/strong> els usuaris autenticats a la xarxa poden entrar directament<\/li>\n<li><strong>Privats: <\/strong>cal demanar perm\u00eds per entrar. Un administrador o un moderador han de donar el vistiplau<\/li>\n<li><strong>Ocults:<\/strong> no es visualitzen a la llista de Nodes, nom\u00e9s per invitaci\u00f3<\/li>\n<\/ul>\n<\/li>\n<li>Els usuaris d&#8217;un node poden triar la freq\u00fc\u00e8ncia de notificacions que volen rebre respecte a l&#8217;activitat del node (notificaci\u00f3 instant\u00e0nia, resum diari, resum setmanal)<\/li>\n<\/ul>\n<p><strong>Tasques pr\u00e8vies<\/strong><\/p>\n<p>Per veure el potencial d&#8217;un node, necessiteu tenir usuaris. Si no teniu\u00a0configurada la validaci\u00f3 per Google\/Moodle i no teniu usuaris, podeu crear un usuari manualment a <strong>Tauler<\/strong> -&gt; <strong>Usuaris. <\/strong>Podeu crear un usuari per un company de taller.<\/p>\n<p><strong>Tasques<\/strong><\/p>\n<ol>\n<li>Com a <strong>administrador<\/strong>, fes clic a la icona <strong>Nodes<\/strong> de la graella d&#8217;icones (cap\u00e7alera)<\/li>\n<li>Fes clic sobre el t\u00edtol del giny <strong>Nodes\u00a0<\/strong><\/li>\n<li>Fes clic sobre el bot\u00f3 <strong>Crea un node<\/strong>\n<ul>\n<li>Posa un nom (ex. Comissi\u00f3 TAC) i una descripci\u00f3<\/li>\n<li>A <strong>Opcions de privacitat<\/strong>, tria node <strong>privat<\/strong><\/li>\n<li>A <strong>Invitacions del Node<\/strong>, tria <strong>Nom\u00e9s els nodes d&#8217;administradors i moderadors<\/strong><\/li>\n<li>A <strong>Subscripci\u00f3 de correu electr\u00f2nic<\/strong> per defecte, tria\u00a0<strong>Tot per correu electr\u00f2nic<\/strong><\/li>\n<li><strong>F\u00f2rum<\/strong>? s\u00ed<\/li>\n<li><strong>Documents<\/strong>? s\u00ed, <strong>Rol m\u00ednim<\/strong>: membre del node<\/li>\n<li>Tria una foto pel grup (ex. aquesta foto)<\/li>\n<\/ul>\n<\/li>\n<li>Convida algun company del taller per\u00a0participar en el node (l&#8217;usuari ha d&#8217;existir a Nodes pr\u00e8viament). Per convidar, has de seleccionar l&#8217;usuari i fer clic al bot\u00f3<strong> Finalitza<\/strong>. L&#8217;usuari convidat rebr\u00e0 un correu<\/li>\n<li>Interactueu dins d&#8217;aquest nou node<\/li>\n<li>Comprova al teu correu les notificacions per cada missatge (no creat per tu)<\/li>\n<li>Canvia la freq\u00fc\u00e8ncia de notificacions a <strong>Resum diari <\/strong>(a sota de la descripci\u00f3\u00a0del Node)<\/li>\n<\/ol>\n","protected":false},"excerpt":{"rendered":"<p>Conceptes previs<\/p>\n<ul>\n<li>Un node \u00e9s un grup d&#8217;usuaris que comparteixen alguna cosa.\n<ul>\n<li>La mateixa classe (ex. ESO 1A)<\/li>\n<li>Aficions (cinema, lectura, papiroflexia, Justin Bieber\u00a0 \ud83d\ude2f &#8230;)<\/li>\n<li>Tutoria (mediambient, alimentaci\u00f3 sana, educaci\u00f3 emocional, educaci\u00f3 sexual, bulling, etc.)<\/li>\n<li>Projectes (rob\u00f2tica, scratch, hort)<\/li>\n<li>&#8230;<\/li>\n<\/ul>\n<\/li>\n<li>Els nodes poden ser:\n<ul>\n<li>P\u00fablics: els usuaris autenticats a la xarxa poden&hellip;  <a href=\"https:\/\/agora.xtec.cat\/nodes\/taller\/creacio-de-nodes\/\" title=\"Read 7. Creaci\u00f3 de Nodes\">Llegeix m\u00e9s\u00bb<\/a><br \/>\n","protected":false},"author":1,"featured_media":0,"parent":1531,"menu_order":60,"comment_status":"closed","ping_status":"closed","template":"page-templates\/side-menu.php","meta":{"_bbp_topic_count":0,"_bbp_reply_count":0,"_bbp_total_topic_count":0,"_bbp_total_reply_count":0,"_bbp_voice_count":0,"_bbp_anonymous_reply_count":0,"_bbp_topic_count_hidden":0,"_bbp_reply_count_hidden":0,"_bbp_forum_subforum_count":0,"footnotes":""},"class_list":["post-1602","page","type-page","status-publish","hentry"],"post_mailing_queue_ids":[],"_links":{"self":[{"href":"https:\/\/agora.xtec.cat\/nodes\/wp-json\/wp\/v2\/pages\/1602","targetHints":{"allow":["GET"]}}],"collection":[{"href":"https:\/\/agora.xtec.cat\/nodes\/wp-json\/wp\/v2\/pages"}],"about":[{"href":"https:\/\/agora.xtec.cat\/nodes\/wp-json\/wp\/v2\/types\/page"}],"author":[{"embeddable":true,"href":"https:\/\/agora.xtec.cat\/nodes\/wp-json\/wp\/v2\/users\/1"}],"replies":[{"embeddable":true,"href":"https:\/\/agora.xtec.cat\/nodes\/wp-json\/wp\/v2\/comments?post=1602"}],"version-history":[{"count":4,"href":"https:\/\/agora.xtec.cat\/nodes\/wp-json\/wp\/v2\/pages\/1602\/revisions"}],"predecessor-version":[{"id":9344,"href":"https:\/\/agora.xtec.cat\/nodes\/wp-json\/wp\/v2\/pages\/1602\/revisions\/9344"}],"up":[{"embeddable":true,"href":"https:\/\/agora.xtec.cat\/nodes\/wp-json\/wp\/v2\/pages\/1531"}],"wp:attachment":[{"href":"https:\/\/agora.xtec.cat\/nodes\/wp-json\/wp\/v2\/media?parent=1602"}],"curies":[{"name":"wp","href":"https:\/\/api.w.org\/{rel}","templated":true}]}}