{"id":11316,"date":"2021-01-19T13:08:11","date_gmt":"2021-01-19T12:08:11","guid":{"rendered":"https:\/\/agora.xtec.cat\/nodes\/?page_id=11316"},"modified":"2021-01-19T13:41:38","modified_gmt":"2021-01-19T12:41:38","slug":"videotutorials","status":"publish","type":"page","link":"https:\/\/agora.xtec.cat\/nodes\/videotutorials\/","title":{"rendered":"Videotutorials"},"content":{"rendered":"<p>Col\u00b7lecci\u00f3 de videotutorials que es fan servir en el curs d&#8217;administraci\u00f3 de Nodes. Feu clic als enlla\u00e7os de la barra lateral esquerra.<\/p>\n","protected":false},"excerpt":{"rendered":"<p>Col\u00b7lecci\u00f3 de videotutorials que es fan servir en el curs d&#8217;administraci\u00f3 de Nodes. Feu clic als enlla\u00e7os de la barra lateral esquerra.<\/p>\n","protected":false},"author":2,"featured_media":0,"parent":0,"menu_order":0,"comment_status":"closed","ping_status":"closed","template":"page-templates\/side-menu.php","meta":{"_bbp_topic_count":0,"_bbp_reply_count":0,"_bbp_total_topic_count":0,"_bbp_total_reply_count":0,"_bbp_voice_count":0,"_bbp_anonymous_reply_count":0,"_bbp_topic_count_hidden":0,"_bbp_reply_count_hidden":0,"_bbp_forum_subforum_count":0,"footnotes":""},"class_list":["post-11316","page","type-page","status-publish","hentry"],"post_mailing_queue_ids":[],"_links":{"self":[{"href":"https:\/\/agora.xtec.cat\/nodes\/wp-json\/wp\/v2\/pages\/11316","targetHints":{"allow":["GET"]}}],"collection":[{"href":"https:\/\/agora.xtec.cat\/nodes\/wp-json\/wp\/v2\/pages"}],"about":[{"href":"https:\/\/agora.xtec.cat\/nodes\/wp-json\/wp\/v2\/types\/page"}],"author":[{"embeddable":true,"href":"https:\/\/agora.xtec.cat\/nodes\/wp-json\/wp\/v2\/users\/2"}],"replies":[{"embeddable":true,"href":"https:\/\/agora.xtec.cat\/nodes\/wp-json\/wp\/v2\/comments?post=11316"}],"version-history":[{"count":3,"href":"https:\/\/agora.xtec.cat\/nodes\/wp-json\/wp\/v2\/pages\/11316\/revisions"}],"predecessor-version":[{"id":11363,"href":"https:\/\/agora.xtec.cat\/nodes\/wp-json\/wp\/v2\/pages\/11316\/revisions\/11363"}],"wp:attachment":[{"href":"https:\/\/agora.xtec.cat\/nodes\/wp-json\/wp\/v2\/media?parent=11316"}],"curies":[{"name":"wp","href":"https:\/\/api.w.org\/{rel}","templated":true}]}}