{"id":10444,"date":"2020-06-02T13:20:16","date_gmt":"2020-06-02T11:20:16","guid":{"rendered":"https:\/\/agora.xtec.cat\/nodes\/?page_id=10444"},"modified":"2021-10-20T21:46:40","modified_gmt":"2021-10-20T19:46:40","slug":"imatges-2","status":"publish","type":"page","link":"https:\/\/agora.xtec.cat\/nodes\/consells-per-una-bona-comunicacio-families\/imatges-2\/","title":{"rendered":"5. \u00das de les imatges"},"content":{"rendered":"<p><span style=\"font-size: 14pt;\">At\u00e8s que el dret a la pr\u00f2pia imatge \u00e9s reconegut a l&#8217;article 18.1 de la Constituci\u00f3 espanyola i est\u00e0 regulat per la Llei org\u00e0nica 1\/1982, de 5 de maig, sobre dret a l&#8217;honor, a la intimitat i a la pr\u00f2pia imatge, la direcci\u00f3 del centre ha de demanar el consentiment als pares, mares o tutors legals per publicar fotografies i v\u00eddeos on apareguin els seus fills i filles i hi siguin clarament identificables. Per tant, el primer pas per gestionar correctament la publicaci\u00f3 d&#8217;imatges al web \u00e9s aconseguir<strong> l&#8217;autoritzaci\u00f3 de les fam\u00edlies.<\/strong><\/span><\/p>\n<ul>\n<li><span style=\"font-size: 14pt;\"><a href=\"https:\/\/documents.espai.educacio.gencat.cat\/FormularisModels\/ProteccioDades\/A251.pdf\">Autoritzaci\u00f3 <strong>per a menors<\/strong> de 14 anys<\/a><\/span><\/li>\n<li><span style=\"font-size: 14pt;\"><a href=\"https:\/\/documents.espai.educacio.gencat.cat\/FormularisModels\/ProteccioDades\/A254.pdf\">Autoritzaci\u00f3 <strong>per a majors<\/strong> de 14 anys<\/a><\/span><\/li>\n<\/ul>\n<p><span style=\"font-size: 14pt;\">Per a la publicaci\u00f3 d&#8217;imatges d&#8217;un alumne\/a o grup, us heu d&#8217;assegurar que les fam\u00edlies han marcat les dues caselles seg\u00fcents:<\/span><\/p>\n<p><img loading=\"lazy\" decoding=\"async\" class=\"ambVora wp-image-10457 aligncenter\" title=\"Document d'autoritzaci\u00f3 amb dos opcions marcades\" src=\"https:\/\/agora.xtec.cat\/nodes\/wp-content\/uploads\/usu135\/2020\/06\/autoritzacio\u0301-1024x476.png\" alt=\"Document d'autoritzaci\u00f3 amb dos opcions marcades\" width=\"639\" height=\"297\" srcset=\"https:\/\/agora.xtec.cat\/nodes\/wp-content\/uploads\/usu135\/2020\/06\/autoritzacio\u0301-1024x476.png 1024w, https:\/\/agora.xtec.cat\/nodes\/wp-content\/uploads\/usu135\/2020\/06\/autoritzacio\u0301-300x139.png 300w, https:\/\/agora.xtec.cat\/nodes\/wp-content\/uploads\/usu135\/2020\/06\/autoritzacio\u0301-768x357.png 768w, https:\/\/agora.xtec.cat\/nodes\/wp-content\/uploads\/usu135\/2020\/06\/autoritzacio\u0301.png 1356w\" sizes=\"auto, (max-width: 639px) 100vw, 639px\" \/><\/p>\n<p><span style=\"font-size: 14pt;\"><span style=\"font-size: 14pt;\">Tot i haver marcat aquestes caselles, les fam\u00edlies tenen el dret a demanar la retirada de les fotos i v\u00eddeos on surt la seva filla o el seu fill. Per evitar que es doni aquesta situaci\u00f3, us fem les recomanacions seg\u00fcents per a les <\/span><span style=\"font-size: 18.6667px;\">fotografies<\/span><b style=\"font-size: 14pt;\"> p\u00fabliques<\/b><span style=\"font-size: 14pt;\">:<\/span><\/span><\/p>\n<hr \/>\n<div class=\"row\">\n<div class=\"small-12 large-6 columns\" style=\"display: table-cell; vertical-align: middle;\">\n<p>&nbsp;<\/p>\n<p>&nbsp;<\/p>\n<p style=\"font-size: 1.2em;\"><span style=\"font-size: 14pt;\">A la <strong>part p\u00fablica<\/strong> del web, <strong>eviteu<\/strong> fer fotografies o v\u00eddeos mostrant l&#8217;alumne\/a en <strong>primer pla<\/strong>, on s&#8217;identifiquin molt clarament. Mostreu accions, m\u00e9s que persones.<\/span><\/p>\n<p><span style=\"font-size: 14pt;\"><strong>Eviteu etiquetar<\/strong> les fotos amb el nom de l&#8217;alumne\/a.\u00a0<\/span><\/p>\n<p style=\"font-size: 1.2em;\">\n<\/div>\n<div class=\"small-12 large-6 columns\" style=\"display: table-cell; vertical-align: middle;\"><img loading=\"lazy\" decoding=\"async\" class=\"aligncenter wp-image-10897\" title=\"Nena al costat del seu dibuix. Imatge marcada com incorrecte.\" src=\"https:\/\/agora.xtec.cat\/nodes\/wp-content\/uploads\/usu135\/2020\/06\/nena-pp.png\" alt=\"Nena al costat del seu dibuix. Imatge marcada com incorrecte.\" width=\"305\" height=\"216\" srcset=\"https:\/\/agora.xtec.cat\/nodes\/wp-content\/uploads\/usu135\/2020\/06\/nena-pp.png 984w, https:\/\/agora.xtec.cat\/nodes\/wp-content\/uploads\/usu135\/2020\/06\/nena-pp-300x213.png 300w, https:\/\/agora.xtec.cat\/nodes\/wp-content\/uploads\/usu135\/2020\/06\/nena-pp-768x544.png 768w\" sizes=\"auto, (max-width: 305px) 100vw, 305px\" \/><img loading=\"lazy\" decoding=\"async\" class=\"aligncenter wp-image-10899\" title=\"Nena de perfil dibuixant. Imatge marcada com a correcte.\" src=\"https:\/\/agora.xtec.cat\/nodes\/wp-content\/uploads\/usu135\/2020\/06\/nena-pintant-okMesa-de-trabajo-1.png\" alt=\"Nena de perfil dibuixant. Imatge marcada com a correcte.\" width=\"305\" height=\"216\" srcset=\"https:\/\/agora.xtec.cat\/nodes\/wp-content\/uploads\/usu135\/2020\/06\/nena-pintant-okMesa-de-trabajo-1.png 958w, https:\/\/agora.xtec.cat\/nodes\/wp-content\/uploads\/usu135\/2020\/06\/nena-pintant-okMesa-de-trabajo-1-300x213.png 300w, https:\/\/agora.xtec.cat\/nodes\/wp-content\/uploads\/usu135\/2020\/06\/nena-pintant-okMesa-de-trabajo-1-768x544.png 768w\" sizes=\"auto, (max-width: 305px) 100vw, 305px\" \/><\/div>\n<hr \/>\n<div class=\"row\">\n<div class=\"small-12 large-6 columns\" style=\"display: table-cell; vertical-align: middle;\">\n<p>&nbsp;<\/p>\n<p>&nbsp;<\/p>\n<p>&nbsp;<\/p>\n<p>&nbsp;<\/p>\n<p>&nbsp;<\/p>\n<p>&nbsp;<\/p>\n<p style=\"font-size: 1.2em;\">Si heu de fer una foto propera, <strong>eleveu una mica la c\u00e0mera<\/strong> per amagar part dels rostres dels infants.<br \/>\nL&#8217;angle tamb\u00e9 permet veure millor el que estan fent.<\/p>\n<\/div>\n<div class=\"small-12 large-6 columns\"><img loading=\"lazy\" decoding=\"async\" class=\"aligncenter wp-image-10902\" title=\"2 nenes i un nen jugant a un joc de taula\" src=\"https:\/\/agora.xtec.cat\/nodes\/wp-content\/uploads\/usu135\/2020\/06\/infants-jugant-taula.png\" alt=\"2 nenes i un nen jugant a un joc de taula\" width=\"305\" height=\"230\" srcset=\"https:\/\/agora.xtec.cat\/nodes\/wp-content\/uploads\/usu135\/2020\/06\/infants-jugant-taula.png 834w, https:\/\/agora.xtec.cat\/nodes\/wp-content\/uploads\/usu135\/2020\/06\/infants-jugant-taula-300x226.png 300w, https:\/\/agora.xtec.cat\/nodes\/wp-content\/uploads\/usu135\/2020\/06\/infants-jugant-taula-768x578.png 768w, https:\/\/agora.xtec.cat\/nodes\/wp-content\/uploads\/usu135\/2020\/06\/infants-jugant-taula-200x150.png 200w\" sizes=\"auto, (max-width: 305px) 100vw, 305px\" \/><img loading=\"lazy\" decoding=\"async\" class=\"aligncenter wp-image-10911\" title=\"Nena jugant amb vegetals\" src=\"https:\/\/agora.xtec.cat\/nodes\/wp-content\/uploads\/usu135\/2020\/06\/nena-vegetals-1.png\" alt=\"Nena jugant amb vegetals\" width=\"305\" height=\"284\" srcset=\"https:\/\/agora.xtec.cat\/nodes\/wp-content\/uploads\/usu135\/2020\/06\/nena-vegetals-1.png 802w, https:\/\/agora.xtec.cat\/nodes\/wp-content\/uploads\/usu135\/2020\/06\/nena-vegetals-1-300x279.png 300w, https:\/\/agora.xtec.cat\/nodes\/wp-content\/uploads\/usu135\/2020\/06\/nena-vegetals-1-768x715.png 768w\" sizes=\"auto, (max-width: 305px) 100vw, 305px\" \/><img loading=\"lazy\" decoding=\"async\" class=\"aligncenter wp-image-10913\" title=\"Nen dibuixant. Imatge marcada com a correcte.\" src=\"https:\/\/agora.xtec.cat\/nodes\/wp-content\/uploads\/usu135\/2020\/06\/nen-dibuixant1.png\" alt=\"Nen dibuixant. Imatge marcada com a correcte.\" width=\"305\" height=\"224\" srcset=\"https:\/\/agora.xtec.cat\/nodes\/wp-content\/uploads\/usu135\/2020\/06\/nen-dibuixant1.png 992w, https:\/\/agora.xtec.cat\/nodes\/wp-content\/uploads\/usu135\/2020\/06\/nen-dibuixant1-300x220.png 300w, https:\/\/agora.xtec.cat\/nodes\/wp-content\/uploads\/usu135\/2020\/06\/nen-dibuixant1-768x564.png 768w\" sizes=\"auto, (max-width: 305px) 100vw, 305px\" \/><\/div>\n<\/div>\n<hr \/>\n<div class=\"row\">\n<div class=\"small-12 large-6 columns\" style=\"display: table-cell; vertical-align: middle;\">\n<p>&nbsp;<\/p>\n<p style=\"font-size: 1.2em;\">Les fotografies i v\u00eddeos amb <strong>l&#8217;alumnat d&#8217;esquena<\/strong> posen el focus sobre l&#8217;activitat o esdeveniment.<br \/>\n\u00c9s una bona soluci\u00f3 en molts casos.<\/p>\n<\/div>\n<div class=\"small-12 large-6 columns\"><img loading=\"lazy\" decoding=\"async\" class=\"aligncenter wp-image-10915\" title=\"Infants d'esquena veient una representaci\u00f3 teatral de nadal. Imatge marcada com a correcte.\" src=\"https:\/\/agora.xtec.cat\/nodes\/wp-content\/uploads\/usu135\/2020\/06\/nens-teatre.png\" alt=\"Infants d'esquena veient una representaci\u00f3 teatral de nadal. Imatge marcada com a correcte.\" width=\"411\" height=\"282\" srcset=\"https:\/\/agora.xtec.cat\/nodes\/wp-content\/uploads\/usu135\/2020\/06\/nens-teatre.png 1021w, https:\/\/agora.xtec.cat\/nodes\/wp-content\/uploads\/usu135\/2020\/06\/nens-teatre-300x206.png 300w, https:\/\/agora.xtec.cat\/nodes\/wp-content\/uploads\/usu135\/2020\/06\/nens-teatre-768x527.png 768w\" sizes=\"auto, (max-width: 411px) 100vw, 411px\" \/><\/div>\n<\/div>\n<hr \/>\n<div class=\"row\">\n<div class=\"small-12 large-6 columns\">\n<p>&nbsp;<\/p>\n<p style=\"font-size: 1.2em;\">Si una alumna o alumne \u00e9s la\/el protagonista d&#8217;una not\u00edcia i voleu publicar la seva fotografia a la part <strong>p\u00fablica<\/strong>, demaneu <strong>autoritzaci\u00f3 expressa<\/strong> a la fam\u00edlia.<\/p>\n<\/div>\n<div class=\"small-12 large-6 columns\">\n<p><img loading=\"lazy\" decoding=\"async\" class=\"aligncenter wp-image-10711\" title=\"Una noia rep un premi\" src=\"https:\/\/agora.xtec.cat\/nodes\/wp-content\/uploads\/usu135\/2020\/06\/premi-2-1024x688.jpg\" alt=\"Una noia rep un premi\" width=\"346\" height=\"233\" srcset=\"https:\/\/agora.xtec.cat\/nodes\/wp-content\/uploads\/usu135\/2020\/06\/premi-2-1024x688.jpg 1024w, https:\/\/agora.xtec.cat\/nodes\/wp-content\/uploads\/usu135\/2020\/06\/premi-2-300x202.jpg 300w, https:\/\/agora.xtec.cat\/nodes\/wp-content\/uploads\/usu135\/2020\/06\/premi-2-768x516.jpg 768w, https:\/\/agora.xtec.cat\/nodes\/wp-content\/uploads\/usu135\/2020\/06\/premi-2.jpg 1088w\" sizes=\"auto, (max-width: 346px) 100vw, 346px\" \/><\/p>\n<\/div>\n<\/div>\n<hr \/>\n<div class=\"row\">\n<div class=\"small-12 large-6 columns\">\n<p>&nbsp;<\/p>\n<p style=\"font-size: 1.2em;\">A la <strong>part p\u00fablica <\/strong>del web, <strong>no utilitzeu imatges amb copyright <\/strong>si no teniu l&#8217;autoritzaci\u00f3 escrita de l&#8217;autor\/a.<\/p>\n<p style=\"font-size: 1.2em;\">\n<\/div>\n<p><img loading=\"lazy\" decoding=\"async\" class=\"alignright wp-image-10551\" title=\"Dues imatges. Una marcada com a incorrecte t\u00e9 el signe del copyright. L'altre, marcada com a correcte, t\u00e9 el signe de Creative Commons.\" src=\"https:\/\/agora.xtec.cat\/nodes\/wp-content\/uploads\/usu135\/2020\/06\/no-copy-1024x410.png\" alt=\"Dues imatges. Una marcada com a incorrecte t\u00e9 el signe del copyright. L'altre, marcada com a correcte, t\u00e9 el signe de Creative Commons.\" width=\"434\" height=\"174\" srcset=\"https:\/\/agora.xtec.cat\/nodes\/wp-content\/uploads\/usu135\/2020\/06\/no-copy-1024x410.png 1024w, https:\/\/agora.xtec.cat\/nodes\/wp-content\/uploads\/usu135\/2020\/06\/no-copy-300x120.png 300w, https:\/\/agora.xtec.cat\/nodes\/wp-content\/uploads\/usu135\/2020\/06\/no-copy-768x307.png 768w, https:\/\/agora.xtec.cat\/nodes\/wp-content\/uploads\/usu135\/2020\/06\/no-copy.png 1604w\" sizes=\"auto, (max-width: 434px) 100vw, 434px\" \/><\/p>\n<\/div>\n<hr \/>\n<div class=\"row\">\n<div class=\"small-12 large-6 columns\">\n<p style=\"font-size: 1.2em;\"><strong>Podeu fer servir imatges amb copyright<\/strong> sense demanar autoritzaci\u00f3, <strong>a l&#8217;entorn virtual d&#8217;aprenentatge<\/strong> (Moodle, Classroom, etc) sempre que sigui un <strong>entorn privat<\/strong> i que el seu \u00fas estigui <strong>justificat did\u00e0cticament.<\/strong><\/p>\n<p style=\"font-size: 1.2em;\">En qualsevol cas, <strong>sempre s&#8217;ha de citar l&#8217;autor<\/strong> de la imatge.<\/p>\n<\/div>\n<p><img loading=\"lazy\" decoding=\"async\" class=\"alignright wp-image-10580\" title=\"Dues imatges marcades com a correctes. Una amb el s\u00edmbol del copyright i l'altre amb el signe de Creative Commons.\" src=\"https:\/\/agora.xtec.cat\/nodes\/wp-content\/uploads\/usu135\/2020\/06\/Captura-de-Pantalla-2020-06-06-a-les-22.33.53-1024x436.png\" alt=\"Dues imatges marcades com a correctes. Una amb el s\u00edmbol del copyright i l'altre amb el signe de Creative Commons.\" width=\"435\" height=\"185\" srcset=\"https:\/\/agora.xtec.cat\/nodes\/wp-content\/uploads\/usu135\/2020\/06\/Captura-de-Pantalla-2020-06-06-a-les-22.33.53-1024x436.png 1024w, https:\/\/agora.xtec.cat\/nodes\/wp-content\/uploads\/usu135\/2020\/06\/Captura-de-Pantalla-2020-06-06-a-les-22.33.53-300x128.png 300w, https:\/\/agora.xtec.cat\/nodes\/wp-content\/uploads\/usu135\/2020\/06\/Captura-de-Pantalla-2020-06-06-a-les-22.33.53-768x327.png 768w, https:\/\/agora.xtec.cat\/nodes\/wp-content\/uploads\/usu135\/2020\/06\/Captura-de-Pantalla-2020-06-06-a-les-22.33.53.png 1608w\" sizes=\"auto, (max-width: 435px) 100vw, 435px\" \/><\/p>\n<\/div>\n<hr \/>\n<div class=\"row\">\n<div class=\"small-12 large-6 columns\" style=\"display: table-cell; vertical-align: middle;\">\n<p style=\"font-size: 1.2em;\"><span style=\"font-size: 14pt;\">Si voleu compartir fotos on s&#8217;identifiqui clarament l&#8217;alumnat, podeu crear un article o p\u00e0gina<strong> amb contrasenya<\/strong>. Si s\u00f3n menys de 10 fotos, podeu afegir-les directament o inserir un carrusel.<\/span><\/p>\n<p style=\"font-size: 1.2em;\"><span style=\"font-size: 14pt;\">Si teniu moltes fotos, \u00e9s preferible compartir un enlla\u00e7 a una galeria externa.<\/span><\/p>\n<p><span style=\"font-size: 14pt;\">\u00c9s preferible no etiquetar les fotografies amb els noms i cognoms de l&#8217;alumnat.<\/span><\/p>\n<\/div>\n<hr \/>\n<div class=\"row\">\n<div class=\"small-12 large-6 columns\">\n<p>&nbsp;<\/p>\n<p style=\"font-size: 1.2em;\"><b>Citeu l&#8217;autor\/a de la imatge.<br \/>\n<\/b>Si nom\u00e9s teniu unes poques imatges o totes les imatges tenen una font com\u00fa, us recomanem fer-ho al peu de la p\u00e0gina. Si no, citeu a l&#8217;autor com a llegenda de la imatge.<\/p>\n<p style=\"font-size: 1.2em;\">\n<\/div>\n<p><img loading=\"lazy\" decoding=\"async\" class=\"alignright wp-image-10586\" title=\"Cita al peu d'una p\u00e0gina\" src=\"https:\/\/agora.xtec.cat\/nodes\/wp-content\/uploads\/usu135\/2020\/06\/peu-1024x635.png\" alt=\"Cita al peu d'una p\u00e0gina\" width=\"442\" height=\"274\" srcset=\"https:\/\/agora.xtec.cat\/nodes\/wp-content\/uploads\/usu135\/2020\/06\/peu-1024x635.png 1024w, https:\/\/agora.xtec.cat\/nodes\/wp-content\/uploads\/usu135\/2020\/06\/peu-300x186.png 300w, https:\/\/agora.xtec.cat\/nodes\/wp-content\/uploads\/usu135\/2020\/06\/peu-768x476.png 768w\" sizes=\"auto, (max-width: 442px) 100vw, 442px\" \/><\/p>\n<\/div>\n<hr \/>\n<div class=\"row\">\n<div class=\"small-12 large-6 columns\" style=\"display: table-cell; vertical-align: middle;\">\n<p>&nbsp;<\/p>\n<p style=\"font-size: 1.2em;\"><span style=\"font-size: 14pt;\"><strong>Procureu<\/strong> que les imatges gen\u00e8riques siguin <strong>equitatives quant a g\u00e8nere.<\/strong> La proporci\u00f3 d&#8217;imatges de nens i nenes amb un <strong>paper actiu<\/strong> ha de ser similar.<\/span><\/p>\n<p><span style=\"font-size: 14pt;\">M\u00e9s informaci\u00f3 sobre <a href=\"https:\/\/agora.xtec.cat\/nodes\/consells-per-una-bona-comunicacio-families\/4-us-no-sexista-de-la-llengua\/\">l&#8217;\u00fas no sexista<\/a> dels continguts<\/span><\/p>\n<\/div>\n<p><img loading=\"lazy\" decoding=\"async\" class=\"aligncenter wp-image-10619\" title=\"Nena petita dibuixant\" src=\"https:\/\/agora.xtec.cat\/nodes\/wp-content\/uploads\/usu135\/2020\/06\/nenadibuixa-1024x698.png\" alt=\"Nena petita dibuixant\" width=\"336\" height=\"229\" srcset=\"https:\/\/agora.xtec.cat\/nodes\/wp-content\/uploads\/usu135\/2020\/06\/nenadibuixa-1024x698.png 1024w, https:\/\/agora.xtec.cat\/nodes\/wp-content\/uploads\/usu135\/2020\/06\/nenadibuixa-300x204.png 300w, https:\/\/agora.xtec.cat\/nodes\/wp-content\/uploads\/usu135\/2020\/06\/nenadibuixa-768x523.png 768w, https:\/\/agora.xtec.cat\/nodes\/wp-content\/uploads\/usu135\/2020\/06\/nenadibuixa.png 1556w\" sizes=\"auto, (max-width: 336px) 100vw, 336px\" \/><\/p>\n<\/div>\n<hr \/>\n<div class=\"row\">\n<div class=\"small-12 large-6 columns\" style=\"display: table-cell; vertical-align: middle;\">\n<p style=\"font-size: 1.2em;\"><b>La mida ideal <\/b>d&#8217;una imatge a Nodes dep\u00e8n del lloc on es vulgui posar:<\/p>\n<ul>\n<li><span style=\"font-size: 14pt;\">Cap\u00e7alera: <strong>850<\/strong>px x <strong>180<\/strong>px.<\/span><\/li>\n<li><span style=\"font-size: 14pt;\">Barra lateral esquerra: <strong>330<\/strong>px de l&#8217;amplada.<\/span><\/li>\n<li><span style=\"font-size: 14pt;\">Barra lateral dreta: <strong>230<\/strong>px<\/span><\/li>\n<\/ul>\n<\/div>\n<p><img loading=\"lazy\" decoding=\"async\" class=\"ambVora aligncenter wp-image-10700\" title=\"Esquema d'una p\u00e0gina Nodes amb imatges de cap\u00e7alera i a les barres laterals\" src=\"https:\/\/agora.xtec.cat\/nodes\/wp-content\/uploads\/usu135\/2020\/06\/mida_imatges1.jpg\" alt=\"Esquema d'una p\u00e0gina Nodes amb imatges de cap\u00e7alera i a les barres laterals\" width=\"353\" height=\"232\" srcset=\"https:\/\/agora.xtec.cat\/nodes\/wp-content\/uploads\/usu135\/2020\/06\/mida_imatges1.jpg 400w, https:\/\/agora.xtec.cat\/nodes\/wp-content\/uploads\/usu135\/2020\/06\/mida_imatges1-300x197.jpg 300w\" sizes=\"auto, (max-width: 353px) 100vw, 353px\" \/><\/p>\n<\/div>\n<hr \/>\n<div class=\"row\">\n<div class=\"small-12 large-6 columns\" style=\"display: table-cell; vertical-align: middle;\">\n<p><span style=\"font-size: 14pt;\"><b>La mida ideal <\/b>d&#8217;una imatge a Nodes <strong>dins d&#8217;un article:\u00a0<\/strong><\/span><\/p>\n<ul>\n<li><span style=\"font-size: 14pt;\"><strong>1\/3<\/strong> d&#8217;amplada: <strong>342<\/strong>px de l&#8217;amplada.<\/span><\/li>\n<li><span style=\"font-size: 14pt;\"><strong>1\/2<\/strong> d&#8217;amplada: <strong>512<\/strong>px de l&#8217;amplada.<\/span><\/li>\n<li><span style=\"font-size: 14pt;\"><strong>100%<\/strong> d&#8217;amplada: <strong>1024<\/strong>px de l&#8217;amplada.<\/span><\/li>\n<li><span style=\"font-size: 14pt;\">Imatge resum: <strong>440<\/strong>px x <strong>200<\/strong>px.<\/span><\/li>\n<\/ul>\n<\/div>\n<p><img loading=\"lazy\" decoding=\"async\" class=\"ambVora aligncenter wp-image-10701\" title=\"Diferents mides d'imatge a un article del Nodes\" src=\"https:\/\/agora.xtec.cat\/nodes\/wp-content\/uploads\/usu135\/2020\/06\/mida2.jpg\" alt=\"Diferents mides d'imatge a un article del Nodes\" width=\"350\" height=\"232\" srcset=\"https:\/\/agora.xtec.cat\/nodes\/wp-content\/uploads\/usu135\/2020\/06\/mida2.jpg 739w, https:\/\/agora.xtec.cat\/nodes\/wp-content\/uploads\/usu135\/2020\/06\/mida2-300x199.jpg 300w\" sizes=\"auto, (max-width: 350px) 100vw, 350px\" \/><\/p>\n<\/div>\n<hr \/>\n<div class=\"row\">\n<div class=\"small-12 large-6 columns\" style=\"display: table-cell; vertical-align: middle;\">\n<p style=\"font-size: 1.2em;\"><span style=\"font-size: 14pt;\">El format d&#8217;imatge recomanat \u00e9s<b> JPG.<\/b><\/span><\/p>\n<p><span style=\"font-size: 14pt;\">Si necessiteu <strong>transpar\u00e8ncia<\/strong>, el format recomanat \u00e9s <strong>PNG<\/strong>.<\/span><\/p>\n<p><span style=\"font-size: 14pt;\">El <strong>pes m\u00e0xim <\/strong>de la imatge no hauria de superar els <strong>350 Kb<\/strong>, sobretot si \u00e9s a una p\u00e0gina on hi ha m\u00e9s imatges. El cercador <strong>Google penalitza<\/strong> les p\u00e0gines que triguen en carregar.\u00a0<\/span><\/p>\n<\/div>\n<p><img loading=\"lazy\" decoding=\"async\" class=\"aligncenter wp-image-10703\" title=\"Una imatge normal i una imatge amb fons transparent\" src=\"https:\/\/agora.xtec.cat\/nodes\/wp-content\/uploads\/usu135\/2020\/06\/jpg-png.png\" alt=\"Una imatge normal i una imatge amb fons transparent\" width=\"221\" height=\"174\" srcset=\"https:\/\/agora.xtec.cat\/nodes\/wp-content\/uploads\/usu135\/2020\/06\/jpg-png.png 724w, https:\/\/agora.xtec.cat\/nodes\/wp-content\/uploads\/usu135\/2020\/06\/jpg-png-300x236.png 300w\" sizes=\"auto, (max-width: 221px) 100vw, 221px\" \/><\/p>\n<\/div>\n<hr \/>\n<div class=\"row\">\n<div class=\"small-12 large-6 columns\" style=\"display: table-cell; vertical-align: middle;\">\n<p>&nbsp;<\/p>\n<p>&nbsp;<\/p>\n<p style=\"font-size: 1.2em;\">Si necessiteu imatges lliures per il\u00b7lustrar les not\u00edcies i apartats de la vostra web visiteu el <a href=\"https:\/\/sinapsi.xtec.cat\/ca\/synapses\/banc-imatges\">Banc d&#8217;imatges de Sinapsi<\/a>.<\/p>\n<\/div>\n<div class=\"small-12 large-6 columns\"><img loading=\"lazy\" decoding=\"async\" class=\"ambVora aligncenter wp-image-10478\" title=\"Captura de pantalla del Banc d'imatges de Sinapsi\" src=\"https:\/\/agora.xtec.cat\/nodes\/wp-content\/uploads\/usu135\/2020\/06\/Captura-de-Pantalla-2020-06-03-a-les-23.11.34-1024x822.png\" alt=\"Captura de pantalla del Banc d'imatges de Sinapsi\" width=\"356\" height=\"286\" srcset=\"https:\/\/agora.xtec.cat\/nodes\/wp-content\/uploads\/usu135\/2020\/06\/Captura-de-Pantalla-2020-06-03-a-les-23.11.34-1024x822.png 1024w, https:\/\/agora.xtec.cat\/nodes\/wp-content\/uploads\/usu135\/2020\/06\/Captura-de-Pantalla-2020-06-03-a-les-23.11.34-300x241.png 300w, https:\/\/agora.xtec.cat\/nodes\/wp-content\/uploads\/usu135\/2020\/06\/Captura-de-Pantalla-2020-06-03-a-les-23.11.34-768x616.png 768w, https:\/\/agora.xtec.cat\/nodes\/wp-content\/uploads\/usu135\/2020\/06\/Captura-de-Pantalla-2020-06-03-a-les-23.11.34.png 1854w\" sizes=\"auto, (max-width: 356px) 100vw, 356px\" \/><\/div>\n<\/div>\n<hr \/>\n<p><strong>Fonts:\u00a0<\/strong><\/p>\n<ul>\n<li>Xarxa Telem\u00e0tica de Catalunya (XTEC). <a href=\"http:\/\/xtec.gencat.cat\/ca\/recursos\/tecinformacio\/internet_segura\/documents\/us-imatges\/\">\u00das d\u2019imatges, publicaci\u00f3 de dades de car\u00e0cter personal i de materials. Models d&#8217;autoritzaci\u00f3.<\/a><\/li>\n<\/ul>\n<hr \/>\n<p>Imatges: Il\u00b7lustracions realitzades per l\u2019\u00e0rea de Cultura digital, disponibles al\u00a0<a href=\"https:\/\/sinapsi.xtec.cat\/ca\/synapses\/banc-imatges\" target=\"_blank\" rel=\"noopener noreferrer\">banc d\u2019imatges<\/a>\u00a0de Sinapsi.<\/p>\n<\/div>\n<\/div>\n","protected":false},"excerpt":{"rendered":"<p>At\u00e8s que el dret a la pr\u00f2pia imatge \u00e9s reconegut a l&#8217;article 18.1 de la Constituci\u00f3 espanyola i est\u00e0 regulat per la Llei org\u00e0nica 1\/1982, de 5 de maig, sobre dret a l&#8217;honor, a la intimitat i a la pr\u00f2pia imatge, la direcci\u00f3 del centre&hellip;  <a href=\"https:\/\/agora.xtec.cat\/nodes\/consells-per-una-bona-comunicacio-families\/imatges-2\/\" title=\"Read 5. \u00das de les imatges\">Llegeix m\u00e9s\u00bb<\/a><\/p>\n","protected":false},"author":1,"featured_media":0,"parent":9997,"menu_order":50,"comment_status":"closed","ping_status":"closed","template":"page-templates\/side-menu.php","meta":{"_bbp_topic_count":0,"_bbp_reply_count":0,"_bbp_total_topic_count":0,"_bbp_total_reply_count":0,"_bbp_voice_count":0,"_bbp_anonymous_reply_count":0,"_bbp_topic_count_hidden":0,"_bbp_reply_count_hidden":0,"_bbp_forum_subforum_count":0,"footnotes":""},"class_list":["post-10444","page","type-page","status-publish","hentry"],"post_mailing_queue_ids":[],"_links":{"self":[{"href":"https:\/\/agora.xtec.cat\/nodes\/wp-json\/wp\/v2\/pages\/10444","targetHints":{"allow":["GET"]}}],"collection":[{"href":"https:\/\/agora.xtec.cat\/nodes\/wp-json\/wp\/v2\/pages"}],"about":[{"href":"https:\/\/agora.xtec.cat\/nodes\/wp-json\/wp\/v2\/types\/page"}],"author":[{"embeddable":true,"href":"https:\/\/agora.xtec.cat\/nodes\/wp-json\/wp\/v2\/users\/1"}],"replies":[{"embeddable":true,"href":"https:\/\/agora.xtec.cat\/nodes\/wp-json\/wp\/v2\/comments?post=10444"}],"version-history":[{"count":4,"href":"https:\/\/agora.xtec.cat\/nodes\/wp-json\/wp\/v2\/pages\/10444\/revisions"}],"predecessor-version":[{"id":11457,"href":"https:\/\/agora.xtec.cat\/nodes\/wp-json\/wp\/v2\/pages\/10444\/revisions\/11457"}],"up":[{"embeddable":true,"href":"https:\/\/agora.xtec.cat\/nodes\/wp-json\/wp\/v2\/pages\/9997"}],"wp:attachment":[{"href":"https:\/\/agora.xtec.cat\/nodes\/wp-json\/wp\/v2\/media?parent=10444"}],"curies":[{"name":"wp","href":"https:\/\/api.w.org\/{rel}","templated":true}]}}