{"id":10288,"date":"2020-05-28T14:58:50","date_gmt":"2020-05-28T12:58:50","guid":{"rendered":"https:\/\/agora.xtec.cat\/nodes\/?page_id=10288"},"modified":"2020-07-18T13:12:19","modified_gmt":"2020-07-18T11:12:19","slug":"accessibilitat","status":"publish","type":"page","link":"https:\/\/agora.xtec.cat\/nodes\/consells-per-una-bona-comunicacio-families\/accessibilitat\/","title":{"rendered":"3. Accessibilitat"},"content":{"rendered":"<p><span style=\"font-size: 14pt;\"><strong>L&#8217;accessibilitat web beneficia a tothom<\/strong>, no nom\u00e9s a les persones amb diferents tipus de discapacitats (auditiva, visual, cognitiva, motriu, intel\u00b7lectual) o d&#8217;edat avan\u00e7ada. Beneficia tamb\u00e9 a les persones amb limitacions tecnol\u00f2giques (poca amplada de banda, dispositius antics) o que es veuen afectades per limitacions provocades per l&#8217;entorn (soroll ambiental, lluminositat, incomprensi\u00f3 de l&#8217;idioma, etc.). En general, <\/span><span style=\"font-size: 14pt;\">l&#8217;accessibilitat web millora l&#8217;<strong>experi\u00e8ncia d&#8217;usuari <\/strong>i el <strong>posicionament web<\/strong>.<\/span><\/p>\n<h2>Textos<\/h2>\n<div class=\"row\">\n<div class=\"small-12 large-6 columns\">\n<p style=\"font-size: 1.2em;\">Eviteu les <strong>cursives<\/strong>, els textos amb <strong>ombres<\/strong> i les <strong>maj\u00fascules<\/strong>.<br \/>\nDificulten la lectura a persones amb <strong>disl\u00e8xia<\/strong> o amb <strong>d\u00e8ficit visual<\/strong>.<\/p>\n<\/div>\n<div class=\"small-12 large-6 columns\">\n<p><strong><em><span style=\"color: #ff0000; font-size: 14pt;\">No feu servir cursives \u274c<br \/>\n<\/span><\/em><\/strong><strong><span style=\"color: #ff0000; font-size: 14pt;\">NO FEU SERVIR MAJ\u00daSCULES <\/span><em><span style=\"color: #ff0000; font-size: 14pt;\">\u274c<br \/>\n<\/span><\/em><\/strong><span style=\"color: #339966;\"><span style=\"font-size: 14pt;\">Utilitzeu la <\/span><strong><span style=\"font-size: 14pt;\">negreta<\/span><\/strong><span style=\"font-size: 14pt;\"> per ressaltar <\/span><strong><span style=\"font-size: 14pt;\">\u2705<\/span><\/strong><\/span><\/p>\n<\/div>\n<\/div>\n<hr \/>\n<div class=\"row\">\n<div class=\"small-12 large-6 columns\">\n<p style=\"font-size: 1.2em;\">Eviteu el <strong>subratllat<\/strong>. Es confon amb els enlla\u00e7os web i pot generar desconcert.<\/p>\n<\/div>\n<div class=\"small-12 large-6 columns\">\n<p><strong><span style=\"color: #ff0000; font-size: 14pt;\"><span style=\"text-decoration: underline;\">No feu servir el subratllat <\/span><\/span><em><span style=\"color: #ff0000; font-size: 14pt;\">\u274c<br \/>\n<\/span><\/em><\/strong><span style=\"color: #339966;\"><span style=\"font-size: 14pt;\">Utilitzeu la <\/span><strong><span style=\"font-size: 14pt;\">negreta<\/span><\/strong><span style=\"font-size: 14pt;\"> per ressaltar <\/span><strong><span style=\"font-size: 14pt;\">\u2705<\/span><\/strong><\/span><\/p>\n<\/div>\n<\/div>\n<hr \/>\n<div class=\"row\">\n<div class=\"small-12 large-6 columns\">\n<p style=\"font-size: 1.2em;\">Eviteu l&#8217;\u00fas de <strong>colors<\/strong> als textos. Sobretot si tenen un baix contrast amb el fons.<br \/>\nDificulten la lectura a persones amb problemes <strong>d&#8217;anomalies a la visi\u00f3 dels colors <\/strong>o amb<strong> d\u00e8ficit d\u2019atenci\u00f3.<br \/>\n<\/strong><\/p>\n<\/div>\n<div class=\"small-12 large-6 columns\">\n<p><strong><span style=\"color: #ff0000; font-size: 14pt;\">No utilitzeu <span style=\"color: #0000ff;\">diversos colors<\/span> <span style=\"color: #ff00ff;\">en una mateixa <span style=\"color: #808000;\">frase <\/span><\/span><\/span><em><span style=\"color: #ff0000; font-size: 14pt;\">\u274c<br \/>\n<\/span><\/em><span style=\"color: #00ffff; font-size: 14pt;\">No utilitzeu colors amb baix contrast <\/span><em><span style=\"color: #ff0000; font-size: 14pt;\"><span style=\"color: #00ffff;\">\u274c<\/span><br \/>\n<\/span><\/em><\/strong><span style=\"color: #339966;\"><span style=\"font-size: 14pt;\">Utilitzeu la <\/span><strong><span style=\"font-size: 14pt;\">negreta<\/span><\/strong><span style=\"font-size: 14pt;\"> per ressaltar <\/span><strong><span style=\"font-size: 14pt;\">\u2705<\/span><\/strong><\/span><\/p>\n<\/div>\n<\/div>\n<hr \/>\n<div class=\"row\">\n<div class=\"small-12 large-6 columns\">\n<p>&nbsp;<\/p>\n<p>&nbsp;<\/p>\n<p><span style=\"font-size: 14pt;\"><strong>Opteu sempre per escriure al web directament.<\/strong> El contingut \u00e9s m\u00e9s accessible i f\u00e0cil de cercar. Si heu de publicar un document <strong>PDF<\/strong> fet per vosaltres, assegureu-vos que sigui accessible. <a href=\"http:\/\/atenciociutadana.gencat.cat\/ca\/serveis\/webs\/accessibilitat\/fer-documents-accessibles\/pdf-accessibles\/\">Instruccions.<\/a>\u00a0<\/span><\/p>\n<\/div>\n<p><img loading=\"lazy\" decoding=\"async\" class=\"wp-image-10928 aligncenter\" src=\"https:\/\/agora.xtec.cat\/nodes\/wp-content\/uploads\/usu135\/2020\/06\/pdf.png\" alt=\"\" width=\"348\" height=\"286\" srcset=\"https:\/\/agora.xtec.cat\/nodes\/wp-content\/uploads\/usu135\/2020\/06\/pdf.png 577w, https:\/\/agora.xtec.cat\/nodes\/wp-content\/uploads\/usu135\/2020\/06\/pdf-300x247.png 300w\" sizes=\"auto, (max-width: 348px) 100vw, 348px\" \/><\/p>\n<\/div>\n<h2>Estructura<\/h2>\n<div class=\"row\">\n<div class=\"small-12 large-6 columns\" style=\"display: table-cell; vertical-align: middle;\">\n<p>&nbsp;<\/p>\n<p style=\"font-size: 1.2em;\">Utilitzeu els t\u00edtols amb una <strong>jerarquia correcta<\/strong> per dividir un text llarg.<\/p>\n<p style=\"font-size: 1.2em;\">No utilitzeu els t\u00edtols per ressaltar text normal. Utilitzeu la <strong>negreta<\/strong>.<\/p>\n<\/div>\n<div class=\"small-12 large-6 columns\"><img loading=\"lazy\" decoding=\"async\" class=\"alignright wp-image-10364\" title=\"Dos textos, el primer marcat com error, mostra un t\u00edtol secundari m\u00e9s gran que el t\u00edtol principal. El segon text, marcat com a correcte, mostra el t\u00edtol principal m\u00e9s gran que els secund\u00e0ris\" src=\"https:\/\/agora.xtec.cat\/nodes\/wp-content\/uploads\/usu135\/2020\/05\/titols-1024x661.png\" alt=\"Dos textos, el primer marcat com error, mostra un t\u00edtol secundari m\u00e9s gran que el t\u00edtol principal. El segon text, marcat com a correcte, mostra el t\u00edtol principal m\u00e9s gran que els secund\u00e0ris\" width=\"433\" height=\"279\" srcset=\"https:\/\/agora.xtec.cat\/nodes\/wp-content\/uploads\/usu135\/2020\/05\/titols-1024x661.png 1024w, https:\/\/agora.xtec.cat\/nodes\/wp-content\/uploads\/usu135\/2020\/05\/titols-300x194.png 300w, https:\/\/agora.xtec.cat\/nodes\/wp-content\/uploads\/usu135\/2020\/05\/titols-768x496.png 768w, https:\/\/agora.xtec.cat\/nodes\/wp-content\/uploads\/usu135\/2020\/05\/titols.png 1440w\" sizes=\"auto, (max-width: 433px) 100vw, 433px\" \/><\/div>\n<\/div>\n<hr \/>\n<div class=\"row\">\n<div class=\"small-12 large-6 columns\">\n<p>&nbsp;<\/p>\n<p style=\"font-size: 1.2em;\"><strong>No justifiqueu el text<\/strong>. Deixeu-lo alineat a l&#8217;esquerra. El text justificat \u00e9s adequat en paper, on l&#8217;amplada \u00e9s fixa i es coneix. Al web, l&#8217;amplada varia en funci\u00f3 del dispositiu i justificar el text genera espais irregulars entre paraules, inc\u00f2modes per a tothom per\u00f2 especialment per a les persones amb disl\u00e8xia.<\/p>\n<\/div>\n<div class=\"small-12 large-6 columns\"><img loading=\"lazy\" decoding=\"async\" class=\"alignright wp-image-10368\" title=\"Dos blocs de text. El primer, marcat com error, mostra un text justificat. El segon, marcat com correcte, mostra el text alineat a la esquerra\" src=\"https:\/\/agora.xtec.cat\/nodes\/wp-content\/uploads\/usu135\/2020\/05\/no-justify-1024x614.png\" alt=\"Dos blocs de text. El primer, marcat com error, mostra un text justificat. El segon, marcat com correcte, mostra el text alineat a la esquerra\" width=\"412\" height=\"247\" srcset=\"https:\/\/agora.xtec.cat\/nodes\/wp-content\/uploads\/usu135\/2020\/05\/no-justify-1024x614.png 1024w, https:\/\/agora.xtec.cat\/nodes\/wp-content\/uploads\/usu135\/2020\/05\/no-justify-300x180.png 300w, https:\/\/agora.xtec.cat\/nodes\/wp-content\/uploads\/usu135\/2020\/05\/no-justify-768x460.png 768w, https:\/\/agora.xtec.cat\/nodes\/wp-content\/uploads\/usu135\/2020\/05\/no-justify.png 1288w\" sizes=\"auto, (max-width: 412px) 100vw, 412px\" \/><\/div>\n<\/div>\n<hr \/>\n<div class=\"row\">\n<div class=\"small-12 large-6 columns\">\n<p>&nbsp;<\/p>\n<p style=\"font-size: 1.2em;\"><b>Utilitzeu llistes.<\/b> S\u00f3n molt \u00fatils per estructurar la informaci\u00f3. Si l&#8217;ordre \u00e9s important, utilitzeu llistes numerades.<\/p>\n<p><span style=\"font-size: 1.2em;\">A partir de 8 elements \u00e9s convenient dividir la llista.\u00a0<\/span><\/p>\n<\/div>\n<div class=\"small-12 large-6 columns\"><img loading=\"lazy\" decoding=\"async\" class=\"alignright wp-image-10404\" title=\"Dos blocs de text. El primer, marcar com incorrecte, mostra un text compacte, sense llistes. El seg\u00f3n, marcat com a correcte, mostra un text amb llistes.\" src=\"https:\/\/agora.xtec.cat\/nodes\/wp-content\/uploads\/usu135\/2020\/05\/list-1.png\" alt=\"Dos blocs de text. El primer, marcar com incorrecte, mostra un text compacte, sense llistes. El seg\u00f3n, marcat com a correcte, mostra un text amb llistes.\" width=\"409\" height=\"233\" srcset=\"https:\/\/agora.xtec.cat\/nodes\/wp-content\/uploads\/usu135\/2020\/05\/list-1.png 855w, https:\/\/agora.xtec.cat\/nodes\/wp-content\/uploads\/usu135\/2020\/05\/list-1-300x172.png 300w, https:\/\/agora.xtec.cat\/nodes\/wp-content\/uploads\/usu135\/2020\/05\/list-1-768x439.png 768w\" sizes=\"auto, (max-width: 409px) 100vw, 409px\" \/><\/div>\n<\/div>\n<hr \/>\n<div class=\"row\">\n<div class=\"small-12 large-6 columns\">\n<p>&nbsp;<\/p>\n<p style=\"font-size: 1.2em;\"><strong>Eviteu les taules<\/strong> per fer distribuci\u00f3 en columnes. Les taules no s\u00f3n adaptatives i part de la informaci\u00f3 no es visualitzar\u00e0 als dispositius m\u00f2bils.<\/p>\n<p style=\"font-size: 1.2em;\">Utilitzeu les <a href=\"https:\/\/jmeler.github.io\/nodes-tools\/tables.html\">caixes adaptatives<\/a> de la caixa d&#8217;eines de Nodes.<span style=\"font-size: 1.2em;\">\u00a0<\/span><\/p>\n<\/div>\n<div class=\"small-12 large-6 columns\"><img loading=\"lazy\" decoding=\"async\" class=\"alignright wp-image-10409\" title=\"Taula es veu sencera al monitor i la mateixa taula tallada al m\u00f2bil\" src=\"https:\/\/agora.xtec.cat\/nodes\/wp-content\/uploads\/usu135\/2020\/05\/taules.png\" alt=\"Taula es veu sencera al monitor i la mateixa taula tallada al m\u00f2bil\" width=\"403\" height=\"243\" srcset=\"https:\/\/agora.xtec.cat\/nodes\/wp-content\/uploads\/usu135\/2020\/05\/taules.png 771w, https:\/\/agora.xtec.cat\/nodes\/wp-content\/uploads\/usu135\/2020\/05\/taules-300x181.png 300w, https:\/\/agora.xtec.cat\/nodes\/wp-content\/uploads\/usu135\/2020\/05\/taules-768x464.png 768w\" sizes=\"auto, (max-width: 403px) 100vw, 403px\" \/><\/div>\n<\/div>\n<hr \/>\n<div class=\"row\">\n<div class=\"small-12 large-6 columns\">\n<p style=\"font-size: 1.2em;\">El text dels <b>botons<\/b> i <b>enlla\u00e7os<\/b> ha de ser descriptiu, ja que d&#8217;aquesta manera les persones que fan servir els <strong>lectors de pantalla<\/strong> sabran quina acci\u00f3 fa el bot\u00f3.<\/p>\n<p><span style=\"font-size: 1.2em;\">Si enllaceu a una web o aplicaci\u00f3 externa, l&#8217;enlla\u00e7 de dest\u00ed s&#8217;ha d&#8217;obrir en una finestra nova.\u00a0<\/span><\/p>\n<\/div>\n<div class=\"small-12 large-6 columns\"><img loading=\"lazy\" decoding=\"async\" class=\"alignnone wp-image-10415 size-large\" title=\"Dos botons. Un marcat com incorrecte, t\u00e9 com a text &quot;clica aqu\u00ed&quot;. El bot\u00f3, marcat com a correcte, t\u00e9 el text &quot;Inscriu-te&quot;\" src=\"https:\/\/agora.xtec.cat\/nodes\/wp-content\/uploads\/usu135\/2020\/05\/botons-1-1024x397.png\" alt=\"Dos botons. Un marcat com incorrecte, t\u00e9 com a text &quot;clica aqu\u00ed&quot;. El bot\u00f3, marcat com a correcte, t\u00e9 el text &quot;Inscriu-te&quot;\" width=\"1024\" height=\"397\" srcset=\"https:\/\/agora.xtec.cat\/nodes\/wp-content\/uploads\/usu135\/2020\/05\/botons-1-1024x397.png 1024w, https:\/\/agora.xtec.cat\/nodes\/wp-content\/uploads\/usu135\/2020\/05\/botons-1-300x116.png 300w, https:\/\/agora.xtec.cat\/nodes\/wp-content\/uploads\/usu135\/2020\/05\/botons-1-768x297.png 768w, https:\/\/agora.xtec.cat\/nodes\/wp-content\/uploads\/usu135\/2020\/05\/botons-1.png 1043w\" sizes=\"auto, (max-width: 1024px) 100vw, 1024px\" \/><\/div>\n<\/div>\n<p>&nbsp;<\/p>\n<h2>Imatges i v\u00eddeos<\/h2>\n<p>&nbsp;<\/p>\n<div class=\"row\">\n<div class=\"small-12 large-6 columns\">\n<p style=\"font-size: 1.2em;\"><strong>Escriviu text alternatiu a les imatges.<\/strong><br \/>\n\u00c9s fonamental per a les persones amb discapacitat visual que utilitzen lectors de pantalla.<\/p>\n<p><span style=\"font-size: 14pt;\">A Nodes (WordPress) heu d&#8217;omplir tamb\u00e9 el camp <strong>Atribut t\u00edtol de la imatge<\/strong>\u00a0a Opcions avan\u00e7ades de la imatge.<\/span><\/p>\n<\/div>\n<p><img loading=\"lazy\" decoding=\"async\" class=\"alignright wp-image-10416\" title=\"Dos imatges de les pir\u00e0mides de Egipte. Una marcada com a incorrecte, sense text alternatiu. La segona, marcada com a correcte, amb el text &quot;Pir\u00e0mides d'Egipte&quot;\" src=\"https:\/\/agora.xtec.cat\/nodes\/wp-content\/uploads\/usu135\/2020\/05\/fotos.png\" alt=\"Dos imatges de les pir\u00e0mides de Egipte. Una marcada com a incorrecte, sense text alternatiu. La segona, marcada com a correcte, amb el text &quot;Pir\u00e0mides d'Egipte&quot;\" width=\"397\" height=\"144\" srcset=\"https:\/\/agora.xtec.cat\/nodes\/wp-content\/uploads\/usu135\/2020\/05\/fotos.png 965w, https:\/\/agora.xtec.cat\/nodes\/wp-content\/uploads\/usu135\/2020\/05\/fotos-300x109.png 300w, https:\/\/agora.xtec.cat\/nodes\/wp-content\/uploads\/usu135\/2020\/05\/fotos-768x279.png 768w\" sizes=\"auto, (max-width: 397px) 100vw, 397px\" \/><\/p>\n<\/div>\n<hr \/>\n<div class=\"row\">\n<div class=\"small-12 large-6 columns\">\n<p>&nbsp;<\/p>\n<p style=\"font-size: 1.2em;\">Si utilitzeu v\u00eddeos, proporcioneu <strong>subt\u00edtols<\/strong>, <strong>audiodescripcions<\/strong>\u00a0o una <strong>transcripci\u00f3<\/strong> del contingut.<\/p>\n<p style=\"font-size: 1.2em;\">Oferiu sempre un <strong>enlla\u00e7 directe<\/strong> al peu del v\u00eddeo.<\/p>\n<\/div>\n<p><img loading=\"lazy\" decoding=\"async\" class=\"alignright wp-image-10420\" title=\"Un v\u00eddeo d'un home parlant, amb subt\u00edtols. \" src=\"https:\/\/agora.xtec.cat\/nodes\/wp-content\/uploads\/usu135\/2020\/05\/subtitles-1.png\" alt=\"Un v\u00eddeo d'un home parlant, amb subt\u00edtols. \" width=\"370\" height=\"228\" srcset=\"https:\/\/agora.xtec.cat\/nodes\/wp-content\/uploads\/usu135\/2020\/05\/subtitles-1.png 663w, https:\/\/agora.xtec.cat\/nodes\/wp-content\/uploads\/usu135\/2020\/05\/subtitles-1-300x185.png 300w\" sizes=\"auto, (max-width: 370px) 100vw, 370px\" \/><\/p>\n<\/div>\n<hr \/>\n<div class=\"row\">\n<div class=\"small-12 large-6 columns\">\n<p>&nbsp;<\/p>\n<p style=\"font-size: 1.2em;\"><span style=\"font-size: 14pt;\"><strong>Si feu infografies, proporcioneu sempre una audiodescripci\u00f3.<br \/>\n<\/strong>Les infografies concentren molta informaci\u00f3 visual i textual en molt poc espai per\u00f2 s\u00f3n opaques per als lectors de pantalla.<\/span><\/p>\n<\/div>\n<p><img loading=\"lazy\" decoding=\"async\" class=\"aligncenter wp-image-10686\" title=\"Una infograf\u00eda i una icona de audiodescripci\u00f3\" src=\"https:\/\/agora.xtec.cat\/nodes\/wp-content\/uploads\/usu135\/2020\/06\/infografia-3.png\" alt=\"Una infograf\u00eda i una icona de audiodescripci\u00f3\" width=\"258\" height=\"248\" srcset=\"https:\/\/agora.xtec.cat\/nodes\/wp-content\/uploads\/usu135\/2020\/06\/infografia-3.png 423w, https:\/\/agora.xtec.cat\/nodes\/wp-content\/uploads\/usu135\/2020\/06\/infografia-3-300x289.png 300w\" sizes=\"auto, (max-width: 258px) 100vw, 258px\" \/><\/p>\n<\/div>\n<p>&nbsp;<\/p>\n<hr \/>\n<p>Aquest apartat \u00e9s una reelaboraci\u00f3 a partir de les seg\u00fcents fonts:<\/p>\n<ul>\n<li>Direcci\u00f3 General d&#8217;Atenci\u00f3 Ciutadana i Difusi\u00f3 (DGACD). (2016). <a href=\"http:\/\/atenciociutadana.gencat.cat\/web\/.content\/manuals\/accessibilitat\/guia_accessibilitat.pdf\">Dissenyant per a l&#8217;accessibilitat<\/a>.<\/li>\n<li>Lufti Gilabert, T. (2020). <a href=\"https:\/\/moodle.urv.cat\/wiki\/Accessibilitat\">Accessibilitat<\/a>. Universitat Rovira i Virgili.<\/li>\n<li>Garc\u00eda Mu\u00f1oz, O. (2012). <a href=\"https:\/\/agora.xtec.cat\/nodes\/wp-content\/uploads\/usu135\/2020\/06\/lectura-facil-metodos.pdf\">Lectura f\u00e0cil. M\u00e9todos de redacci\u00f3n y evaluaci\u00f3n.<\/a> Real Patronato sobre Discapacidad.<\/li>\n<li>Ajuntament de Barcelona. (2020). <a href=\"https:\/\/ajuntament.barcelona.cat\/accessibilitat\/ca\/que-es-laccessibilitat\">Qu\u00e8 \u00e9s l&#8217;accessibilitat web<\/a>.<\/li>\n<\/ul>\n<hr \/>\n<p>Imatges: Il\u00b7lustracions realitzada per l&#8217;\u00e0rea de Cultura digital. Llic\u00e8ncia CC0.<\/p>\n","protected":false},"excerpt":{"rendered":"<p>L&#8217;accessibilitat web beneficia a tothom, no nom\u00e9s a les persones amb diferents tipus de discapacitats (auditiva, visual, cognitiva, motriu, intel\u00b7lectual) o d&#8217;edat avan\u00e7ada. Beneficia tamb\u00e9 a les persones amb limitacions tecnol\u00f2giques (poca amplada de banda, dispositius antics) o que es veuen afectades per limitacions provocades&hellip;  <a href=\"https:\/\/agora.xtec.cat\/nodes\/consells-per-una-bona-comunicacio-families\/accessibilitat\/\" title=\"Read 3. Accessibilitat\">Llegeix m\u00e9s\u00bb<\/a><\/p>\n","protected":false},"author":1,"featured_media":0,"parent":9997,"menu_order":30,"comment_status":"closed","ping_status":"closed","template":"page-templates\/side-menu.php","meta":{"_bbp_topic_count":0,"_bbp_reply_count":0,"_bbp_total_topic_count":0,"_bbp_total_reply_count":0,"_bbp_voice_count":0,"_bbp_anonymous_reply_count":0,"_bbp_topic_count_hidden":0,"_bbp_reply_count_hidden":0,"_bbp_forum_subforum_count":0,"footnotes":""},"class_list":["post-10288","page","type-page","status-publish","hentry"],"post_mailing_queue_ids":[],"_links":{"self":[{"href":"https:\/\/agora.xtec.cat\/nodes\/wp-json\/wp\/v2\/pages\/10288","targetHints":{"allow":["GET"]}}],"collection":[{"href":"https:\/\/agora.xtec.cat\/nodes\/wp-json\/wp\/v2\/pages"}],"about":[{"href":"https:\/\/agora.xtec.cat\/nodes\/wp-json\/wp\/v2\/types\/page"}],"author":[{"embeddable":true,"href":"https:\/\/agora.xtec.cat\/nodes\/wp-json\/wp\/v2\/users\/1"}],"replies":[{"embeddable":true,"href":"https:\/\/agora.xtec.cat\/nodes\/wp-json\/wp\/v2\/comments?post=10288"}],"version-history":[{"count":4,"href":"https:\/\/agora.xtec.cat\/nodes\/wp-json\/wp\/v2\/pages\/10288\/revisions"}],"predecessor-version":[{"id":11037,"href":"https:\/\/agora.xtec.cat\/nodes\/wp-json\/wp\/v2\/pages\/10288\/revisions\/11037"}],"up":[{"embeddable":true,"href":"https:\/\/agora.xtec.cat\/nodes\/wp-json\/wp\/v2\/pages\/9997"}],"wp:attachment":[{"href":"https:\/\/agora.xtec.cat\/nodes\/wp-json\/wp\/v2\/media?parent=10288"}],"curies":[{"name":"wp","href":"https:\/\/api.w.org\/{rel}","templated":true}]}}