{"id":10098,"date":"2020-05-18T12:15:45","date_gmt":"2020-05-18T10:15:45","guid":{"rendered":"https:\/\/agora.xtec.cat\/nodes\/?page_id=10098"},"modified":"2020-07-18T13:46:36","modified_gmt":"2020-07-18T11:46:36","slug":"subscripcio-de-correu","status":"publish","type":"page","link":"https:\/\/agora.xtec.cat\/nodes\/consells-per-una-bona-comunicacio-families\/subscripcio-de-correu\/","title":{"rendered":"8. Subscripci\u00f3 de correu"},"content":{"rendered":"<div class=\"level2\">\n<p>L&#8217;extensi\u00f3\u00a0<strong>Email Subscribers<\/strong> permet afegir un sistema de subscripcions de correu de manera que l&#8217;alumnat, el professorat i les fam\u00edlies es puguin subscriure als articles de la web del centre. L&#8217;extensi\u00f3 permet:<\/p>\n<ul>\n<li class=\"level1\">\n<div class=\"li\"><strong>Subscripci\u00f3 a tots els articles<\/strong>. S&#8217;enviar\u00e0 una notificaci\u00f3 per correu electr\u00f2nic cada vegada que es publiqui un article.<\/div>\n<\/li>\n<li class=\"level1\">\n<div class=\"li\"><strong>Subscripci\u00f3 a una categoria<\/strong> determinada. S&#8217;enviar\u00e0 una notificaci\u00f3 per correu electr\u00f2nic cada vegada que es publiqui un article a aquesta categoria.<\/div>\n<\/li>\n<li class=\"level1\">\n<div class=\"li\"><strong>Enviament de butlletins<\/strong>\u00a0o correu a tots els usuaris subscrits, per enviar informaci\u00f3 independent dels articles publicats al web.<\/div>\n<\/li>\n<\/ul>\n<p>Per accedir a la configuraci\u00f3 d&#8217;aquesta extensi\u00f3 cal anar a\u00a0<strong>Tauler | Subscripcions<\/strong><\/p>\n<p><img loading=\"lazy\" decoding=\"async\" class=\"alignnone size-full wp-image-10961\" src=\"https:\/\/agora.xtec.cat\/nodes\/wp-content\/uploads\/usu135\/2020\/06\/seleccio_039.png\" alt=\"\" width=\"159\" height=\"449\" srcset=\"https:\/\/agora.xtec.cat\/nodes\/wp-content\/uploads\/usu135\/2020\/06\/seleccio_039.png 159w, https:\/\/agora.xtec.cat\/nodes\/wp-content\/uploads\/usu135\/2020\/06\/seleccio_039-106x300.png 106w\" sizes=\"auto, (max-width: 159px) 100vw, 159px\" \/><\/p>\n<\/div>\n<h2 id=\"creacio_de_les_llistes\" class=\"sectionedit3\">Creaci\u00f3 de les llistes<\/h2>\n<div class=\"level2\">\n<p>Com a administradors, el primer que hem de fer \u00e9s crear les nostres llistes de distribuci\u00f3. Podeu crear tantes llistes com necessiteu. Poden correspondre a un grup-classe, a un projecte, a una activitat concreta, etc. Exemples: ESO 1A, ESO 1B, ESO 1, Projecte Hort Escolar, Viatge de fi de curs, etc.<\/p>\n<p>Per crear una llista aneu a\u00a0<strong>Audi\u00e8ncia | Gestiona les llistes<\/strong><\/p>\n<p><img loading=\"lazy\" decoding=\"async\" class=\"alignnone size-large wp-image-10962\" src=\"https:\/\/agora.xtec.cat\/nodes\/wp-content\/uploads\/usu135\/2020\/06\/seleccio_043-1024x469.png\" alt=\"\" width=\"1024\" height=\"469\" srcset=\"https:\/\/agora.xtec.cat\/nodes\/wp-content\/uploads\/usu135\/2020\/06\/seleccio_043-1024x469.png 1024w, https:\/\/agora.xtec.cat\/nodes\/wp-content\/uploads\/usu135\/2020\/06\/seleccio_043-300x137.png 300w, https:\/\/agora.xtec.cat\/nodes\/wp-content\/uploads\/usu135\/2020\/06\/seleccio_043-768x352.png 768w, https:\/\/agora.xtec.cat\/nodes\/wp-content\/uploads\/usu135\/2020\/06\/seleccio_043.png 1171w\" sizes=\"auto, (max-width: 1024px) 100vw, 1024px\" \/><\/p>\n<p>A la pantalla d&#8217;<strong>Audi\u00e8ncia &gt; Llistes<\/strong>, feu clic al bot\u00f3\u00a0<strong>Afegir nova llista (Add New)<\/strong><\/p>\n<p><img loading=\"lazy\" decoding=\"async\" class=\"alignnone size-full wp-image-10963\" src=\"https:\/\/agora.xtec.cat\/nodes\/wp-content\/uploads\/usu135\/2020\/06\/seleccio_044.png\" alt=\"\" width=\"515\" height=\"223\" srcset=\"https:\/\/agora.xtec.cat\/nodes\/wp-content\/uploads\/usu135\/2020\/06\/seleccio_044.png 515w, https:\/\/agora.xtec.cat\/nodes\/wp-content\/uploads\/usu135\/2020\/06\/seleccio_044-300x130.png 300w\" sizes=\"auto, (max-width: 515px) 100vw, 515px\" \/><\/p>\n<p>i poseu-li un nom descriptiu a la llista. Per exemple, si voleu crear una llista de nom\u00e9s els articles que corresponguin als articles de\u00a0<strong>Portada<\/strong>, podeu posar com a nom\u00a0<strong>Portada<\/strong>\u00a0i desar els canvis.<\/p>\n<p><img loading=\"lazy\" decoding=\"async\" class=\"alignnone size-full wp-image-10964\" src=\"https:\/\/agora.xtec.cat\/nodes\/wp-content\/uploads\/usu135\/2020\/06\/seleccio_045.png\" alt=\"\" width=\"508\" height=\"238\" srcset=\"https:\/\/agora.xtec.cat\/nodes\/wp-content\/uploads\/usu135\/2020\/06\/seleccio_045.png 508w, https:\/\/agora.xtec.cat\/nodes\/wp-content\/uploads\/usu135\/2020\/06\/seleccio_045-300x141.png 300w\" sizes=\"auto, (max-width: 508px) 100vw, 508px\" \/><\/p>\n<p>Ara hem de vincular aquesta llista amb la categoria\u00a0<strong>Portada<\/strong>. Aix\u00f2 ho farem mitjan\u00e7ant les\u00a0<strong>Campanyes<\/strong>.<\/p>\n<\/div>\n<h2 id=\"creacio_d_una_campanya_de_notificacio_de_publicacio_d_articles_nous\" class=\"sectionedit4\">Creaci\u00f3 d&#8217;una campanya de notificaci\u00f3 de publicaci\u00f3 d&#8217;articles nous<\/h2>\n<div class=\"level2\">\n<p>Aneu a\u00a0<strong>Tauler | Subscripcions | Campanyes<\/strong>\u00a0i trieu\u00a0<strong>Crea una notificaci\u00f3 de publicaci\u00f3<\/strong><\/p>\n<p><a class=\"media\" title=\"cmd:tac:agora-nodes:seleccio_046.png\" href=\"https:\/\/ateneu.xtec.cat\/wikiform\/wikiform\/_detail\/cmd\/tac\/agora-nodes\/seleccio_046.png?id=cmd%3Atac%3Aagora-nodes%3Asubscripcio\" target=\"_blank\" rel=\"noopener noreferrer\"><img loading=\"lazy\" decoding=\"async\" class=\"alignnone size-full wp-image-10965\" src=\"https:\/\/agora.xtec.cat\/nodes\/wp-content\/uploads\/usu135\/2020\/06\/seleccio_046.png\" alt=\"\" width=\"862\" height=\"367\" srcset=\"https:\/\/agora.xtec.cat\/nodes\/wp-content\/uploads\/usu135\/2020\/06\/seleccio_046.png 862w, https:\/\/agora.xtec.cat\/nodes\/wp-content\/uploads\/usu135\/2020\/06\/seleccio_046-300x128.png 300w, https:\/\/agora.xtec.cat\/nodes\/wp-content\/uploads\/usu135\/2020\/06\/seleccio_046-768x327.png 768w\" sizes=\"auto, (max-width: 862px) 100vw, 862px\" \/><\/a><\/p>\n<p>Seleccioneu la llista, la plantilla de text que apareixer\u00e0 al correu electr\u00f2nic informant d&#8217;una nova publicaci\u00f3, i vinculeu-la amb la categoria dels articles:<\/p>\n<p><img loading=\"lazy\" decoding=\"async\" class=\"alignnone size-full wp-image-10966\" src=\"https:\/\/agora.xtec.cat\/nodes\/wp-content\/uploads\/usu135\/2020\/06\/seleccio_047.png\" alt=\"\" width=\"957\" height=\"627\" srcset=\"https:\/\/agora.xtec.cat\/nodes\/wp-content\/uploads\/usu135\/2020\/06\/seleccio_047.png 957w, https:\/\/agora.xtec.cat\/nodes\/wp-content\/uploads\/usu135\/2020\/06\/seleccio_047-300x197.png 300w, https:\/\/agora.xtec.cat\/nodes\/wp-content\/uploads\/usu135\/2020\/06\/seleccio_047-768x503.png 768w\" sizes=\"auto, (max-width: 957px) 100vw, 957px\" \/><\/p>\n<p>Una vegada creada la campanya, creeu un formulari de subscripci\u00f3 i afegir un giny perqu\u00e8 els nostres usuaris se&#8217;n puguin subscriure.<\/p>\n<\/div>\n<h2 id=\"creacio_d_un_formulari_de_subscripcio\" class=\"sectionedit5\">Creaci\u00f3 d&#8217;un formulari de subscripci\u00f3<\/h2>\n<div class=\"level2\">\n<p>Aneu a\u00a0<strong>Tauler | Subscripcions | Formularis<\/strong>\u00a0i feu clic a\u00a0<strong>Afegeix (Add New)<\/strong><\/p>\n<p><img loading=\"lazy\" decoding=\"async\" class=\"alignnone size-full wp-image-10967\" src=\"https:\/\/agora.xtec.cat\/nodes\/wp-content\/uploads\/usu135\/2020\/06\/seleccio_050.png\" alt=\"\" width=\"504\" height=\"533\" srcset=\"https:\/\/agora.xtec.cat\/nodes\/wp-content\/uploads\/usu135\/2020\/06\/seleccio_050.png 504w, https:\/\/agora.xtec.cat\/nodes\/wp-content\/uploads\/usu135\/2020\/06\/seleccio_050-284x300.png 284w\" sizes=\"auto, (max-width: 504px) 100vw, 504px\" \/><\/p>\n<p>Ompliu els camps i trieu la llista on voleu que els usuaris es subscriguin.<\/p>\n<p><img loading=\"lazy\" decoding=\"async\" class=\"alignnone size-full wp-image-10968\" src=\"https:\/\/agora.xtec.cat\/nodes\/wp-content\/uploads\/usu135\/2020\/06\/seleccio_052.png\" alt=\"\" width=\"891\" height=\"779\" srcset=\"https:\/\/agora.xtec.cat\/nodes\/wp-content\/uploads\/usu135\/2020\/06\/seleccio_052.png 891w, https:\/\/agora.xtec.cat\/nodes\/wp-content\/uploads\/usu135\/2020\/06\/seleccio_052-300x262.png 300w, https:\/\/agora.xtec.cat\/nodes\/wp-content\/uploads\/usu135\/2020\/06\/seleccio_052-768x671.png 768w\" sizes=\"auto, (max-width: 891px) 100vw, 891px\" \/><\/p>\n<\/div>\n<h2 id=\"creacio_d_un_giny_de_subscripcio\" class=\"sectionedit6\">Creaci\u00f3 d&#8217;un giny de subscripci\u00f3<\/h2>\n<div class=\"level2\">\n<p>Ara nom\u00e9s queda afegir un giny a la nostra web on els usuaris es puguin subscriure autom\u00e0ticament. Aneu a la p\u00e0gina principal i feu clic a <strong>Personalitza | Ginys<\/strong>\u00a0i trieu la zona de ginys on voleu ubicar el giny. Feu clic al bot\u00f3\u00a0<strong>Afegeix un giny<\/strong>\u00a0i busqueu un giny de tipus\u00a0<strong>Subscripcions<\/strong>.<\/p>\n<p><img loading=\"lazy\" decoding=\"async\" class=\"alignnone size-full wp-image-10969\" src=\"https:\/\/agora.xtec.cat\/nodes\/wp-content\/uploads\/usu135\/2020\/06\/seleccio_049.png\" alt=\"\" width=\"688\" height=\"509\" srcset=\"https:\/\/agora.xtec.cat\/nodes\/wp-content\/uploads\/usu135\/2020\/06\/seleccio_049.png 688w, https:\/\/agora.xtec.cat\/nodes\/wp-content\/uploads\/usu135\/2020\/06\/seleccio_049-300x222.png 300w\" sizes=\"auto, (max-width: 688px) 100vw, 688px\" \/><\/p>\n<p>Ompliu el t\u00edtol i trieu el formulari desitjat:<\/p>\n<p><img loading=\"lazy\" decoding=\"async\" class=\"alignnone wp-image-10972 size-full\" title=\"Captura del giny de Subscripci\u00f3 de correu\" src=\"https:\/\/agora.xtec.cat\/nodes\/wp-content\/uploads\/usu135\/2020\/06\/seleccio_054.png\" alt=\"Captura del giny de Subscripci\u00f3 de correu\" width=\"771\" height=\"662\" srcset=\"https:\/\/agora.xtec.cat\/nodes\/wp-content\/uploads\/usu135\/2020\/06\/seleccio_054.png 771w, https:\/\/agora.xtec.cat\/nodes\/wp-content\/uploads\/usu135\/2020\/06\/seleccio_054-300x258.png 300w, https:\/\/agora.xtec.cat\/nodes\/wp-content\/uploads\/usu135\/2020\/06\/seleccio_054-768x659.png 768w\" sizes=\"auto, (max-width: 771px) 100vw, 771px\" \/><\/p>\n<p>A la imatge podeu veure l&#8217;aspecte del giny amb el formulari de subscripci\u00f3. Ara, l&#8217;usuari pot subscriure&#8217;s a la llista i rebre un correu cada vegada que hi hagi un nou article vinculat a aquesta llista (en aquest cas, els articles categoritzats com a\u00a0<strong>Portada<\/strong>).<\/p>\n<p>\u00c9s necessari que l&#8217;usuari confirmi la subscripci\u00f3 validant un missatge de confirmaci\u00f3 que ser\u00e0 enviat al seu correu.<\/p>\n<p><a class=\"media\" title=\"cmd:tac:agora-nodes:seleccio_055.png\" href=\"https:\/\/ateneu.xtec.cat\/wikiform\/wikiform\/_detail\/cmd\/tac\/agora-nodes\/seleccio_055.png?id=cmd%3Atac%3Aagora-nodes%3Asubscripcio\" target=\"_blank\" rel=\"noopener noreferrer\"><img decoding=\"async\" class=\"mediacenter\" src=\"https:\/\/ateneu.xtec.cat\/wikiform\/wikiform\/_media\/cmd\/tac\/agora-nodes\/seleccio_055.png\" alt=\"\" \/><\/a><\/p>\n<p>Podeu consultar els usuaris i l&#8217;estat de la subscripci\u00f3 a\u00a0<strong>Tauler |Subscripcions | Audi\u00e8ncia<\/strong>. Podeu veure un indicador verd a les llistes confirmades i un indicador groc per a les no confirmades.<\/p>\n<p><img loading=\"lazy\" decoding=\"async\" class=\"alignnone wp-image-10974 size-large\" title=\"Captura detall de les llistes a les que esta subscrit un usuari, pantalla Contactes\" src=\"https:\/\/agora.xtec.cat\/nodes\/wp-content\/uploads\/usu135\/2020\/06\/seleccio_058-1024x351.png\" alt=\"Captura detall de les llistes a les que esta subscrit un usuari, pantalla Contactes\" width=\"1024\" height=\"351\" srcset=\"https:\/\/agora.xtec.cat\/nodes\/wp-content\/uploads\/usu135\/2020\/06\/seleccio_058-1024x351.png 1024w, https:\/\/agora.xtec.cat\/nodes\/wp-content\/uploads\/usu135\/2020\/06\/seleccio_058-300x103.png 300w, https:\/\/agora.xtec.cat\/nodes\/wp-content\/uploads\/usu135\/2020\/06\/seleccio_058-768x263.png 768w, https:\/\/agora.xtec.cat\/nodes\/wp-content\/uploads\/usu135\/2020\/06\/seleccio_058.png 1208w\" sizes=\"auto, (max-width: 1024px) 100vw, 1024px\" \/><\/p>\n<\/div>\n<h2 id=\"subscripcio_d_usuaris_en_massa_mitjancant_un_fixer_csv\" class=\"sectionedit7\">Subscripci\u00f3 d&#8217;usuaris en massa mitjan\u00e7ant un fixer csv<\/h2>\n<div class=\"level2\">\n<p>L&#8217;administrador del Nodes tamb\u00e9 pot pujar una s\u00e8rie d&#8217;usuaris i subscriure&#8217;ls a un grup determinat a trav\u00e9s d&#8217;un fitxer CSV. Per fer-ho cal seguir els passos seg\u00fcents:<\/p>\n<ul>\n<li class=\"level1\">\n<div class=\"li\">Anar a l&#8217;apartat\u00a0<strong>Subscripcions | Audi\u00e8ncia<\/strong>\u00a0i fer clic a\u00a0<strong>Importa els contactes<\/strong>.<\/div>\n<\/li>\n<\/ul>\n<p><img loading=\"lazy\" decoding=\"async\" class=\"alignnone wp-image-10975 size-large\" title=\"Bot\u00f3 Importa els contactes de la p\u00e0gina de Contactes\" src=\"https:\/\/agora.xtec.cat\/nodes\/wp-content\/uploads\/usu135\/2020\/06\/seleccio_059-1024x336.png\" alt=\"Bot\u00f3 Importa els contactes de la p\u00e0gina de Contactes\" width=\"1024\" height=\"336\" srcset=\"https:\/\/agora.xtec.cat\/nodes\/wp-content\/uploads\/usu135\/2020\/06\/seleccio_059-1024x336.png 1024w, https:\/\/agora.xtec.cat\/nodes\/wp-content\/uploads\/usu135\/2020\/06\/seleccio_059-300x98.png 300w, https:\/\/agora.xtec.cat\/nodes\/wp-content\/uploads\/usu135\/2020\/06\/seleccio_059-768x252.png 768w, https:\/\/agora.xtec.cat\/nodes\/wp-content\/uploads\/usu135\/2020\/06\/seleccio_059.png 1183w\" sizes=\"auto, (max-width: 1024px) 100vw, 1024px\" \/><\/p>\n<p>&nbsp;<\/p>\n<ul>\n<li class=\"level1\">\n<div class=\"li\">Seleccioneu un fitxer CSV que contingui els usuaris que es volen importar, amb el format: <strong>Nom,correu electr\u00f2nic<\/strong><\/div>\n<\/li>\n<\/ul>\n<pre class=\"code\">Nom1, correu1@email.cat\r\nNom2, correu2@email.cat\r\nNom3, correu3@email.cat\r\nNom4, correu4@email.cat<\/pre>\n<\/div>\n<h2 id=\"missatgesbutlletins\" class=\"sectionedit8\">Missatges\/Butlletins<\/h2>\n<div class=\"level2\">\n<p>S\u00f3n missatges que s&#8217;envien a un grup de subscripci\u00f3 determinat. S\u00f3n independents dels articles o p\u00e0gines que es publiquen a la web. Per enviar un missatge a un grup d&#8217;usuaris subscrit, calen tamb\u00e9 dos passos:<\/p>\n<ul>\n<li class=\"level1\">\n<div class=\"li\">A\u00a0<strong>Tauler | Subscripcions | Campanyes | Gesti\u00f3 de plantilles<\/strong>, cal crear una plantilla (de tipus est\u00e0tica) amb el missatge que es vol trametre.<\/div>\n<\/li>\n<\/ul>\n<ul>\n<li class=\"level1\">\n<div class=\"li\">A\u00a0<strong>Tauler | Subscripcions | Campanyes | Envia una difusi\u00f3<\/strong>, trieu la plantilla i la llista de distribuci\u00f3 a la qual es vol enviar el missatge.<\/div>\n<\/li>\n<\/ul>\n<p><img loading=\"lazy\" decoding=\"async\" class=\"alignnone wp-image-10976 size-full\" title=\"Bot\u00f3 Envia una difusi\u00f3 dins de la pantalla Campanyes\" src=\"https:\/\/agora.xtec.cat\/nodes\/wp-content\/uploads\/usu135\/2020\/06\/seleccio_062.png\" alt=\"Bot\u00f3 Envia una difusi\u00f3 dins de la pantalla Campanyes\" width=\"906\" height=\"532\" srcset=\"https:\/\/agora.xtec.cat\/nodes\/wp-content\/uploads\/usu135\/2020\/06\/seleccio_062.png 906w, https:\/\/agora.xtec.cat\/nodes\/wp-content\/uploads\/usu135\/2020\/06\/seleccio_062-300x176.png 300w, https:\/\/agora.xtec.cat\/nodes\/wp-content\/uploads\/usu135\/2020\/06\/seleccio_062-768x451.png 768w\" sizes=\"auto, (max-width: 906px) 100vw, 906px\" \/><\/p>\n<p><img loading=\"lazy\" decoding=\"async\" class=\"alignnone wp-image-10977 size-full\" title=\"Pantalla Difusi\u00f3 dins de Campanyes\" src=\"https:\/\/agora.xtec.cat\/nodes\/wp-content\/uploads\/usu135\/2020\/06\/seleccio_060.png\" alt=\"Pantalla Difusi\u00f3 dins de Campanyes\" width=\"898\" height=\"480\" srcset=\"https:\/\/agora.xtec.cat\/nodes\/wp-content\/uploads\/usu135\/2020\/06\/seleccio_060.png 898w, https:\/\/agora.xtec.cat\/nodes\/wp-content\/uploads\/usu135\/2020\/06\/seleccio_060-300x160.png 300w, https:\/\/agora.xtec.cat\/nodes\/wp-content\/uploads\/usu135\/2020\/06\/seleccio_060-768x411.png 768w\" sizes=\"auto, (max-width: 898px) 100vw, 898px\" \/><\/p>\n<p>El missatge trigar\u00e0 1 hora a enviar-se. Podeu consultar l&#8217;estat de l&#8217;enviament o fins i tot enviar-lo immediatament a <strong>Tauler | Subscripcions | Informes<\/strong><\/p>\n<p><img loading=\"lazy\" decoding=\"async\" class=\"alignnone wp-image-10978 size-large\" title=\"Bot\u00f3 Envia ara els correus de la cua de la pantalla Informes\" src=\"https:\/\/agora.xtec.cat\/nodes\/wp-content\/uploads\/usu135\/2020\/06\/seleccio_063-1024x467.png\" alt=\"Bot\u00f3 Envia ara els correus de la cua de la pantalla Informes\" width=\"1024\" height=\"467\" srcset=\"https:\/\/agora.xtec.cat\/nodes\/wp-content\/uploads\/usu135\/2020\/06\/seleccio_063-1024x467.png 1024w, https:\/\/agora.xtec.cat\/nodes\/wp-content\/uploads\/usu135\/2020\/06\/seleccio_063-300x137.png 300w, https:\/\/agora.xtec.cat\/nodes\/wp-content\/uploads\/usu135\/2020\/06\/seleccio_063-768x350.png 768w, https:\/\/agora.xtec.cat\/nodes\/wp-content\/uploads\/usu135\/2020\/06\/seleccio_063.png 1222w\" sizes=\"auto, (max-width: 1024px) 100vw, 1024px\" \/><\/p>\n<\/div>\n<p>&nbsp;<\/p>\n<hr \/>\n<p>Imatges realitzades per l&#8217;\u00e0rea de Cultura digital.<\/p>\n<p>&nbsp;<\/p>\n","protected":false},"excerpt":{"rendered":"<p>L&#8217;extensi\u00f3\u00a0Email Subscribers permet afegir un sistema de subscripcions de correu de manera que l&#8217;alumnat, el professorat i les fam\u00edlies es puguin subscriure als articles de la web del centre. L&#8217;extensi\u00f3 permet:<\/p>\n<ul>\n<li class=\"level1\">\nSubscripci\u00f3 a tots els articles. S&#8217;enviar\u00e0 una notificaci\u00f3 per correu electr\u00f2nic cada vegada que&hellip;  <a href=\"https:\/\/agora.xtec.cat\/nodes\/consells-per-una-bona-comunicacio-families\/subscripcio-de-correu\/\" title=\"Read 8. Subscripci\u00f3 de correu\">Llegeix m\u00e9s\u00bb<\/a><\/p>\n","protected":false},"author":1,"featured_media":0,"parent":9997,"menu_order":80,"comment_status":"closed","ping_status":"closed","template":"page-templates\/side-menu.php","meta":{"_bbp_topic_count":0,"_bbp_reply_count":0,"_bbp_total_topic_count":0,"_bbp_total_reply_count":0,"_bbp_voice_count":0,"_bbp_anonymous_reply_count":0,"_bbp_topic_count_hidden":0,"_bbp_reply_count_hidden":0,"_bbp_forum_subforum_count":0,"footnotes":""},"class_list":["post-10098","page","type-page","status-publish","hentry"],"post_mailing_queue_ids":[],"_links":{"self":[{"href":"https:\/\/agora.xtec.cat\/nodes\/wp-json\/wp\/v2\/pages\/10098","targetHints":{"allow":["GET"]}}],"collection":[{"href":"https:\/\/agora.xtec.cat\/nodes\/wp-json\/wp\/v2\/pages"}],"about":[{"href":"https:\/\/agora.xtec.cat\/nodes\/wp-json\/wp\/v2\/types\/page"}],"author":[{"embeddable":true,"href":"https:\/\/agora.xtec.cat\/nodes\/wp-json\/wp\/v2\/users\/1"}],"replies":[{"embeddable":true,"href":"https:\/\/agora.xtec.cat\/nodes\/wp-json\/wp\/v2\/comments?post=10098"}],"version-history":[{"count":4,"href":"https:\/\/agora.xtec.cat\/nodes\/wp-json\/wp\/v2\/pages\/10098\/revisions"}],"predecessor-version":[{"id":11064,"href":"https:\/\/agora.xtec.cat\/nodes\/wp-json\/wp\/v2\/pages\/10098\/revisions\/11064"}],"up":[{"embeddable":true,"href":"https:\/\/agora.xtec.cat\/nodes\/wp-json\/wp\/v2\/pages\/9997"}],"wp:attachment":[{"href":"https:\/\/agora.xtec.cat\/nodes\/wp-json\/wp\/v2\/media?parent=10098"}],"curies":[{"name":"wp","href":"https:\/\/api.w.org\/{rel}","templated":true}]}}