{"id":736,"date":"2022-04-29T21:16:24","date_gmt":"2022-04-29T19:16:24","guid":{"rendered":"https:\/\/agora.xtec.cat\/llinfantslaflorida\/?page_id=736"},"modified":"2026-03-14T13:34:29","modified_gmt":"2026-03-14T12:34:29","slug":"habits-autonomia-e-higiene","status":"publish","type":"page","link":"https:\/\/agora.xtec.cat\/llinfantslaflorida\/lescola-2\/habits-autonomia-e-higiene\/","title":{"rendered":"H\u00e0bits, autonomia e higiene"},"content":{"rendered":"<p>Un dels pilars de l\u2019etapa d\u2019Educaci\u00f3 Infantil \u00e9s l\u2019<strong>adquisici\u00f3 d\u2019h\u00e0bits<\/strong>\u00a0per part dels infants. Aquesta \u00e9s una\u00a0<strong>tasca compartida entre fam\u00edlia i escola\u00a0<\/strong>i nom\u00e9s amb la implicaci\u00f3 d\u2019ambdues parts s\u2019aconsegueix l\u2019\u00e8xit.<\/p>\n<p>Podr\u00edem definir els\u00a0<strong>h\u00e0bits\u00a0<\/strong>com a <strong>pautes de comportament, costums i actituds que ens ajuden a estructurar-nos i a orientar-nos per formar-nos millor<\/strong>. S\u00f3n indispensables per la millora de l\u2019autonomia, la conviv\u00e8ncia positiva amb els altres i per l\u2019adquisici\u00f3 de nous aprenentatges. A m\u00e9s a m\u00e9s, s\u00f3n un aprenentatge de valor per a tota la vida. Els h\u00e0bits\u00a0<strong>no s\u00f3n innats<\/strong>\u00a0sin\u00f3 que s\u2019adquireixen progressivament a trav\u00e9s de l\u2019<strong>experi\u00e8ncia i l\u2019aprenentatge<\/strong>.<\/p>\n<p>A la llar d\u2019infants La Florida donem molta import\u00e0ncia a l\u2019adquisici\u00f3 de diferents <strong>h\u00e0bits<\/strong>\u00a0\u2013\u00a0<strong>socials, d\u2019autonomia, d\u2019higiene personal, de treball, d\u2019ordre<\/strong>\u2026- Pensem que ajuden als infants a ser cada vegada m\u00e9s aut\u00f2noms i a tenir una millor\u00a0<strong>compet\u00e8ncia interpersonal\u00a0<\/strong>per relacionar-se amb els altres.<\/p>\n<p>\u00c9s important i molt gratificant observar els petits per\u00f2 continus aven\u00e7os que va fent cada nen i nena i donar el\u00a0<strong>refor\u00e7 positiu<\/strong> que els infants es mereixen per aquests petits grans assoliments. D\u2019aquesta manera els ajudem a fer cr\u00e9ixer la seva autoestima alhora que augmenta tamb\u00e9 la motivaci\u00f3 per seguir avan\u00e7ant en l\u2019autonomia.<\/p>\n","protected":false},"excerpt":{"rendered":"<p>Un dels pilars de l\u2019etapa d\u2019Educaci\u00f3 Infantil \u00e9s l\u2019adquisici\u00f3 d\u2019h\u00e0bits\u00a0per part dels infants. Aquesta \u00e9s una\u00a0tasca compartida entre fam\u00edlia i escola\u00a0i nom\u00e9s amb la implicaci\u00f3 d\u2019ambdues parts s\u2019aconsegueix l\u2019\u00e8xit. Podr\u00edem definir els\u00a0h\u00e0bits\u00a0com a pautes de comportament, costums i actituds que ens ajuden a estructurar-nos i a orientar-nos per formar-nos millor. S\u00f3n indispensables per la millora [&hellip;]<\/p>\n","protected":false},"author":1,"featured_media":0,"parent":648,"menu_order":20,"comment_status":"closed","ping_status":"closed","template":"","meta":{"_bbp_topic_count":0,"_bbp_reply_count":0,"_bbp_total_topic_count":0,"_bbp_total_reply_count":0,"_bbp_voice_count":0,"_bbp_anonymous_reply_count":0,"_bbp_topic_count_hidden":0,"_bbp_reply_count_hidden":0,"_bbp_forum_subforum_count":0,"site-sidebar-layout":"default","site-content-layout":"","ast-site-content-layout":"default","site-content-style":"default","site-sidebar-style":"default","ast-global-header-display":"","ast-banner-title-visibility":"","ast-main-header-display":"","ast-hfb-above-header-display":"","ast-hfb-below-header-display":"","ast-hfb-mobile-header-display":"","site-post-title":"","ast-breadcrumbs-content":"","ast-featured-img":"","footer-sml-layout":"","theme-transparent-header-meta":"default","adv-header-id-meta":"","stick-header-meta":"","header-above-stick-meta":"","header-main-stick-meta":"","header-below-stick-meta":"","astra-migrate-meta-layouts":"set","ast-page-background-enabled":"default","ast-page-background-meta":{"desktop":{"background-color":"var(--ast-global-color-4)","background-image":"","background-repeat":"repeat","background-position":"center center","background-size":"auto","background-attachment":"scroll","background-type":"","background-media":"","overlay-type":"","overlay-color":"","overlay-opacity":"","overlay-gradient":""},"tablet":{"background-color":"","background-image":"","background-repeat":"repeat","background-position":"center center","background-size":"auto","background-attachment":"scroll","background-type":"","background-media":"","overlay-type":"","overlay-color":"","overlay-opacity":"","overlay-gradient":""},"mobile":{"background-color":"","background-image":"","background-repeat":"repeat","background-position":"center center","background-size":"auto","background-attachment":"scroll","background-type":"","background-media":"","overlay-type":"","overlay-color":"","overlay-opacity":"","overlay-gradient":""}},"ast-content-background-meta":{"desktop":{"background-color":"var(--ast-global-color-5)","background-image":"","background-repeat":"repeat","background-position":"center center","background-size":"auto","background-attachment":"scroll","background-type":"","background-media":"","overlay-type":"","overlay-color":"","overlay-opacity":"","overlay-gradient":""},"tablet":{"background-color":"var(--ast-global-color-5)","background-image":"","background-repeat":"repeat","background-position":"center center","background-size":"auto","background-attachment":"scroll","background-type":"","background-media":"","overlay-type":"","overlay-color":"","overlay-opacity":"","overlay-gradient":""},"mobile":{"background-color":"var(--ast-global-color-5)","background-image":"","background-repeat":"repeat","background-position":"center center","background-size":"auto","background-attachment":"scroll","background-type":"","background-media":"","overlay-type":"","overlay-color":"","overlay-opacity":"","overlay-gradient":""}},"footnotes":""},"class_list":["post-736","page","type-page","status-publish","hentry"],"post_mailing_queue_ids":[],"_links":{"self":[{"href":"https:\/\/agora.xtec.cat\/llinfantslaflorida\/wp-json\/wp\/v2\/pages\/736","targetHints":{"allow":["GET"]}}],"collection":[{"href":"https:\/\/agora.xtec.cat\/llinfantslaflorida\/wp-json\/wp\/v2\/pages"}],"about":[{"href":"https:\/\/agora.xtec.cat\/llinfantslaflorida\/wp-json\/wp\/v2\/types\/page"}],"author":[{"embeddable":true,"href":"https:\/\/agora.xtec.cat\/llinfantslaflorida\/wp-json\/wp\/v2\/users\/1"}],"replies":[{"embeddable":true,"href":"https:\/\/agora.xtec.cat\/llinfantslaflorida\/wp-json\/wp\/v2\/comments?post=736"}],"version-history":[{"count":6,"href":"https:\/\/agora.xtec.cat\/llinfantslaflorida\/wp-json\/wp\/v2\/pages\/736\/revisions"}],"predecessor-version":[{"id":2054,"href":"https:\/\/agora.xtec.cat\/llinfantslaflorida\/wp-json\/wp\/v2\/pages\/736\/revisions\/2054"}],"up":[{"embeddable":true,"href":"https:\/\/agora.xtec.cat\/llinfantslaflorida\/wp-json\/wp\/v2\/pages\/648"}],"wp:attachment":[{"href":"https:\/\/agora.xtec.cat\/llinfantslaflorida\/wp-json\/wp\/v2\/media?parent=736"}],"curies":[{"name":"wp","href":"https:\/\/api.w.org\/{rel}","templated":true}]}}