{"id":709,"date":"2022-04-29T20:39:22","date_gmt":"2022-04-29T18:39:22","guid":{"rendered":"https:\/\/agora.xtec.cat\/llinfantslaflorida\/?page_id=709"},"modified":"2026-04-27T14:26:38","modified_gmt":"2026-04-27T12:26:38","slug":"matricula","status":"publish","type":"page","link":"https:\/\/agora.xtec.cat\/llinfantslaflorida\/secretaria-i-tramits\/matricula\/","title":{"rendered":"Matricula"},"content":{"rendered":"<div class=\"floatleft wpx474 \">\n<div class=\"floatleft wpx474 paddingTop5 \">\n<div class=\"floatleft wpx474 \">\n<div class=\"floatleft wpx474 t075 \">\n<p>Ja s\u2019ha publicat el calendari de preinscripci\u00f3 i matr\u00edcula per al curs 2026-2027 de les Escoles Bressol de L\u2019Hospitalet. A continuaci\u00f3, detallem les dates clau del proc\u00e9s:<\/p>\n<p>Calendari<\/p>\n<ul>\n<li>6 de maig \u2014 Publicaci\u00f3 de l\u2019oferta de places vacants<\/li>\n<li>Del 8 de maig a les 8:00 h al 22 de maig a les 23:59 h \u2014 Presentaci\u00f3 de sol\u00b7licituds<\/li>\n<li>1 de juny \u2014 Publicaci\u00f3 de les llistes amb els barems<\/li>\n<li>2, 3 i 4 de juny \u2014 Per\u00edode de reclamacions<\/li>\n<li>9 de juny \u2014 Publicaci\u00f3 de les llistes despr\u00e9s del per\u00edode de reclamacions<\/li>\n<li>10 de juny \u2014 Sorteig virtual<\/li>\n<li>12 de juny \u2014 Publicaci\u00f3 de la llista d\u2019admesos<\/li>\n<li>Del 16 al 25 de juny \u2014 Per\u00edode de formalitzaci\u00f3 de la matr\u00edcula<\/li>\n<\/ul>\n<p>Es recomana a les fam\u00edlies revisar atentament les dates i preparar la documentaci\u00f3 amb antelaci\u00f3 per facilitar el proc\u00e9s.<\/p>\n<p>Per a m\u00e9s informaci\u00f3, podeu consultar els canals oficials de l\u2019Ajuntament o contactar amb l\u2019escola bressol corresponent.<\/p>\n<\/div>\n<\/div>\n<\/div>\n<\/div>\n","protected":false},"excerpt":{"rendered":"<p>Ja s\u2019ha publicat el calendari de preinscripci\u00f3 i matr\u00edcula per al curs 2026-2027 de les Escoles Bressol de L\u2019Hospitalet. A continuaci\u00f3, detallem les dates clau del proc\u00e9s: Calendari 6 de maig \u2014 Publicaci\u00f3 de l\u2019oferta de places vacants Del 8 de maig a les 8:00 h al 22 de maig a les 23:59 h \u2014 [&hellip;]<\/p>\n","protected":false},"author":1,"featured_media":0,"parent":658,"menu_order":30,"comment_status":"closed","ping_status":"closed","template":"","meta":{"_bbp_topic_count":0,"_bbp_reply_count":0,"_bbp_total_topic_count":0,"_bbp_total_reply_count":0,"_bbp_voice_count":0,"_bbp_anonymous_reply_count":0,"_bbp_topic_count_hidden":0,"_bbp_reply_count_hidden":0,"_bbp_forum_subforum_count":0,"site-sidebar-layout":"default","site-content-layout":"","ast-site-content-layout":"default","site-content-style":"default","site-sidebar-style":"default","ast-global-header-display":"","ast-banner-title-visibility":"","ast-main-header-display":"","ast-hfb-above-header-display":"","ast-hfb-below-header-display":"","ast-hfb-mobile-header-display":"","site-post-title":"","ast-breadcrumbs-content":"","ast-featured-img":"","footer-sml-layout":"","theme-transparent-header-meta":"default","adv-header-id-meta":"","stick-header-meta":"","header-above-stick-meta":"","header-main-stick-meta":"","header-below-stick-meta":"","astra-migrate-meta-layouts":"set","ast-page-background-enabled":"default","ast-page-background-meta":{"desktop":{"background-color":"var(--ast-global-color-4)","background-image":"","background-repeat":"repeat","background-position":"center center","background-size":"auto","background-attachment":"scroll","background-type":"","background-media":"","overlay-type":"","overlay-color":"","overlay-opacity":"","overlay-gradient":""},"tablet":{"background-color":"","background-image":"","background-repeat":"repeat","background-position":"center center","background-size":"auto","background-attachment":"scroll","background-type":"","background-media":"","overlay-type":"","overlay-color":"","overlay-opacity":"","overlay-gradient":""},"mobile":{"background-color":"","background-image":"","background-repeat":"repeat","background-position":"center center","background-size":"auto","background-attachment":"scroll","background-type":"","background-media":"","overlay-type":"","overlay-color":"","overlay-opacity":"","overlay-gradient":""}},"ast-content-background-meta":{"desktop":{"background-color":"var(--ast-global-color-5)","background-image":"","background-repeat":"repeat","background-position":"center center","background-size":"auto","background-attachment":"scroll","background-type":"","background-media":"","overlay-type":"","overlay-color":"","overlay-opacity":"","overlay-gradient":""},"tablet":{"background-color":"var(--ast-global-color-5)","background-image":"","background-repeat":"repeat","background-position":"center center","background-size":"auto","background-attachment":"scroll","background-type":"","background-media":"","overlay-type":"","overlay-color":"","overlay-opacity":"","overlay-gradient":""},"mobile":{"background-color":"var(--ast-global-color-5)","background-image":"","background-repeat":"repeat","background-position":"center center","background-size":"auto","background-attachment":"scroll","background-type":"","background-media":"","overlay-type":"","overlay-color":"","overlay-opacity":"","overlay-gradient":""}},"footnotes":""},"class_list":["post-709","page","type-page","status-publish","hentry"],"post_mailing_queue_ids":[],"_links":{"self":[{"href":"https:\/\/agora.xtec.cat\/llinfantslaflorida\/wp-json\/wp\/v2\/pages\/709","targetHints":{"allow":["GET"]}}],"collection":[{"href":"https:\/\/agora.xtec.cat\/llinfantslaflorida\/wp-json\/wp\/v2\/pages"}],"about":[{"href":"https:\/\/agora.xtec.cat\/llinfantslaflorida\/wp-json\/wp\/v2\/types\/page"}],"author":[{"embeddable":true,"href":"https:\/\/agora.xtec.cat\/llinfantslaflorida\/wp-json\/wp\/v2\/users\/1"}],"replies":[{"embeddable":true,"href":"https:\/\/agora.xtec.cat\/llinfantslaflorida\/wp-json\/wp\/v2\/comments?post=709"}],"version-history":[{"count":7,"href":"https:\/\/agora.xtec.cat\/llinfantslaflorida\/wp-json\/wp\/v2\/pages\/709\/revisions"}],"predecessor-version":[{"id":2175,"href":"https:\/\/agora.xtec.cat\/llinfantslaflorida\/wp-json\/wp\/v2\/pages\/709\/revisions\/2175"}],"up":[{"embeddable":true,"href":"https:\/\/agora.xtec.cat\/llinfantslaflorida\/wp-json\/wp\/v2\/pages\/658"}],"wp:attachment":[{"href":"https:\/\/agora.xtec.cat\/llinfantslaflorida\/wp-json\/wp\/v2\/media?parent=709"}],"curies":[{"name":"wp","href":"https:\/\/api.w.org\/{rel}","templated":true}]}}

<div class="floatleft wpx474 ">
<div class="floatleft wpx474 paddingTop5 ">
<div class="floatleft wpx474 ">
<div class="floatleft wpx474 t075 ">
<p>Ja s’ha publicat el calendari de preinscripció i matrícula per al curs 2026-2027 de les Escoles Bressol de L’Hospitalet. A continuació, detallem les dates clau del procés:</p>
<p>Calendari</p>
<ul>
<li>6 de maig — Publicació de l’oferta de places vacants</li>
<li>Del 8 de maig a les 8:00 h al 22 de maig a les 23:59 h — Presentació de sol·licituds</li>
<li>1 de juny — Publicació de les llistes amb els barems</li>
<li>2, 3 i 4 de juny — Període de reclamacions</li>
<li>9 de juny — Publicació de les llistes després del període de reclamacions</li>
<li>10 de juny — Sorteig virtual</li>
<li>12 de juny — Publicació de la llista d’admesos</li>
<li>Del 16 al 25 de juny — Període de formalització de la matrícula</li>
</ul>
<p>Es recomana a les famílies revisar atentament les dates i preparar la documentació amb antelació per facilitar el procés.</p>
<p>Per a més informació, podeu consultar els canals oficials de l’Ajuntament o contactar amb l’escola bressol corresponent.</p>
</div>
</div>
</div>
</div>

<p>Ja s’ha publicat el calendari de preinscripció i matrícula per al curs 2026-2027 de les Escoles Bressol de L’Hospitalet. A continuació, detallem les dates clau del procés: Calendari 6 de maig — Publicació de l’oferta de places vacants Del 8 de maig a les 8:00 h al 22 de maig a les 23:59 h — [&hellip;]</p>
