{"id":702,"date":"2022-04-29T20:35:42","date_gmt":"2022-04-29T18:35:42","guid":{"rendered":"https:\/\/agora.xtec.cat\/llinfantslaflorida\/?page_id=702"},"modified":"2025-05-20T14:21:04","modified_gmt":"2025-05-20T12:21:04","slug":"quotes","status":"publish","type":"page","link":"https:\/\/agora.xtec.cat\/llinfantslaflorida\/secretaria-i-tramits\/quotes\/","title":{"rendered":"Quotes"},"content":{"rendered":"<p>&nbsp;<\/p>\n<h3><strong>PREUS DE LA LLAR D\u2019INFANTS LA FLORIDA 2024-2025<\/strong><\/h3>\n<p>La Llar d\u2019Infants La Florida ofereix un servei educatiu de qualitat, adaptat a les necessitats de les fam\u00edlies. A continuaci\u00f3, us detallem els preus vigents per al curs 2024-2025, aix\u00ed com les possibles bonificacions i exempcions disponibles segons la normativa municipal.<\/p>\n<h4 data-start=\"413\" data-end=\"428\"><strong data-start=\"418\" data-end=\"428\"><span class=\"_fadeIn_m1hgl_8\">ESTADA<\/span><\/strong><\/h4>\n<p data-start=\"430\" data-end=\"453\"><strong data-start=\"430\" data-end=\"447\"><span class=\"_fadeIn_m1hgl_8\">Preu <\/span><span class=\"_fadeIn_m1hgl_8\">mensual:<\/span><\/strong> <span class=\"_fadeIn_m1hgl_8\">118 \u20ac<\/span><\/p>\n<p data-start=\"455\" data-end=\"486\"><strong data-start=\"455\" data-end=\"486\"><span class=\"_fadeIn_m1hgl_8\">Bonificacions <\/span><span class=\"_fadeIn_m1hgl_8\">i <\/span><span class=\"_fadeIn_m1hgl_8\">exempcions:<\/span><\/strong><\/p>\n<ul data-start=\"488\" data-end=\"802\">\n<li data-start=\"488\" data-end=\"593\">\n<p data-start=\"490\" data-end=\"520\"><strong data-start=\"490\" data-end=\"513\"><span class=\"_fadeIn_m1hgl_8\">Bonificaci\u00f3 <\/span><span class=\"_fadeIn_m1hgl_8\">del <\/span><span class=\"_fadeIn_m1hgl_8\">50%<\/span><\/strong> <span class=\"_fadeIn_m1hgl_8\">per <\/span><span class=\"_fadeIn_m1hgl_8\">a:<\/span><\/p>\n<ul data-start=\"523\" data-end=\"593\">\n<li data-start=\"523\" data-end=\"548\">\n<p data-start=\"525\" data-end=\"548\"><span class=\"_fadeIn_m1hgl_8\">Fam\u00edlies <\/span><span class=\"_fadeIn_m1hgl_8\">monoparentals.<\/span><\/p>\n<\/li>\n<li data-start=\"551\" data-end=\"593\">\n<p data-start=\"553\" data-end=\"593\"><span class=\"_fadeIn_m1hgl_8\">Fam\u00edlies <\/span><span class=\"_fadeIn_m1hgl_8\">nombroses <\/span><span class=\"_fadeIn_m1hgl_8\">de <\/span><span class=\"_fadeIn_m1hgl_8\">categoria <\/span><span class=\"_fadeIn_m1hgl_8\">general.<\/span><\/p>\n<\/li>\n<\/ul>\n<\/li>\n<li data-start=\"595\" data-end=\"802\">\n<p data-start=\"597\" data-end=\"631\"><strong data-start=\"597\" data-end=\"624\"><span class=\"_fadeIn_m1hgl_8\">Exempci\u00f3 <\/span><span class=\"_fadeIn_m1hgl_8\">total <\/span><span class=\"_fadeIn_m1hgl_8\">del <\/span><span class=\"_fadeIn_m1hgl_8\">preu<\/span><\/strong> <span class=\"_fadeIn_m1hgl_8\">per <\/span><span class=\"_fadeIn_m1hgl_8\">a:<\/span><\/p>\n<ul data-start=\"634\" data-end=\"802\">\n<li data-start=\"634\" data-end=\"677\">\n<p data-start=\"636\" data-end=\"677\"><span class=\"_fadeIn_m1hgl_8\">Fam\u00edlies <\/span><span class=\"_fadeIn_m1hgl_8\">nombroses <\/span><span class=\"_fadeIn_m1hgl_8\">de <\/span><span class=\"_fadeIn_m1hgl_8\">categoria <\/span><span class=\"_fadeIn_m1hgl_8\">especial.<\/span><\/p>\n<\/li>\n<li data-start=\"680\" data-end=\"732\">\n<p data-start=\"682\" data-end=\"732\"><span class=\"_fadeIn_m1hgl_8\">Infants <\/span><span class=\"_fadeIn_m1hgl_8\">amb <\/span><span class=\"_fadeIn_m1hgl_8\">un <\/span><span class=\"_fadeIn_m1hgl_8\">grau <\/span><span class=\"_fadeIn_m1hgl_8\">m\u00ednim <\/span><span class=\"_fadeIn_m1hgl_8\">de <\/span><span class=\"_fadeIn_m1hgl_8\">discapacitat <\/span><span class=\"_fadeIn_m1hgl_8\">del <\/span><span class=\"_fadeIn_m1hgl_8\">33%.<\/span><\/p>\n<\/li>\n<li data-start=\"735\" data-end=\"802\">\n<p data-start=\"737\" data-end=\"802\"><span class=\"_fadeIn_m1hgl_8\">V\u00edctimes <\/span><span class=\"_fadeIn_m1hgl_8\">d\u2019actes <\/span><span class=\"_fadeIn_m1hgl_8\">terroristes, <\/span><span class=\"_fadeIn_m1hgl_8\">aix\u00ed <\/span><span class=\"_fadeIn_m1hgl_8\">com <\/span><span class=\"_fadeIn_m1hgl_8\">els <\/span><span class=\"_fadeIn_m1hgl_8\">seus <\/span><span class=\"_fadeIn_m1hgl_8\">c\u00f2njuges <\/span><span class=\"_fadeIn_m1hgl_8\">i <\/span><span class=\"_fadeIn_m1hgl_8\">fills.<\/span><\/p>\n<\/li>\n<\/ul>\n<\/li>\n<\/ul>\n<p data-start=\"804\" data-end=\"1042\"><strong data-start=\"804\" data-end=\"818\"><span class=\"_fadeIn_m1hgl_8\">Important:<\/span><\/strong><br data-start=\"818\" data-end=\"821\" \/><span class=\"_fadeIn_m1hgl_8\">Si <\/span><span class=\"_fadeIn_m1hgl_8\">us <\/span><span class=\"_fadeIn_m1hgl_8\">trobeu <\/span><span class=\"_fadeIn_m1hgl_8\">en <\/span><span class=\"_fadeIn_m1hgl_8\">alguna <\/span><span class=\"_fadeIn_m1hgl_8\">d\u2019aquestes <\/span><span class=\"_fadeIn_m1hgl_8\">situacions, <\/span><span class=\"_fadeIn_m1hgl_8\">podeu <\/span><span class=\"_fadeIn_m1hgl_8\">sol\u00b7licitar <\/span><span class=\"_fadeIn_m1hgl_8\">la <\/span><span class=\"_fadeIn_m1hgl_8\">bonificaci\u00f3 <\/span><span class=\"_fadeIn_m1hgl_8\">o <\/span><span class=\"_fadeIn_m1hgl_8\">exempci\u00f3 <\/span><span class=\"_fadeIn_m1hgl_8\">corresponent <\/span><span class=\"_fadeIn_m1hgl_8\">mitjan\u00e7ant <\/span><span class=\"_fadeIn_m1hgl_8\">un <\/span><span class=\"_fadeIn_m1hgl_8\">impr\u00e8s <\/span><span class=\"_fadeIn_m1hgl_8\">que <\/span><span class=\"_fadeIn_m1hgl_8\">us <\/span><span class=\"_fadeIn_m1hgl_8\">facilitar\u00e0 <\/span><span class=\"_fadeIn_m1hgl_8\">l\u2019escola. <\/span><span class=\"_fadeIn_m1hgl_8\">Caldr\u00e0 <\/span><span class=\"_fadeIn_m1hgl_8\">presentar <\/span><span class=\"_fadeIn_m1hgl_8\">l\u2019original <\/span><span class=\"_fadeIn_m1hgl_8\">i <\/span><span class=\"_fadeIn_m1hgl_8\">una <\/span><span class=\"_fadeIn_m1hgl_8\">fotoc\u00f2pia <\/span><span class=\"_fadeIn_m1hgl_8\">del <\/span><span class=\"_fadeIn_m1hgl_8\">document <\/span><span class=\"_fadeIn_m1hgl_8\">acreditatiu.<\/span><\/p>\n<h4 data-start=\"1049\" data-end=\"1066\"><strong data-start=\"1054\" data-end=\"1066\"><span class=\"_fadeIn_m1hgl_8\">MENJADOR<\/span><\/strong><\/h4>\n<ul data-start=\"1068\" data-end=\"1148\">\n<li data-start=\"1068\" data-end=\"1093\">\n<p data-start=\"1070\" data-end=\"1093\"><strong data-start=\"1070\" data-end=\"1087\"><span class=\"_fadeIn_m1hgl_8\">Preu <\/span><span class=\"_fadeIn_m1hgl_8\">mensual:<\/span><\/strong> <span class=\"_fadeIn_m1hgl_8\">130 \u20ac<\/span><\/p>\n<\/li>\n<li data-start=\"1094\" data-end=\"1148\">\n<p data-start=\"1096\" data-end=\"1148\"><strong data-start=\"1096\" data-end=\"1117\"><span class=\"_fadeIn_m1hgl_8\">Servei <\/span><span class=\"_fadeIn_m1hgl_8\">espor\u00e0dic:<\/span><\/strong> <span class=\"_fadeIn_m1hgl_8\">7 \u20ac <\/span><span class=\"_fadeIn_m1hgl_8\">per <\/span><span class=\"_fadeIn_m1hgl_8\">dia (<\/span><span class=\"_fadeIn_m1hgl_8\">amb <\/span><span class=\"_fadeIn_m1hgl_8\">tiquet <\/span><span class=\"_fadeIn_m1hgl_8\">diari)<\/span><\/p>\n<\/li>\n<\/ul>\n","protected":false},"excerpt":{"rendered":"<p>&nbsp; PREUS DE LA LLAR D\u2019INFANTS LA FLORIDA 2024-2025 La Llar d\u2019Infants La Florida ofereix un servei educatiu de qualitat, adaptat a les necessitats de les fam\u00edlies. A continuaci\u00f3, us detallem els preus vigents per al curs 2024-2025, aix\u00ed com les possibles bonificacions i exempcions disponibles segons la normativa municipal. ESTADA Preu mensual: 118 \u20ac [&hellip;]<\/p>\n","protected":false},"author":1,"featured_media":0,"parent":658,"menu_order":10,"comment_status":"closed","ping_status":"closed","template":"page-templates\/side-menu.php","meta":{"_bbp_topic_count":0,"_bbp_reply_count":0,"_bbp_total_topic_count":0,"_bbp_total_reply_count":0,"_bbp_voice_count":0,"_bbp_anonymous_reply_count":0,"_bbp_topic_count_hidden":0,"_bbp_reply_count_hidden":0,"_bbp_forum_subforum_count":0,"site-sidebar-layout":"default","site-content-layout":"","ast-site-content-layout":"","site-content-style":"default","site-sidebar-style":"default","ast-global-header-display":"","ast-banner-title-visibility":"","ast-main-header-display":"","ast-hfb-above-header-display":"","ast-hfb-below-header-display":"","ast-hfb-mobile-header-display":"","site-post-title":"","ast-breadcrumbs-content":"","ast-featured-img":"","footer-sml-layout":"","theme-transparent-header-meta":"","adv-header-id-meta":"","stick-header-meta":"","header-above-stick-meta":"","header-main-stick-meta":"","header-below-stick-meta":"","astra-migrate-meta-layouts":"default","ast-page-background-enabled":"default","ast-page-background-meta":{"desktop":{"background-color":"var(--ast-global-color-4)","background-image":"","background-repeat":"repeat","background-position":"center center","background-size":"auto","background-attachment":"scroll","background-type":"","background-media":"","overlay-type":"","overlay-color":"","overlay-opacity":"","overlay-gradient":""},"tablet":{"background-color":"","background-image":"","background-repeat":"repeat","background-position":"center center","background-size":"auto","background-attachment":"scroll","background-type":"","background-media":"","overlay-type":"","overlay-color":"","overlay-opacity":"","overlay-gradient":""},"mobile":{"background-color":"","background-image":"","background-repeat":"repeat","background-position":"center center","background-size":"auto","background-attachment":"scroll","background-type":"","background-media":"","overlay-type":"","overlay-color":"","overlay-opacity":"","overlay-gradient":""}},"ast-content-background-meta":{"desktop":{"background-color":"var(--ast-global-color-5)","background-image":"","background-repeat":"repeat","background-position":"center center","background-size":"auto","background-attachment":"scroll","background-type":"","background-media":"","overlay-type":"","overlay-color":"","overlay-opacity":"","overlay-gradient":""},"tablet":{"background-color":"var(--ast-global-color-5)","background-image":"","background-repeat":"repeat","background-position":"center center","background-size":"auto","background-attachment":"scroll","background-type":"","background-media":"","overlay-type":"","overlay-color":"","overlay-opacity":"","overlay-gradient":""},"mobile":{"background-color":"var(--ast-global-color-5)","background-image":"","background-repeat":"repeat","background-position":"center center","background-size":"auto","background-attachment":"scroll","background-type":"","background-media":"","overlay-type":"","overlay-color":"","overlay-opacity":"","overlay-gradient":""}},"footnotes":""},"class_list":["post-702","page","type-page","status-publish","hentry"],"post_mailing_queue_ids":[],"_links":{"self":[{"href":"https:\/\/agora.xtec.cat\/llinfantslaflorida\/wp-json\/wp\/v2\/pages\/702","targetHints":{"allow":["GET"]}}],"collection":[{"href":"https:\/\/agora.xtec.cat\/llinfantslaflorida\/wp-json\/wp\/v2\/pages"}],"about":[{"href":"https:\/\/agora.xtec.cat\/llinfantslaflorida\/wp-json\/wp\/v2\/types\/page"}],"author":[{"embeddable":true,"href":"https:\/\/agora.xtec.cat\/llinfantslaflorida\/wp-json\/wp\/v2\/users\/1"}],"replies":[{"embeddable":true,"href":"https:\/\/agora.xtec.cat\/llinfantslaflorida\/wp-json\/wp\/v2\/comments?post=702"}],"version-history":[{"count":5,"href":"https:\/\/agora.xtec.cat\/llinfantslaflorida\/wp-json\/wp\/v2\/pages\/702\/revisions"}],"predecessor-version":[{"id":1435,"href":"https:\/\/agora.xtec.cat\/llinfantslaflorida\/wp-json\/wp\/v2\/pages\/702\/revisions\/1435"}],"up":[{"embeddable":true,"href":"https:\/\/agora.xtec.cat\/llinfantslaflorida\/wp-json\/wp\/v2\/pages\/658"}],"wp:attachment":[{"href":"https:\/\/agora.xtec.cat\/llinfantslaflorida\/wp-json\/wp\/v2\/media?parent=702"}],"curies":[{"name":"wp","href":"https:\/\/api.w.org\/{rel}","templated":true}]}}