{"id":34,"date":"2014-09-18T12:32:18","date_gmt":"2014-09-18T10:32:18","guid":{"rendered":"http:\/\/agora.xtec.cat\/llinfantslaflorida\/?page_id=34"},"modified":"2025-05-18T16:53:36","modified_gmt":"2025-05-18T14:53:36","slug":"oferta-educativa","status":"publish","type":"page","link":"https:\/\/agora.xtec.cat\/llinfantslaflorida\/lescola-2\/oferta-educativa\/","title":{"rendered":"Horari del centre"},"content":{"rendered":"<p class=\"title entry-title\" style=\"text-align: justify;\">L&#8217;horari d&#8217;atenci\u00f3 als infants ser\u00e0 de dilluns a divendres, llevat del per\u00edode d&#8217;adaptaci\u00f3 (l&#8217;educadora us informar\u00e0 abans d\u2019iniciar\u2010se el curs) i del compr\u00e8s entre els \u00faltims dies de juny, que seran designats pel Departament d\u2019Educaci\u00f3, durant els quals l&#8217;horari d&#8217;atenci\u00f3 als infants ser\u00e0 de 9 a 14 hores pels alumnes que fan \u00fas del servei de menjador i fins a les 12 pels que marxen a dinar a casa.<\/p>\n<p class=\"title entry-title\"><img loading=\"lazy\" decoding=\"async\" class=\"size-full wp-image-1149 alignright\" style=\"border: none; color: #2795b6;\" src=\"https:\/\/agora.xtec.cat\/llinfantslaflorida\/wp-content\/uploads\/usu2269\/2022\/10\/reloj2-300x272-1.png\" alt=\"\" width=\"300\" height=\"272\" \/>o Horari pels alumnes que dinen a la llar:<br \/>\nHorari d\u2019entrada: de<strong> 9 a 9:25<\/strong> del mat\u00ed.<br \/>\nHorari de sortida: a partir de les <strong>16<\/strong> hores.<\/p>\n<p class=\"title entry-title\">o Horari pels alumnes que no dinen a la llar:<br \/>\nHorari d&#8217;entrada: de <strong>9 a 9:25<\/strong> del mat\u00ed.<br \/>\nHorari de sortida al migdia: <strong>12<\/strong> hores.<\/p>\n<div class=\"article-content entry-content\">\n<p>A la tarda, la porta s&#8217;obre a les 16:00h per recollir als infants.<\/p>\n<p>Si per algun motiu l&#8217;infant ha d&#8217;arribar m\u00e9s tard, cal avisar pr\u00e8viament a l&#8217;educador\/a o a la direcci\u00f3 del centre, d&#8217;igual manera que si s&#8217;arriba tard en la recollida dels infants.<\/p>\n<p>&nbsp;<\/p>\n<\/div>\n","protected":false},"excerpt":{"rendered":"<p>L&#8217;horari d&#8217;atenci\u00f3 als infants ser\u00e0 de dilluns a divendres, llevat del per\u00edode d&#8217;adaptaci\u00f3 (l&#8217;educadora us informar\u00e0 abans d\u2019iniciar\u2010se el curs) i del compr\u00e8s entre els \u00faltims dies de juny, que seran designats pel Departament d\u2019Educaci\u00f3, durant els quals l&#8217;horari d&#8217;atenci\u00f3 als infants ser\u00e0 de 9 a 14 hores pels alumnes que fan \u00fas del servei [&hellip;]<\/p>\n","protected":false},"author":1,"featured_media":0,"parent":648,"menu_order":50,"comment_status":"closed","ping_status":"closed","template":"page-templates\/side-menu.php","meta":{"_bbp_topic_count":0,"_bbp_reply_count":0,"_bbp_total_topic_count":0,"_bbp_total_reply_count":0,"_bbp_voice_count":0,"_bbp_anonymous_reply_count":0,"_bbp_topic_count_hidden":0,"_bbp_reply_count_hidden":0,"_bbp_forum_subforum_count":0,"site-sidebar-layout":"default","site-content-layout":"","ast-site-content-layout":"","site-content-style":"default","site-sidebar-style":"default","ast-global-header-display":"","ast-banner-title-visibility":"","ast-main-header-display":"","ast-hfb-above-header-display":"","ast-hfb-below-header-display":"","ast-hfb-mobile-header-display":"","site-post-title":"","ast-breadcrumbs-content":"","ast-featured-img":"","footer-sml-layout":"","theme-transparent-header-meta":"","adv-header-id-meta":"","stick-header-meta":"","header-above-stick-meta":"","header-main-stick-meta":"","header-below-stick-meta":"","astra-migrate-meta-layouts":"default","ast-page-background-enabled":"default","ast-page-background-meta":{"desktop":{"background-color":"var(--ast-global-color-4)","background-image":"","background-repeat":"repeat","background-position":"center center","background-size":"auto","background-attachment":"scroll","background-type":"","background-media":"","overlay-type":"","overlay-color":"","overlay-opacity":"","overlay-gradient":""},"tablet":{"background-color":"","background-image":"","background-repeat":"repeat","background-position":"center center","background-size":"auto","background-attachment":"scroll","background-type":"","background-media":"","overlay-type":"","overlay-color":"","overlay-opacity":"","overlay-gradient":""},"mobile":{"background-color":"","background-image":"","background-repeat":"repeat","background-position":"center center","background-size":"auto","background-attachment":"scroll","background-type":"","background-media":"","overlay-type":"","overlay-color":"","overlay-opacity":"","overlay-gradient":""}},"ast-content-background-meta":{"desktop":{"background-color":"var(--ast-global-color-5)","background-image":"","background-repeat":"repeat","background-position":"center center","background-size":"auto","background-attachment":"scroll","background-type":"","background-media":"","overlay-type":"","overlay-color":"","overlay-opacity":"","overlay-gradient":""},"tablet":{"background-color":"var(--ast-global-color-5)","background-image":"","background-repeat":"repeat","background-position":"center center","background-size":"auto","background-attachment":"scroll","background-type":"","background-media":"","overlay-type":"","overlay-color":"","overlay-opacity":"","overlay-gradient":""},"mobile":{"background-color":"var(--ast-global-color-5)","background-image":"","background-repeat":"repeat","background-position":"center center","background-size":"auto","background-attachment":"scroll","background-type":"","background-media":"","overlay-type":"","overlay-color":"","overlay-opacity":"","overlay-gradient":""}},"footnotes":""},"class_list":["post-34","page","type-page","status-publish","hentry"],"post_mailing_queue_ids":[],"_links":{"self":[{"href":"https:\/\/agora.xtec.cat\/llinfantslaflorida\/wp-json\/wp\/v2\/pages\/34","targetHints":{"allow":["GET"]}}],"collection":[{"href":"https:\/\/agora.xtec.cat\/llinfantslaflorida\/wp-json\/wp\/v2\/pages"}],"about":[{"href":"https:\/\/agora.xtec.cat\/llinfantslaflorida\/wp-json\/wp\/v2\/types\/page"}],"author":[{"embeddable":true,"href":"https:\/\/agora.xtec.cat\/llinfantslaflorida\/wp-json\/wp\/v2\/users\/1"}],"replies":[{"embeddable":true,"href":"https:\/\/agora.xtec.cat\/llinfantslaflorida\/wp-json\/wp\/v2\/comments?post=34"}],"version-history":[{"count":4,"href":"https:\/\/agora.xtec.cat\/llinfantslaflorida\/wp-json\/wp\/v2\/pages\/34\/revisions"}],"predecessor-version":[{"id":1418,"href":"https:\/\/agora.xtec.cat\/llinfantslaflorida\/wp-json\/wp\/v2\/pages\/34\/revisions\/1418"}],"up":[{"embeddable":true,"href":"https:\/\/agora.xtec.cat\/llinfantslaflorida\/wp-json\/wp\/v2\/pages\/648"}],"wp:attachment":[{"href":"https:\/\/agora.xtec.cat\/llinfantslaflorida\/wp-json\/wp\/v2\/media?parent=34"}],"curies":[{"name":"wp","href":"https:\/\/api.w.org\/{rel}","templated":true}]}}

<p class="title entry-title" style="text-align: justify;">L&#8217;horari d&#8217;atenció als infants serà de dilluns a divendres, llevat del període d&#8217;adaptació (l&#8217;educadora us informarà abans d’iniciar‐se el curs) i del comprès entre els últims dies de juny, que seran designats pel Departament d’Educació, durant els quals l&#8217;horari d&#8217;atenció als infants serà de 9 a 14 hores pels alumnes que fan ús del servei de menjador i fins a les 12 pels que marxen a dinar a casa.</p>
<p class="title entry-title"><img loading="lazy" decoding="async" class="size-full wp-image-1149 alignright" style="border: none; color: #2795b6;" src="https://agora.xtec.cat/llinfantslaflorida/wp-content/uploads/usu2269/2022/10/reloj2-300x272-1.png" alt="" width="300" height="272" />o Horari pels alumnes que dinen a la llar:<br />
Horari d’entrada: de<strong> 9 a 9:25</strong> del matí.<br />
Horari de sortida: a partir de les <strong>16</strong> hores.</p>
<p class="title entry-title">o Horari pels alumnes que no dinen a la llar:<br />
Horari d&#8217;entrada: de <strong>9 a 9:25</strong> del matí.<br />
Horari de sortida al migdia: <strong>12</strong> hores.</p>
<div class="article-content entry-content">
<p>A la tarda, la porta s&#8217;obre a les 16:00h per recollir als infants.</p>
<p>Si per algun motiu l&#8217;infant ha d&#8217;arribar més tard, cal avisar prèviament a l&#8217;educador/a o a la direcció del centre, d&#8217;igual manera que si s&#8217;arriba tard en la recollida dels infants.</p>
<p>&nbsp;</p>
</div>

<p>L&#8217;horari d&#8217;atenció als infants serà de dilluns a divendres, llevat del període d&#8217;adaptació (l&#8217;educadora us informarà abans d’iniciar‐se el curs) i del comprès entre els últims dies de juny, que seran designats pel Departament d’Educació, durant els quals l&#8217;horari d&#8217;atenció als infants serà de 9 a 14 hores pels alumnes que fan ús del servei [&hellip;]</p>
