{"id":30,"date":"2014-09-18T12:30:23","date_gmt":"2014-09-18T11:30:23","guid":{"rendered":"http:\/\/agora.xtec.cat\/llinfantslaflorida\/?page_id=30"},"modified":"2025-12-09T17:56:43","modified_gmt":"2025-12-09T16:56:43","slug":"instal%c2%b7lacions","status":"publish","type":"page","link":"https:\/\/agora.xtec.cat\/llinfantslaflorida\/lescola-2\/instal%c2%b7lacions\/","title":{"rendered":"Instal\u00b7lacions"},"content":{"rendered":"<p><span style=\"font-weight: 400;\">El nostre centre educatiu compta amb un edifici independent de dues plantes, dissenyat per afavorir el desenvolupament integral dels infants i garantir el benestar de tot el personal.<\/span><\/p>\n<h4><b>Planta baixa<\/b><\/h4>\n<ul>\n<li style=\"font-weight: 400;\" aria-level=\"1\"><b>5 Aules <\/b><span style=\"font-weight: 400;\">: Espais lluminosos i adaptats per a les activitats educatives dels infants.<\/span><\/li>\n<li style=\"font-weight: 400;\" aria-level=\"1\"><b>Cuina<\/b><span style=\"font-weight: 400;\">: Equipada per a la preparaci\u00f3 dels \u00e0pats, amb una bona ventilaci\u00f3 i separada de les zones d&#8217;activitat infantil. Aquest espai esta conectat amb el menjador del personal.<\/span><\/li>\n<li style=\"font-weight: 400;\" aria-level=\"1\"><b>Sala de psicomotricitat i d\u2019usos m\u00faltiples<\/b><span style=\"font-weight: 400;\">: Espai polivalent per a activitats de desenvolupament motor i altres activitats grupals.<\/span><\/li>\n<li style=\"font-weight: 400;\" aria-level=\"1\"><b>Sala de calderes<\/b><span style=\"font-weight: 400;\">: Espai t\u00e8cnic per a la gesti\u00f3 de la climatitzaci\u00f3 i altres serveis.<\/span><\/li>\n<\/ul>\n<h4><b>Primera planta<\/b><\/h4>\n<ul>\n<li style=\"font-weight: 400;\" aria-level=\"1\"><b>4 Aules <\/b><span style=\"font-weight: 400;\">: Espais educatius amb acc\u00e9s directe a la terrassa, adaptats a les necessitats dels infants.<\/span><\/li>\n<li style=\"font-weight: 400;\" aria-level=\"1\"><b>Aula d\u2019experimentaci\u00f3 i pl\u00e0stica:<\/b><span style=\"font-weight: 400;\">\u00a0Espai creatiu per a activitats d&#8217;experimentaci\u00f3 i pl\u00e0stica.\u00a0<\/span><\/li>\n<li style=\"font-weight: 400;\" aria-level=\"1\"><b>Aula de m\u00fasica i llum<\/b><span style=\"font-weight: 400;\">: Espai dedicat a l&#8217;exploraci\u00f3 musical i sensorial.<\/span><\/li>\n<li style=\"font-weight: 400;\" aria-level=\"1\"><b>Despatx de direcci\u00f3<\/b><span style=\"font-weight: 400;\">: Espai per a la gesti\u00f3 administrativa i coordinaci\u00f3 del centre.<\/span><\/li>\n<li style=\"font-weight: 400;\" aria-level=\"1\"><b>Sala d\u2019ordinadors i fotocopiadora<\/b><span style=\"font-weight: 400;\">: Espai per a tasques administratives i suport tecnol\u00f2gic.<\/span><\/li>\n<li style=\"font-weight: 400;\" aria-level=\"1\"><b>Sala d\u2019entrevistes i de polivalents<\/b><span style=\"font-weight: 400;\">: Espai per a reunions i activitats diverses.<\/span><\/li>\n<li style=\"font-weight: 400;\" aria-level=\"1\"><b>Safareig<\/b><span style=\"font-weight: 400;\">: Espai per a la neteja i manteniment de la roba i altres materials.<\/span><\/li>\n<li style=\"font-weight: 400;\" aria-level=\"1\"><b>Taller de manteniment<\/b><span style=\"font-weight: 400;\">: Espai per a tasques de manteniment i reparaci\u00f3.<\/span><\/li>\n<\/ul>\n<p><strong>Espais comuns<\/strong><\/p>\n<ul>\n<li style=\"font-weight: 400;\" aria-level=\"1\"><b>Patis: <\/b><span style=\"font-weight: 400;\">Un pati de pedres amb sorral i un pati enrajolat a la planta baixa, i una terrassa gran al primer pis, tots dissenyats per a l&#8217;esbarjo i el joc segur dels infants.<\/span><\/li>\n<\/ul>\n<p><a href=\"https:\/\/agora.xtec.cat\/llinfantslaflorida\/lescola-2\/instal%c2%b7lacions\/attachment\/img_2307\/\" rel=\"attachment wp-att-1897\"><img loading=\"lazy\" decoding=\"async\" class=\"size-large wp-image-1897 aligncenter\" src=\"https:\/\/agora.xtec.cat\/llinfantslaflorida\/wp-content\/uploads\/usu2269\/2025\/12\/IMG_2307-768x1024.jpeg\" alt=\"\" width=\"768\" height=\"1024\" srcset=\"https:\/\/agora.xtec.cat\/llinfantslaflorida\/wp-content\/uploads\/usu2269\/2025\/12\/IMG_2307-768x1024.jpeg 768w, https:\/\/agora.xtec.cat\/llinfantslaflorida\/wp-content\/uploads\/usu2269\/2025\/12\/IMG_2307-225x300.jpeg 225w, https:\/\/agora.xtec.cat\/llinfantslaflorida\/wp-content\/uploads\/usu2269\/2025\/12\/IMG_2307-1152x1536.jpeg 1152w, https:\/\/agora.xtec.cat\/llinfantslaflorida\/wp-content\/uploads\/usu2269\/2025\/12\/IMG_2307-1536x2048.jpeg 1536w, https:\/\/agora.xtec.cat\/llinfantslaflorida\/wp-content\/uploads\/usu2269\/2025\/12\/IMG_2307-scaled.jpeg 1920w\" sizes=\"auto, (max-width: 768px) 100vw, 768px\" \/><\/a><\/p>\n<p><a href=\"https:\/\/agora.xtec.cat\/llinfantslaflorida\/lescola-2\/instal%c2%b7lacions\/attachment\/img_1633_11zon\/\" rel=\"attachment wp-att-1756\"><img loading=\"lazy\" decoding=\"async\" class=\" wp-image-1756 aligncenter\" src=\"https:\/\/agora.xtec.cat\/llinfantslaflorida\/wp-content\/uploads\/usu2269\/2025\/11\/IMG_1633_11zon.jpg\" alt=\"\" width=\"708\" height=\"531\" srcset=\"https:\/\/agora.xtec.cat\/llinfantslaflorida\/wp-content\/uploads\/usu2269\/2025\/11\/IMG_1633_11zon.jpg 913w, https:\/\/agora.xtec.cat\/llinfantslaflorida\/wp-content\/uploads\/usu2269\/2025\/11\/IMG_1633_11zon-300x225.jpg 300w, https:\/\/agora.xtec.cat\/llinfantslaflorida\/wp-content\/uploads\/usu2269\/2025\/11\/IMG_1633_11zon-768x576.jpg 768w, https:\/\/agora.xtec.cat\/llinfantslaflorida\/wp-content\/uploads\/usu2269\/2025\/11\/IMG_1633_11zon-200x150.jpg 200w\" sizes=\"auto, (max-width: 708px) 100vw, 708px\" \/><\/a><\/p>\n<ul>\n<li style=\"font-weight: 400;\" aria-level=\"1\"><span style=\"font-weight: 400;\"><strong>Zones d&#8217;higiene:<\/strong> D\u2019\u00fas del personal i per a les fam\u00edlies.<\/span><\/li>\n<\/ul>\n<p>&nbsp;<\/p>\n","protected":false},"excerpt":{"rendered":"<p>El nostre centre educatiu compta amb un edifici independent de dues plantes, dissenyat per afavorir el desenvolupament integral dels infants i garantir el benestar de tot el personal. Planta baixa 5 Aules : Espais lluminosos i adaptats per a les activitats educatives dels infants. Cuina: Equipada per a la preparaci\u00f3 dels \u00e0pats, amb una bona [&hellip;]<\/p>\n","protected":false},"author":1,"featured_media":0,"parent":648,"menu_order":0,"comment_status":"closed","ping_status":"closed","template":"","meta":{"_bbp_topic_count":0,"_bbp_reply_count":0,"_bbp_total_topic_count":0,"_bbp_total_reply_count":0,"_bbp_voice_count":0,"_bbp_anonymous_reply_count":0,"_bbp_topic_count_hidden":0,"_bbp_reply_count_hidden":0,"_bbp_forum_subforum_count":0,"site-sidebar-layout":"default","site-content-layout":"","ast-site-content-layout":"default","site-content-style":"default","site-sidebar-style":"default","ast-global-header-display":"","ast-banner-title-visibility":"","ast-main-header-display":"","ast-hfb-above-header-display":"","ast-hfb-below-header-display":"","ast-hfb-mobile-header-display":"","site-post-title":"","ast-breadcrumbs-content":"","ast-featured-img":"","footer-sml-layout":"","theme-transparent-header-meta":"default","adv-header-id-meta":"","stick-header-meta":"","header-above-stick-meta":"","header-main-stick-meta":"","header-below-stick-meta":"","astra-migrate-meta-layouts":"set","ast-page-background-enabled":"default","ast-page-background-meta":{"desktop":{"background-color":"var(--ast-global-color-4)","background-image":"","background-repeat":"repeat","background-position":"center center","background-size":"auto","background-attachment":"scroll","background-type":"","background-media":"","overlay-type":"","overlay-color":"","overlay-opacity":"","overlay-gradient":""},"tablet":{"background-color":"","background-image":"","background-repeat":"repeat","background-position":"center center","background-size":"auto","background-attachment":"scroll","background-type":"","background-media":"","overlay-type":"","overlay-color":"","overlay-opacity":"","overlay-gradient":""},"mobile":{"background-color":"","background-image":"","background-repeat":"repeat","background-position":"center center","background-size":"auto","background-attachment":"scroll","background-type":"","background-media":"","overlay-type":"","overlay-color":"","overlay-opacity":"","overlay-gradient":""}},"ast-content-background-meta":{"desktop":{"background-color":"var(--ast-global-color-5)","background-image":"","background-repeat":"repeat","background-position":"center center","background-size":"auto","background-attachment":"scroll","background-type":"","background-media":"","overlay-type":"","overlay-color":"","overlay-opacity":"","overlay-gradient":""},"tablet":{"background-color":"var(--ast-global-color-5)","background-image":"","background-repeat":"repeat","background-position":"center center","background-size":"auto","background-attachment":"scroll","background-type":"","background-media":"","overlay-type":"","overlay-color":"","overlay-opacity":"","overlay-gradient":""},"mobile":{"background-color":"var(--ast-global-color-5)","background-image":"","background-repeat":"repeat","background-position":"center center","background-size":"auto","background-attachment":"scroll","background-type":"","background-media":"","overlay-type":"","overlay-color":"","overlay-opacity":"","overlay-gradient":""}},"footnotes":""},"class_list":["post-30","page","type-page","status-publish","hentry"],"post_mailing_queue_ids":[],"_links":{"self":[{"href":"https:\/\/agora.xtec.cat\/llinfantslaflorida\/wp-json\/wp\/v2\/pages\/30","targetHints":{"allow":["GET"]}}],"collection":[{"href":"https:\/\/agora.xtec.cat\/llinfantslaflorida\/wp-json\/wp\/v2\/pages"}],"about":[{"href":"https:\/\/agora.xtec.cat\/llinfantslaflorida\/wp-json\/wp\/v2\/types\/page"}],"author":[{"embeddable":true,"href":"https:\/\/agora.xtec.cat\/llinfantslaflorida\/wp-json\/wp\/v2\/users\/1"}],"replies":[{"embeddable":true,"href":"https:\/\/agora.xtec.cat\/llinfantslaflorida\/wp-json\/wp\/v2\/comments?post=30"}],"version-history":[{"count":7,"href":"https:\/\/agora.xtec.cat\/llinfantslaflorida\/wp-json\/wp\/v2\/pages\/30\/revisions"}],"predecessor-version":[{"id":1898,"href":"https:\/\/agora.xtec.cat\/llinfantslaflorida\/wp-json\/wp\/v2\/pages\/30\/revisions\/1898"}],"up":[{"embeddable":true,"href":"https:\/\/agora.xtec.cat\/llinfantslaflorida\/wp-json\/wp\/v2\/pages\/648"}],"wp:attachment":[{"href":"https:\/\/agora.xtec.cat\/llinfantslaflorida\/wp-json\/wp\/v2\/media?parent=30"}],"curies":[{"name":"wp","href":"https:\/\/api.w.org\/{rel}","templated":true}]}}

<p><span style="font-weight: 400;">El nostre centre educatiu compta amb un edifici independent de dues plantes, dissenyat per afavorir el desenvolupament integral dels infants i garantir el benestar de tot el personal.</span></p>
<h4><b>Planta baixa</b></h4>
<ul>
<li style="font-weight: 400;" aria-level="1"><b>5 Aules </b><span style="font-weight: 400;">: Espais lluminosos i adaptats per a les activitats educatives dels infants.</span></li>
<li style="font-weight: 400;" aria-level="1"><b>Cuina</b><span style="font-weight: 400;">: Equipada per a la preparació dels àpats, amb una bona ventilació i separada de les zones d&#8217;activitat infantil. Aquest espai esta conectat amb el menjador del personal.</span></li>
<li style="font-weight: 400;" aria-level="1"><b>Sala de psicomotricitat i d’usos múltiples</b><span style="font-weight: 400;">: Espai polivalent per a activitats de desenvolupament motor i altres activitats grupals.</span></li>
<li style="font-weight: 400;" aria-level="1"><b>Sala de calderes</b><span style="font-weight: 400;">: Espai tècnic per a la gestió de la climatització i altres serveis.</span></li>
</ul>
<h4><b>Primera planta</b></h4>
<ul>
<li style="font-weight: 400;" aria-level="1"><b>4 Aules </b><span style="font-weight: 400;">: Espais educatius amb accés directe a la terrassa, adaptats a les necessitats dels infants.</span></li>
<li style="font-weight: 400;" aria-level="1"><b>Aula d’experimentació i plàstica:</b><span style="font-weight: 400;"> Espai creatiu per a activitats d&#8217;experimentació i plàstica. </span></li>
<li style="font-weight: 400;" aria-level="1"><b>Aula de música i llum</b><span style="font-weight: 400;">: Espai dedicat a l&#8217;exploració musical i sensorial.</span></li>
<li style="font-weight: 400;" aria-level="1"><b>Despatx de direcció</b><span style="font-weight: 400;">: Espai per a la gestió administrativa i coordinació del centre.</span></li>
<li style="font-weight: 400;" aria-level="1"><b>Sala d’ordinadors i fotocopiadora</b><span style="font-weight: 400;">: Espai per a tasques administratives i suport tecnològic.</span></li>
<li style="font-weight: 400;" aria-level="1"><b>Sala d’entrevistes i de polivalents</b><span style="font-weight: 400;">: Espai per a reunions i activitats diverses.</span></li>
<li style="font-weight: 400;" aria-level="1"><b>Safareig</b><span style="font-weight: 400;">: Espai per a la neteja i manteniment de la roba i altres materials.</span></li>
<li style="font-weight: 400;" aria-level="1"><b>Taller de manteniment</b><span style="font-weight: 400;">: Espai per a tasques de manteniment i reparació.</span></li>
</ul>
<p><strong>Espais comuns</strong></p>
<ul>
<li style="font-weight: 400;" aria-level="1"><b>Patis: </b><span style="font-weight: 400;">Un pati de pedres amb sorral i un pati enrajolat a la planta baixa, i una terrassa gran al primer pis, tots dissenyats per a l&#8217;esbarjo i el joc segur dels infants.</span></li>
</ul>
<p><a href="https://agora.xtec.cat/llinfantslaflorida/lescola-2/instal%c2%b7lacions/attachment/img_2307/" rel="attachment wp-att-1897"><img loading="lazy" decoding="async" class="size-large wp-image-1897 aligncenter" src="https://agora.xtec.cat/llinfantslaflorida/wp-content/uploads/usu2269/2025/12/IMG_2307-768x1024.jpeg" alt="" width="768" height="1024" srcset="https://agora.xtec.cat/llinfantslaflorida/wp-content/uploads/usu2269/2025/12/IMG_2307-768x1024.jpeg 768w, https://agora.xtec.cat/llinfantslaflorida/wp-content/uploads/usu2269/2025/12/IMG_2307-225x300.jpeg 225w, https://agora.xtec.cat/llinfantslaflorida/wp-content/uploads/usu2269/2025/12/IMG_2307-1152x1536.jpeg 1152w, https://agora.xtec.cat/llinfantslaflorida/wp-content/uploads/usu2269/2025/12/IMG_2307-1536x2048.jpeg 1536w, https://agora.xtec.cat/llinfantslaflorida/wp-content/uploads/usu2269/2025/12/IMG_2307-scaled.jpeg 1920w" sizes="auto, (max-width: 768px) 100vw, 768px" /></a></p>
<p><a href="https://agora.xtec.cat/llinfantslaflorida/lescola-2/instal%c2%b7lacions/attachment/img_1633_11zon/" rel="attachment wp-att-1756"><img loading="lazy" decoding="async" class=" wp-image-1756 aligncenter" src="https://agora.xtec.cat/llinfantslaflorida/wp-content/uploads/usu2269/2025/11/IMG_1633_11zon.jpg" alt="" width="708" height="531" srcset="https://agora.xtec.cat/llinfantslaflorida/wp-content/uploads/usu2269/2025/11/IMG_1633_11zon.jpg 913w, https://agora.xtec.cat/llinfantslaflorida/wp-content/uploads/usu2269/2025/11/IMG_1633_11zon-300x225.jpg 300w, https://agora.xtec.cat/llinfantslaflorida/wp-content/uploads/usu2269/2025/11/IMG_1633_11zon-768x576.jpg 768w, https://agora.xtec.cat/llinfantslaflorida/wp-content/uploads/usu2269/2025/11/IMG_1633_11zon-200x150.jpg 200w" sizes="auto, (max-width: 708px) 100vw, 708px" /></a></p>
<ul>
<li style="font-weight: 400;" aria-level="1"><span style="font-weight: 400;"><strong>Zones d&#8217;higiene:</strong> D’ús del personal i per a les famílies.</span></li>
</ul>
<p>&nbsp;</p>

<p>El nostre centre educatiu compta amb un edifici independent de dues plantes, dissenyat per afavorir el desenvolupament integral dels infants i garantir el benestar de tot el personal. Planta baixa 5 Aules : Espais lluminosos i adaptats per a les activitats educatives dels infants. Cuina: Equipada per a la preparació dels àpats, amb una bona [&hellip;]</p>
