{"id":26,"date":"2014-09-18T12:24:32","date_gmt":"2014-09-18T10:24:32","guid":{"rendered":"http:\/\/agora.xtec.cat\/llinfantslaflorida\/?page_id=26"},"modified":"2025-05-12T14:20:00","modified_gmt":"2025-05-12T12:20:00","slug":"historia","status":"publish","type":"page","link":"https:\/\/agora.xtec.cat\/llinfantslaflorida\/lescola\/historia\/","title":{"rendered":"Hist\u00f2ria"},"content":{"rendered":"<p><strong>La nostra hist\u00f2ria<\/strong><\/p>\n<p>La Llar d\u2019Infants La Florida va n\u00e9ixer fruit de la lluita i la mobilitzaci\u00f3 ve\u00efnal a finals dels anys 70. Davant la manca de centres educatius al barri, les associacions de ve\u00efns van reclamar amb for\u00e7a la creaci\u00f3 d\u2019una llar per als infants. L\u2019any 1981, gr\u00e0cies a aquestes reivindicacions, es va inaugurar el centre amb 30 nens i nenes, tot i que encara no disposava de tots els serveis b\u00e0sics.<\/p>\n<p>Els primers anys van ser intensos i marcats per l\u2019esfor\u00e7 d\u2019un equip jove i comprom\u00e8s, molts dels quals eren del barri mateix. El centre es va obrir en un context de gran demanda social i amb recursos inicials limitats, per\u00f2 amb la clara voluntat d\u2019oferir un servei educatiu de qualitat.<\/p>\n<p>Amb el temps, la gesti\u00f3 del centre ha anat passant per diferents administracions: primer l&#8217;I.N.A.S., despr\u00e9s l\u2019I.C.A.S.S., i des del 1989, el Departament d\u2019Educaci\u00f3. Al llarg dels anys, s\u2019ha treballat per millorar les condicions laborals, els espais, els materials i els criteris d\u2019admissi\u00f3, sempre adaptant-se a les necessitats de la comunitat.<\/p>\n<p>Des del curs 2007-2008, l\u2019Ajuntament de l\u2019Hospitalet col\u00b7labora en la gesti\u00f3 del proc\u00e9s de preinscripci\u00f3 i matr\u00edcula. Tamb\u00e9 disposem d\u2019un Consell de Participaci\u00f3 format per representants de les fam\u00edlies, educadors, serveis i l\u2019Ajuntament, que contribueix a una gesti\u00f3 m\u00e9s propera i participativa.<\/p>\n<p>Actualment, continuem oferint educaci\u00f3 de qualitat per a infants de 4 mesos a 3 anys, amb una atenci\u00f3 especial a la diversitat i a la comunicaci\u00f3 amb les fam\u00edlies, a trav\u00e9s de canals com el correu electr\u00f2nic.<\/p>\n","protected":false},"excerpt":{"rendered":"<p>La nostra hist\u00f2ria La Llar d\u2019Infants La Florida va n\u00e9ixer fruit de la lluita i la mobilitzaci\u00f3 ve\u00efnal a finals dels anys 70. Davant la manca de centres educatius al barri, les associacions de ve\u00efns van reclamar amb for\u00e7a la creaci\u00f3 d\u2019una llar per als infants. L\u2019any 1981, gr\u00e0cies a aquestes reivindicacions, es va inaugurar [&hellip;]<\/p>\n","protected":false},"author":1,"featured_media":0,"parent":22,"menu_order":0,"comment_status":"closed","ping_status":"closed","template":"page-templates\/side-menu.php","meta":{"_bbp_topic_count":0,"_bbp_reply_count":0,"_bbp_total_topic_count":0,"_bbp_total_reply_count":0,"_bbp_voice_count":0,"_bbp_anonymous_reply_count":0,"_bbp_topic_count_hidden":0,"_bbp_reply_count_hidden":0,"_bbp_forum_subforum_count":0,"site-sidebar-layout":"default","site-content-layout":"","ast-site-content-layout":"","site-content-style":"default","site-sidebar-style":"default","ast-global-header-display":"","ast-banner-title-visibility":"","ast-main-header-display":"","ast-hfb-above-header-display":"","ast-hfb-below-header-display":"","ast-hfb-mobile-header-display":"","site-post-title":"","ast-breadcrumbs-content":"","ast-featured-img":"","footer-sml-layout":"","theme-transparent-header-meta":"","adv-header-id-meta":"","stick-header-meta":"","header-above-stick-meta":"","header-main-stick-meta":"","header-below-stick-meta":"","astra-migrate-meta-layouts":"default","ast-page-background-enabled":"default","ast-page-background-meta":{"desktop":{"background-color":"var(--ast-global-color-4)","background-image":"","background-repeat":"repeat","background-position":"center center","background-size":"auto","background-attachment":"scroll","background-type":"","background-media":"","overlay-type":"","overlay-color":"","overlay-opacity":"","overlay-gradient":""},"tablet":{"background-color":"","background-image":"","background-repeat":"repeat","background-position":"center center","background-size":"auto","background-attachment":"scroll","background-type":"","background-media":"","overlay-type":"","overlay-color":"","overlay-opacity":"","overlay-gradient":""},"mobile":{"background-color":"","background-image":"","background-repeat":"repeat","background-position":"center center","background-size":"auto","background-attachment":"scroll","background-type":"","background-media":"","overlay-type":"","overlay-color":"","overlay-opacity":"","overlay-gradient":""}},"ast-content-background-meta":{"desktop":{"background-color":"var(--ast-global-color-5)","background-image":"","background-repeat":"repeat","background-position":"center center","background-size":"auto","background-attachment":"scroll","background-type":"","background-media":"","overlay-type":"","overlay-color":"","overlay-opacity":"","overlay-gradient":""},"tablet":{"background-color":"var(--ast-global-color-5)","background-image":"","background-repeat":"repeat","background-position":"center center","background-size":"auto","background-attachment":"scroll","background-type":"","background-media":"","overlay-type":"","overlay-color":"","overlay-opacity":"","overlay-gradient":""},"mobile":{"background-color":"var(--ast-global-color-5)","background-image":"","background-repeat":"repeat","background-position":"center center","background-size":"auto","background-attachment":"scroll","background-type":"","background-media":"","overlay-type":"","overlay-color":"","overlay-opacity":"","overlay-gradient":""}},"footnotes":""},"class_list":["post-26","page","type-page","status-publish","hentry"],"post_mailing_queue_ids":[],"_links":{"self":[{"href":"https:\/\/agora.xtec.cat\/llinfantslaflorida\/wp-json\/wp\/v2\/pages\/26","targetHints":{"allow":["GET"]}}],"collection":[{"href":"https:\/\/agora.xtec.cat\/llinfantslaflorida\/wp-json\/wp\/v2\/pages"}],"about":[{"href":"https:\/\/agora.xtec.cat\/llinfantslaflorida\/wp-json\/wp\/v2\/types\/page"}],"author":[{"embeddable":true,"href":"https:\/\/agora.xtec.cat\/llinfantslaflorida\/wp-json\/wp\/v2\/users\/1"}],"replies":[{"embeddable":true,"href":"https:\/\/agora.xtec.cat\/llinfantslaflorida\/wp-json\/wp\/v2\/comments?post=26"}],"version-history":[{"count":3,"href":"https:\/\/agora.xtec.cat\/llinfantslaflorida\/wp-json\/wp\/v2\/pages\/26\/revisions"}],"predecessor-version":[{"id":1370,"href":"https:\/\/agora.xtec.cat\/llinfantslaflorida\/wp-json\/wp\/v2\/pages\/26\/revisions\/1370"}],"up":[{"embeddable":true,"href":"https:\/\/agora.xtec.cat\/llinfantslaflorida\/wp-json\/wp\/v2\/pages\/22"}],"wp:attachment":[{"href":"https:\/\/agora.xtec.cat\/llinfantslaflorida\/wp-json\/wp\/v2\/media?parent=26"}],"curies":[{"name":"wp","href":"https:\/\/api.w.org\/{rel}","templated":true}]}}

Història

<p><strong>La nostra història</strong></p>
<p>La Llar d’Infants La Florida va néixer fruit de la lluita i la mobilització veïnal a finals dels anys 70. Davant la manca de centres educatius al barri, les associacions de veïns van reclamar amb força la creació d’una llar per als infants. L’any 1981, gràcies a aquestes reivindicacions, es va inaugurar el centre amb 30 nens i nenes, tot i que encara no disposava de tots els serveis bàsics.</p>
<p>Els primers anys van ser intensos i marcats per l’esforç d’un equip jove i compromès, molts dels quals eren del barri mateix. El centre es va obrir en un context de gran demanda social i amb recursos inicials limitats, però amb la clara voluntat d’oferir un servei educatiu de qualitat.</p>
<p>Amb el temps, la gestió del centre ha anat passant per diferents administracions: primer l&#8217;I.N.A.S., després l’I.C.A.S.S., i des del 1989, el Departament d’Educació. Al llarg dels anys, s’ha treballat per millorar les condicions laborals, els espais, els materials i els criteris d’admissió, sempre adaptant-se a les necessitats de la comunitat.</p>
<p>Des del curs 2007-2008, l’Ajuntament de l’Hospitalet col·labora en la gestió del procés de preinscripció i matrícula. També disposem d’un Consell de Participació format per representants de les famílies, educadors, serveis i l’Ajuntament, que contribueix a una gestió més propera i participativa.</p>
<p>Actualment, continuem oferint educació de qualitat per a infants de 4 mesos a 3 anys, amb una atenció especial a la diversitat i a la comunicació amb les famílies, a través de canals com el correu electrònic.</p>

<p>La nostra història La Llar d’Infants La Florida va néixer fruit de la lluita i la mobilització veïnal a finals dels anys 70. Davant la manca de centres educatius al barri, les associacions de veïns van reclamar amb força la creació d’una llar per als infants. L’any 1981, gràcies a aquestes reivindicacions, es va inaugurar [&hellip;]</p>
