{"id":22,"date":"2014-09-18T12:19:57","date_gmt":"2014-09-18T11:19:57","guid":{"rendered":"http:\/\/agora.xtec.cat\/llinfantslaflorida\/?page_id=22"},"modified":"2025-12-08T20:15:43","modified_gmt":"2025-12-08T19:15:43","slug":"lescola","status":"publish","type":"page","link":"https:\/\/agora.xtec.cat\/llinfantslaflorida\/lescola\/","title":{"rendered":"Qui som?"},"content":{"rendered":"<p><strong>L&#8217;ess\u00e8ncia de la nostra llar<\/strong><\/p>\n<p>La Llar d\u2019Infants La Florida \u00e9s un centre educatiu p\u00fablic del Departament d\u2019Educaci\u00f3 de la Generalitat de Catalunya, situat al barri de la Florida de L\u2019Hospitalet de Llobregat, al carrer Primavera, 105 B.<\/p>\n<p>Som una escola bressol urbana, inclusiva i acollidora, que acompanya el creixement d\u2019infants de 16 setmanes a 3 anys. El nostre projecte educatiu est\u00e0 viu, en constant revisi\u00f3 i millora, i posa l\u2019infant al centre de l\u2019aprenentatge, valorant la seva curiositat, emocions, ritmes i necessitats individuals.<\/p>\n<p><a href=\"https:\/\/agora.xtec.cat\/llinfantslaflorida\/lescola\/attachment\/img_1153\/\" rel=\"attachment wp-att-1526\"><img decoding=\"async\" class=\"alignnone size-full wp-image-1526\" src=\"https:\/\/agora.xtec.cat\/llinfantslaflorida\/wp-content\/uploads\/usu2269\/2025\/10\/IMG_1153.heic\" alt=\"\" \/><\/a><a href=\"https:\/\/agora.xtec.cat\/llinfantslaflorida\/lescola\/attachment\/img_1111-2\/\" rel=\"attachment wp-att-1527\"><img decoding=\"async\" class=\"alignnone size-full wp-image-1527\" src=\"https:\/\/agora.xtec.cat\/llinfantslaflorida\/wp-content\/uploads\/usu2269\/2025\/10\/IMG_1111-1.heic\" alt=\"\" \/><\/a>Acompanyem 114 infants distribu\u00efts en 9 aules, en un edifici ampli i llumin\u00f3s amb espais diversos per al joc, la conviv\u00e8ncia i l\u2019experimentaci\u00f3: aules adaptades, patis, una sala de psicomotricitat, una cuina pr\u00f2pia, un taller de llum i m\u00fasica, i un taller d\u2019experimentaci\u00f3. L\u2019horari \u00e9s de jornada continuada, de 9 a 17 h.<\/p>\n<p>El nostre equip est\u00e0 format per 11 educadores (9 tutores i 2 educadores polivalents), personal de cuina, neteja i manteniment, i una \u00fanica persona que assumeix les funcions de direcci\u00f3 i coordinaci\u00f3 pedag\u00f2gica. Treballem de manera cooperativa, amb una actitud oberta, reflexiva i compromesa amb la formaci\u00f3 cont\u00ednua i la innovaci\u00f3 educativa.<\/p>\n<p>Creiem en una educaci\u00f3 respectuosa i significativa, on l\u2019infant \u00e9s protagonista a trav\u00e9s del joc, la manipulaci\u00f3, l\u2019experimentaci\u00f3 i l\u2019observaci\u00f3. Apostem per una educaci\u00f3 emocional que doni seguretat, confian\u00e7a i benestar, i establim vincles estrets amb les fam\u00edlies per garantir una acci\u00f3 educativa coherent i compartida.<\/p>\n<p>A la nostra llar vivim la diversitat com una riquesa i eduquem des dels valors democr\u00e0tics, el respecte, la igualtat, la coeducaci\u00f3 i la conviv\u00e8ncia. Defensem una escola per a tothom, lliure de discriminacions, adoctrinaments o estereotips.<\/p>\n<p>En definitiva, La Florida \u00e9s molt m\u00e9s que una escola: \u00e9s una llar on cr\u00e9ixer, estimar i compartir la vida.<\/p>\n<p><a href=\"https:\/\/agora.xtec.cat\/llinfantslaflorida\/lescola\/attachment\/infants\/\" rel=\"attachment wp-att-1519\"><img loading=\"lazy\" decoding=\"async\" class=\"size-full wp-image-1519 aligncenter\" src=\"https:\/\/agora.xtec.cat\/llinfantslaflorida\/wp-content\/uploads\/usu2269\/2025\/10\/infants.png\" alt=\"\" width=\"1022\" height=\"551\" srcset=\"https:\/\/agora.xtec.cat\/llinfantslaflorida\/wp-content\/uploads\/usu2269\/2025\/10\/infants.png 1022w, https:\/\/agora.xtec.cat\/llinfantslaflorida\/wp-content\/uploads\/usu2269\/2025\/10\/infants-300x162.png 300w, https:\/\/agora.xtec.cat\/llinfantslaflorida\/wp-content\/uploads\/usu2269\/2025\/10\/infants-768x414.png 768w\" sizes=\"auto, (max-width: 1022px) 100vw, 1022px\" \/><\/a><\/p>\n<p>&nbsp;<\/p>\n","protected":false},"excerpt":{"rendered":"<p>L&#8217;ess\u00e8ncia de la nostra llar La Llar d\u2019Infants La Florida \u00e9s un centre educatiu p\u00fablic del Departament d\u2019Educaci\u00f3 de la Generalitat de Catalunya, situat al barri de la Florida de L\u2019Hospitalet de Llobregat, al carrer Primavera, 105 B. Som una escola bressol urbana, inclusiva i acollidora, que acompanya el creixement d\u2019infants de 16 setmanes a [&hellip;]<\/p>\n","protected":false},"author":1,"featured_media":0,"parent":0,"menu_order":0,"comment_status":"closed","ping_status":"closed","template":"page-templates\/side-menu.php","meta":{"_bbp_topic_count":0,"_bbp_reply_count":0,"_bbp_total_topic_count":0,"_bbp_total_reply_count":0,"_bbp_voice_count":0,"_bbp_anonymous_reply_count":0,"_bbp_topic_count_hidden":0,"_bbp_reply_count_hidden":0,"_bbp_forum_subforum_count":0,"site-sidebar-layout":"default","site-content-layout":"","ast-site-content-layout":"","site-content-style":"default","site-sidebar-style":"default","ast-global-header-display":"","ast-banner-title-visibility":"","ast-main-header-display":"","ast-hfb-above-header-display":"","ast-hfb-below-header-display":"","ast-hfb-mobile-header-display":"","site-post-title":"","ast-breadcrumbs-content":"","ast-featured-img":"","footer-sml-layout":"","theme-transparent-header-meta":"","adv-header-id-meta":"","stick-header-meta":"","header-above-stick-meta":"","header-main-stick-meta":"","header-below-stick-meta":"","astra-migrate-meta-layouts":"default","ast-page-background-enabled":"default","ast-page-background-meta":{"desktop":{"background-color":"var(--ast-global-color-4)","background-image":"","background-repeat":"repeat","background-position":"center center","background-size":"auto","background-attachment":"scroll","background-type":"","background-media":"","overlay-type":"","overlay-color":"","overlay-opacity":"","overlay-gradient":""},"tablet":{"background-color":"","background-image":"","background-repeat":"repeat","background-position":"center center","background-size":"auto","background-attachment":"scroll","background-type":"","background-media":"","overlay-type":"","overlay-color":"","overlay-opacity":"","overlay-gradient":""},"mobile":{"background-color":"","background-image":"","background-repeat":"repeat","background-position":"center center","background-size":"auto","background-attachment":"scroll","background-type":"","background-media":"","overlay-type":"","overlay-color":"","overlay-opacity":"","overlay-gradient":""}},"ast-content-background-meta":{"desktop":{"background-color":"var(--ast-global-color-5)","background-image":"","background-repeat":"repeat","background-position":"center center","background-size":"auto","background-attachment":"scroll","background-type":"","background-media":"","overlay-type":"","overlay-color":"","overlay-opacity":"","overlay-gradient":""},"tablet":{"background-color":"var(--ast-global-color-5)","background-image":"","background-repeat":"repeat","background-position":"center center","background-size":"auto","background-attachment":"scroll","background-type":"","background-media":"","overlay-type":"","overlay-color":"","overlay-opacity":"","overlay-gradient":""},"mobile":{"background-color":"var(--ast-global-color-5)","background-image":"","background-repeat":"repeat","background-position":"center center","background-size":"auto","background-attachment":"scroll","background-type":"","background-media":"","overlay-type":"","overlay-color":"","overlay-opacity":"","overlay-gradient":""}},"footnotes":""},"class_list":["post-22","page","type-page","status-publish","hentry"],"post_mailing_queue_ids":[],"_links":{"self":[{"href":"https:\/\/agora.xtec.cat\/llinfantslaflorida\/wp-json\/wp\/v2\/pages\/22","targetHints":{"allow":["GET"]}}],"collection":[{"href":"https:\/\/agora.xtec.cat\/llinfantslaflorida\/wp-json\/wp\/v2\/pages"}],"about":[{"href":"https:\/\/agora.xtec.cat\/llinfantslaflorida\/wp-json\/wp\/v2\/types\/page"}],"author":[{"embeddable":true,"href":"https:\/\/agora.xtec.cat\/llinfantslaflorida\/wp-json\/wp\/v2\/users\/1"}],"replies":[{"embeddable":true,"href":"https:\/\/agora.xtec.cat\/llinfantslaflorida\/wp-json\/wp\/v2\/comments?post=22"}],"version-history":[{"count":6,"href":"https:\/\/agora.xtec.cat\/llinfantslaflorida\/wp-json\/wp\/v2\/pages\/22\/revisions"}],"predecessor-version":[{"id":1840,"href":"https:\/\/agora.xtec.cat\/llinfantslaflorida\/wp-json\/wp\/v2\/pages\/22\/revisions\/1840"}],"wp:attachment":[{"href":"https:\/\/agora.xtec.cat\/llinfantslaflorida\/wp-json\/wp\/v2\/media?parent=22"}],"curies":[{"name":"wp","href":"https:\/\/api.w.org\/{rel}","templated":true}]}}

<p><strong>L&#8217;essència de la nostra llar</strong></p>
<p>La Llar d’Infants La Florida és un centre educatiu públic del Departament d’Educació de la Generalitat de Catalunya, situat al barri de la Florida de L’Hospitalet de Llobregat, al carrer Primavera, 105 B.</p>
<p>Som una escola bressol urbana, inclusiva i acollidora, que acompanya el creixement d’infants de 16 setmanes a 3 anys. El nostre projecte educatiu està viu, en constant revisió i millora, i posa l’infant al centre de l’aprenentatge, valorant la seva curiositat, emocions, ritmes i necessitats individuals.</p>
<p><a href="https://agora.xtec.cat/llinfantslaflorida/lescola/attachment/img_1153/" rel="attachment wp-att-1526"><img decoding="async" class="alignnone size-full wp-image-1526" src="https://agora.xtec.cat/llinfantslaflorida/wp-content/uploads/usu2269/2025/10/IMG_1153.heic" alt="" /></a><a href="https://agora.xtec.cat/llinfantslaflorida/lescola/attachment/img_1111-2/" rel="attachment wp-att-1527"><img decoding="async" class="alignnone size-full wp-image-1527" src="https://agora.xtec.cat/llinfantslaflorida/wp-content/uploads/usu2269/2025/10/IMG_1111-1.heic" alt="" /></a>Acompanyem 114 infants distribuïts en 9 aules, en un edifici ampli i lluminós amb espais diversos per al joc, la convivència i l’experimentació: aules adaptades, patis, una sala de psicomotricitat, una cuina pròpia, un taller de llum i música, i un taller d’experimentació. L’horari és de jornada continuada, de 9 a 17 h.</p>
<p>El nostre equip està format per 11 educadores (9 tutores i 2 educadores polivalents), personal de cuina, neteja i manteniment, i una única persona que assumeix les funcions de direcció i coordinació pedagògica. Treballem de manera cooperativa, amb una actitud oberta, reflexiva i compromesa amb la formació contínua i la innovació educativa.</p>
<p>Creiem en una educació respectuosa i significativa, on l’infant és protagonista a través del joc, la manipulació, l’experimentació i l’observació. Apostem per una educació emocional que doni seguretat, confiança i benestar, i establim vincles estrets amb les famílies per garantir una acció educativa coherent i compartida.</p>
<p>A la nostra llar vivim la diversitat com una riquesa i eduquem des dels valors democràtics, el respecte, la igualtat, la coeducació i la convivència. Defensem una escola per a tothom, lliure de discriminacions, adoctrinaments o estereotips.</p>
<p>En definitiva, La Florida és molt més que una escola: és una llar on créixer, estimar i compartir la vida.</p>
<p><a href="https://agora.xtec.cat/llinfantslaflorida/lescola/attachment/infants/" rel="attachment wp-att-1519"><img loading="lazy" decoding="async" class="size-full wp-image-1519 aligncenter" src="https://agora.xtec.cat/llinfantslaflorida/wp-content/uploads/usu2269/2025/10/infants.png" alt="" width="1022" height="551" srcset="https://agora.xtec.cat/llinfantslaflorida/wp-content/uploads/usu2269/2025/10/infants.png 1022w, https://agora.xtec.cat/llinfantslaflorida/wp-content/uploads/usu2269/2025/10/infants-300x162.png 300w, https://agora.xtec.cat/llinfantslaflorida/wp-content/uploads/usu2269/2025/10/infants-768x414.png 768w" sizes="auto, (max-width: 1022px) 100vw, 1022px" /></a></p>
<p>&nbsp;</p>

<p>L&#8217;essència de la nostra llar La Llar d’Infants La Florida és un centre educatiu públic del Departament d’Educació de la Generalitat de Catalunya, situat al barri de la Florida de L’Hospitalet de Llobregat, al carrer Primavera, 105 B. Som una escola bressol urbana, inclusiva i acollidora, que acompanya el creixement d’infants de 16 setmanes a [&hellip;]</p>
