{"id":1683,"date":"2025-11-09T22:58:15","date_gmt":"2025-11-09T21:58:15","guid":{"rendered":"https:\/\/agora.xtec.cat\/llinfantslaflorida\/?page_id=1683"},"modified":"2026-01-24T12:12:25","modified_gmt":"2026-01-24T11:12:25","slug":"2-3","status":"publish","type":"page","link":"https:\/\/agora.xtec.cat\/llinfantslaflorida\/nivells-2\/2-3\/","title":{"rendered":"2-3"},"content":{"rendered":"<p><span style=\"font-family: inherit; font-size: 1em;\">A l\u2019etapa de 2 a 3 anys, els infants ja mostren m\u00e9s autonomia, curiositat i ganes d\u2019explorar el seu entorn. A les quatre aules d\u2019aquest nivell oferim un espai acollidor i ric en est\u00edmuls on poden cr\u00e9ixer, jugar i aprendre de manera activa i significativa.<\/span><\/p>\n<p><a href=\"https:\/\/agora.xtec.cat\/llinfantslaflorida\/2-3\/attachment\/img_2299\/\" rel=\"attachment wp-att-1890\"><img loading=\"lazy\" decoding=\"async\" class=\"alignnone size-large wp-image-1890\" src=\"https:\/\/agora.xtec.cat\/llinfantslaflorida\/wp-content\/uploads\/usu2269\/2025\/12\/IMG_2299-1024x768.jpeg\" alt=\"\" width=\"1024\" height=\"768\" srcset=\"https:\/\/agora.xtec.cat\/llinfantslaflorida\/wp-content\/uploads\/usu2269\/2025\/12\/IMG_2299-1024x768.jpeg 1024w, https:\/\/agora.xtec.cat\/llinfantslaflorida\/wp-content\/uploads\/usu2269\/2025\/12\/IMG_2299-300x225.jpeg 300w, https:\/\/agora.xtec.cat\/llinfantslaflorida\/wp-content\/uploads\/usu2269\/2025\/12\/IMG_2299-768x576.jpeg 768w, https:\/\/agora.xtec.cat\/llinfantslaflorida\/wp-content\/uploads\/usu2269\/2025\/12\/IMG_2299-1536x1152.jpeg 1536w, https:\/\/agora.xtec.cat\/llinfantslaflorida\/wp-content\/uploads\/usu2269\/2025\/12\/IMG_2299-2048x1536.jpeg 2048w\" sizes=\"auto, (max-width: 1024px) 100vw, 1024px\" \/><\/a><\/p>\n<p>\u00c9s un moment clau per al desenvolupament del llenguatge, la socialitzaci\u00f3 i la construcci\u00f3 de la pr\u00f2pia identitat. Acompanyem els infants en aquest proc\u00e9s amb propostes que fomenten la iniciativa, la cooperaci\u00f3 i l\u2019expressi\u00f3 emocional.<\/p>\n<p><a href=\"https:\/\/agora.xtec.cat\/llinfantslaflorida\/1677580d-ac6d-4463-b524-e52723df8202_11zon-2\/\"><img loading=\"lazy\" decoding=\"async\" class=\"wp-image-1753 aligncenter\" src=\"https:\/\/agora.xtec.cat\/llinfantslaflorida\/wp-content\/uploads\/usu2269\/2025\/11\/1677580d-ac6d-4463-b524-e52723df8202_11zon-1.jpg\" alt=\"\" width=\"786\" height=\"564\" srcset=\"https:\/\/agora.xtec.cat\/llinfantslaflorida\/wp-content\/uploads\/usu2269\/2025\/11\/1677580d-ac6d-4463-b524-e52723df8202_11zon-1.jpg 1003w, https:\/\/agora.xtec.cat\/llinfantslaflorida\/wp-content\/uploads\/usu2269\/2025\/11\/1677580d-ac6d-4463-b524-e52723df8202_11zon-1-300x215.jpg 300w, https:\/\/agora.xtec.cat\/llinfantslaflorida\/wp-content\/uploads\/usu2269\/2025\/11\/1677580d-ac6d-4463-b524-e52723df8202_11zon-1-768x551.jpg 768w\" sizes=\"auto, (max-width: 786px) 100vw, 786px\" \/><\/a><\/p>\n<p>El joc simb\u00f2lic, l\u2019experimentaci\u00f3, la m\u00fasica, la psicomotricitat i les activitats pl\u00e0stiques s\u00f3n eixos fonamentals del dia a dia, que afavoreixen la creativitat i l\u2019aprenentatge vivencial. Tamb\u00e9 treballem l\u2019adquisici\u00f3 de petits h\u00e0bits i rutines que preparen l\u2019infant per al pas a l\u2019etapa d\u2019educaci\u00f3 infantil.<\/p>\n<p><a href=\"https:\/\/agora.xtec.cat\/llinfantslaflorida\/2-3\/attachment\/img_2295\/\" rel=\"attachment wp-att-1889\"><img loading=\"lazy\" decoding=\"async\" class=\"alignnone size-large wp-image-1889\" src=\"https:\/\/agora.xtec.cat\/llinfantslaflorida\/wp-content\/uploads\/usu2269\/2025\/12\/IMG_2295-1024x768.jpeg\" alt=\"\" width=\"1024\" height=\"768\" srcset=\"https:\/\/agora.xtec.cat\/llinfantslaflorida\/wp-content\/uploads\/usu2269\/2025\/12\/IMG_2295-1024x768.jpeg 1024w, https:\/\/agora.xtec.cat\/llinfantslaflorida\/wp-content\/uploads\/usu2269\/2025\/12\/IMG_2295-300x225.jpeg 300w, https:\/\/agora.xtec.cat\/llinfantslaflorida\/wp-content\/uploads\/usu2269\/2025\/12\/IMG_2295-768x576.jpeg 768w, https:\/\/agora.xtec.cat\/llinfantslaflorida\/wp-content\/uploads\/usu2269\/2025\/12\/IMG_2295-1536x1152.jpeg 1536w, https:\/\/agora.xtec.cat\/llinfantslaflorida\/wp-content\/uploads\/usu2269\/2025\/12\/IMG_2295-2048x1536.jpeg 2048w\" sizes=\"auto, (max-width: 1024px) 100vw, 1024px\" \/><\/a><\/p>\n<p>El nostre objectiu \u00e9s que cada nen i nena se senti segur, estimat i capa\u00e7, gaudint d\u2019aquest \u00faltim curs de llar com una experi\u00e8ncia plena i feli\u00e7.<\/p>\n<p><a href=\"https:\/\/agora.xtec.cat\/llinfantslaflorida\/2-3\/attachment\/img_2300\/\" rel=\"attachment wp-att-1891\"><img loading=\"lazy\" decoding=\"async\" class=\"alignnone size-large wp-image-1891\" src=\"https:\/\/agora.xtec.cat\/llinfantslaflorida\/wp-content\/uploads\/usu2269\/2025\/12\/IMG_2300-1024x768.jpeg\" alt=\"\" width=\"1024\" height=\"768\" srcset=\"https:\/\/agora.xtec.cat\/llinfantslaflorida\/wp-content\/uploads\/usu2269\/2025\/12\/IMG_2300-1024x768.jpeg 1024w, https:\/\/agora.xtec.cat\/llinfantslaflorida\/wp-content\/uploads\/usu2269\/2025\/12\/IMG_2300-300x225.jpeg 300w, https:\/\/agora.xtec.cat\/llinfantslaflorida\/wp-content\/uploads\/usu2269\/2025\/12\/IMG_2300-768x576.jpeg 768w, https:\/\/agora.xtec.cat\/llinfantslaflorida\/wp-content\/uploads\/usu2269\/2025\/12\/IMG_2300-1536x1152.jpeg 1536w, https:\/\/agora.xtec.cat\/llinfantslaflorida\/wp-content\/uploads\/usu2269\/2025\/12\/IMG_2300.jpeg 1680w\" sizes=\"auto, (max-width: 1024px) 100vw, 1024px\" \/><\/a> <a href=\"https:\/\/agora.xtec.cat\/llinfantslaflorida\/2-3\/attachment\/img_2301\/\" rel=\"attachment wp-att-1892\"><img loading=\"lazy\" decoding=\"async\" class=\"alignnone size-large wp-image-1892\" src=\"https:\/\/agora.xtec.cat\/llinfantslaflorida\/wp-content\/uploads\/usu2269\/2025\/12\/IMG_2301-1024x768.jpeg\" alt=\"\" width=\"1024\" height=\"768\" srcset=\"https:\/\/agora.xtec.cat\/llinfantslaflorida\/wp-content\/uploads\/usu2269\/2025\/12\/IMG_2301-1024x768.jpeg 1024w, https:\/\/agora.xtec.cat\/llinfantslaflorida\/wp-content\/uploads\/usu2269\/2025\/12\/IMG_2301-300x225.jpeg 300w, https:\/\/agora.xtec.cat\/llinfantslaflorida\/wp-content\/uploads\/usu2269\/2025\/12\/IMG_2301-768x576.jpeg 768w, https:\/\/agora.xtec.cat\/llinfantslaflorida\/wp-content\/uploads\/usu2269\/2025\/12\/IMG_2301.jpeg 1456w\" sizes=\"auto, (max-width: 1024px) 100vw, 1024px\" \/><\/a><\/p>\n<p>&nbsp;<\/p>\n","protected":false},"excerpt":{"rendered":"<p>A l\u2019etapa de 2 a 3 anys, els infants ja mostren m\u00e9s autonomia, curiositat i ganes d\u2019explorar el seu entorn. A les quatre aules d\u2019aquest nivell oferim un espai acollidor i ric en est\u00edmuls on poden cr\u00e9ixer, jugar i aprendre de manera activa i significativa. \u00c9s un moment clau per al desenvolupament del llenguatge, la [&hellip;]<\/p>\n","protected":false},"author":1,"featured_media":0,"parent":1680,"menu_order":0,"comment_status":"closed","ping_status":"closed","template":"","meta":{"_bbp_topic_count":0,"_bbp_reply_count":0,"_bbp_total_topic_count":0,"_bbp_total_reply_count":0,"_bbp_voice_count":0,"_bbp_anonymous_reply_count":0,"_bbp_topic_count_hidden":0,"_bbp_reply_count_hidden":0,"_bbp_forum_subforum_count":0,"site-sidebar-layout":"default","site-content-layout":"","ast-site-content-layout":"default","site-content-style":"default","site-sidebar-style":"default","ast-global-header-display":"","ast-banner-title-visibility":"","ast-main-header-display":"","ast-hfb-above-header-display":"","ast-hfb-below-header-display":"","ast-hfb-mobile-header-display":"","site-post-title":"","ast-breadcrumbs-content":"","ast-featured-img":"","footer-sml-layout":"","theme-transparent-header-meta":"default","adv-header-id-meta":"","stick-header-meta":"","header-above-stick-meta":"","header-main-stick-meta":"","header-below-stick-meta":"","astra-migrate-meta-layouts":"set","ast-page-background-enabled":"default","ast-page-background-meta":{"desktop":{"background-color":"var(--ast-global-color-4)","background-image":"","background-repeat":"repeat","background-position":"center center","background-size":"auto","background-attachment":"scroll","background-type":"","background-media":"","overlay-type":"","overlay-color":"","overlay-opacity":"","overlay-gradient":""},"tablet":{"background-color":"","background-image":"","background-repeat":"repeat","background-position":"center center","background-size":"auto","background-attachment":"scroll","background-type":"","background-media":"","overlay-type":"","overlay-color":"","overlay-opacity":"","overlay-gradient":""},"mobile":{"background-color":"","background-image":"","background-repeat":"repeat","background-position":"center center","background-size":"auto","background-attachment":"scroll","background-type":"","background-media":"","overlay-type":"","overlay-color":"","overlay-opacity":"","overlay-gradient":""}},"ast-content-background-meta":{"desktop":{"background-color":"var(--ast-global-color-5)","background-image":"","background-repeat":"repeat","background-position":"center center","background-size":"auto","background-attachment":"scroll","background-type":"","background-media":"","overlay-type":"","overlay-color":"","overlay-opacity":"","overlay-gradient":""},"tablet":{"background-color":"var(--ast-global-color-5)","background-image":"","background-repeat":"repeat","background-position":"center center","background-size":"auto","background-attachment":"scroll","background-type":"","background-media":"","overlay-type":"","overlay-color":"","overlay-opacity":"","overlay-gradient":""},"mobile":{"background-color":"var(--ast-global-color-5)","background-image":"","background-repeat":"repeat","background-position":"center center","background-size":"auto","background-attachment":"scroll","background-type":"","background-media":"","overlay-type":"","overlay-color":"","overlay-opacity":"","overlay-gradient":""}},"footnotes":""},"class_list":["post-1683","page","type-page","status-publish","hentry"],"post_mailing_queue_ids":[],"_links":{"self":[{"href":"https:\/\/agora.xtec.cat\/llinfantslaflorida\/wp-json\/wp\/v2\/pages\/1683","targetHints":{"allow":["GET"]}}],"collection":[{"href":"https:\/\/agora.xtec.cat\/llinfantslaflorida\/wp-json\/wp\/v2\/pages"}],"about":[{"href":"https:\/\/agora.xtec.cat\/llinfantslaflorida\/wp-json\/wp\/v2\/types\/page"}],"author":[{"embeddable":true,"href":"https:\/\/agora.xtec.cat\/llinfantslaflorida\/wp-json\/wp\/v2\/users\/1"}],"replies":[{"embeddable":true,"href":"https:\/\/agora.xtec.cat\/llinfantslaflorida\/wp-json\/wp\/v2\/comments?post=1683"}],"version-history":[{"count":5,"href":"https:\/\/agora.xtec.cat\/llinfantslaflorida\/wp-json\/wp\/v2\/pages\/1683\/revisions"}],"predecessor-version":[{"id":1894,"href":"https:\/\/agora.xtec.cat\/llinfantslaflorida\/wp-json\/wp\/v2\/pages\/1683\/revisions\/1894"}],"up":[{"embeddable":true,"href":"https:\/\/agora.xtec.cat\/llinfantslaflorida\/wp-json\/wp\/v2\/pages\/1680"}],"wp:attachment":[{"href":"https:\/\/agora.xtec.cat\/llinfantslaflorida\/wp-json\/wp\/v2\/media?parent=1683"}],"curies":[{"name":"wp","href":"https:\/\/api.w.org\/{rel}","templated":true}]}}

<p><span style="font-family: inherit; font-size: 1em;">A l’etapa de 2 a 3 anys, els infants ja mostren més autonomia, curiositat i ganes d’explorar el seu entorn. A les quatre aules d’aquest nivell oferim un espai acollidor i ric en estímuls on poden créixer, jugar i aprendre de manera activa i significativa.</span></p>
<p><a href="https://agora.xtec.cat/llinfantslaflorida/2-3/attachment/img_2299/" rel="attachment wp-att-1890"><img loading="lazy" decoding="async" class="alignnone size-large wp-image-1890" src="https://agora.xtec.cat/llinfantslaflorida/wp-content/uploads/usu2269/2025/12/IMG_2299-1024x768.jpeg" alt="" width="1024" height="768" srcset="https://agora.xtec.cat/llinfantslaflorida/wp-content/uploads/usu2269/2025/12/IMG_2299-1024x768.jpeg 1024w, https://agora.xtec.cat/llinfantslaflorida/wp-content/uploads/usu2269/2025/12/IMG_2299-300x225.jpeg 300w, https://agora.xtec.cat/llinfantslaflorida/wp-content/uploads/usu2269/2025/12/IMG_2299-768x576.jpeg 768w, https://agora.xtec.cat/llinfantslaflorida/wp-content/uploads/usu2269/2025/12/IMG_2299-1536x1152.jpeg 1536w, https://agora.xtec.cat/llinfantslaflorida/wp-content/uploads/usu2269/2025/12/IMG_2299-2048x1536.jpeg 2048w" sizes="auto, (max-width: 1024px) 100vw, 1024px" /></a></p>
<p>És un moment clau per al desenvolupament del llenguatge, la socialització i la construcció de la pròpia identitat. Acompanyem els infants en aquest procés amb propostes que fomenten la iniciativa, la cooperació i l’expressió emocional.</p>
<p><a href="https://agora.xtec.cat/llinfantslaflorida/1677580d-ac6d-4463-b524-e52723df8202_11zon-2/"><img loading="lazy" decoding="async" class="wp-image-1753 aligncenter" src="https://agora.xtec.cat/llinfantslaflorida/wp-content/uploads/usu2269/2025/11/1677580d-ac6d-4463-b524-e52723df8202_11zon-1.jpg" alt="" width="786" height="564" srcset="https://agora.xtec.cat/llinfantslaflorida/wp-content/uploads/usu2269/2025/11/1677580d-ac6d-4463-b524-e52723df8202_11zon-1.jpg 1003w, https://agora.xtec.cat/llinfantslaflorida/wp-content/uploads/usu2269/2025/11/1677580d-ac6d-4463-b524-e52723df8202_11zon-1-300x215.jpg 300w, https://agora.xtec.cat/llinfantslaflorida/wp-content/uploads/usu2269/2025/11/1677580d-ac6d-4463-b524-e52723df8202_11zon-1-768x551.jpg 768w" sizes="auto, (max-width: 786px) 100vw, 786px" /></a></p>
<p>El joc simbòlic, l’experimentació, la música, la psicomotricitat i les activitats plàstiques són eixos fonamentals del dia a dia, que afavoreixen la creativitat i l’aprenentatge vivencial. També treballem l’adquisició de petits hàbits i rutines que preparen l’infant per al pas a l’etapa d’educació infantil.</p>
<p><a href="https://agora.xtec.cat/llinfantslaflorida/2-3/attachment/img_2295/" rel="attachment wp-att-1889"><img loading="lazy" decoding="async" class="alignnone size-large wp-image-1889" src="https://agora.xtec.cat/llinfantslaflorida/wp-content/uploads/usu2269/2025/12/IMG_2295-1024x768.jpeg" alt="" width="1024" height="768" srcset="https://agora.xtec.cat/llinfantslaflorida/wp-content/uploads/usu2269/2025/12/IMG_2295-1024x768.jpeg 1024w, https://agora.xtec.cat/llinfantslaflorida/wp-content/uploads/usu2269/2025/12/IMG_2295-300x225.jpeg 300w, https://agora.xtec.cat/llinfantslaflorida/wp-content/uploads/usu2269/2025/12/IMG_2295-768x576.jpeg 768w, https://agora.xtec.cat/llinfantslaflorida/wp-content/uploads/usu2269/2025/12/IMG_2295-1536x1152.jpeg 1536w, https://agora.xtec.cat/llinfantslaflorida/wp-content/uploads/usu2269/2025/12/IMG_2295-2048x1536.jpeg 2048w" sizes="auto, (max-width: 1024px) 100vw, 1024px" /></a></p>
<p>El nostre objectiu és que cada nen i nena se senti segur, estimat i capaç, gaudint d’aquest últim curs de llar com una experiència plena i feliç.</p>
<p><a href="https://agora.xtec.cat/llinfantslaflorida/2-3/attachment/img_2300/" rel="attachment wp-att-1891"><img loading="lazy" decoding="async" class="alignnone size-large wp-image-1891" src="https://agora.xtec.cat/llinfantslaflorida/wp-content/uploads/usu2269/2025/12/IMG_2300-1024x768.jpeg" alt="" width="1024" height="768" srcset="https://agora.xtec.cat/llinfantslaflorida/wp-content/uploads/usu2269/2025/12/IMG_2300-1024x768.jpeg 1024w, https://agora.xtec.cat/llinfantslaflorida/wp-content/uploads/usu2269/2025/12/IMG_2300-300x225.jpeg 300w, https://agora.xtec.cat/llinfantslaflorida/wp-content/uploads/usu2269/2025/12/IMG_2300-768x576.jpeg 768w, https://agora.xtec.cat/llinfantslaflorida/wp-content/uploads/usu2269/2025/12/IMG_2300-1536x1152.jpeg 1536w, https://agora.xtec.cat/llinfantslaflorida/wp-content/uploads/usu2269/2025/12/IMG_2300.jpeg 1680w" sizes="auto, (max-width: 1024px) 100vw, 1024px" /></a> <a href="https://agora.xtec.cat/llinfantslaflorida/2-3/attachment/img_2301/" rel="attachment wp-att-1892"><img loading="lazy" decoding="async" class="alignnone size-large wp-image-1892" src="https://agora.xtec.cat/llinfantslaflorida/wp-content/uploads/usu2269/2025/12/IMG_2301-1024x768.jpeg" alt="" width="1024" height="768" srcset="https://agora.xtec.cat/llinfantslaflorida/wp-content/uploads/usu2269/2025/12/IMG_2301-1024x768.jpeg 1024w, https://agora.xtec.cat/llinfantslaflorida/wp-content/uploads/usu2269/2025/12/IMG_2301-300x225.jpeg 300w, https://agora.xtec.cat/llinfantslaflorida/wp-content/uploads/usu2269/2025/12/IMG_2301-768x576.jpeg 768w, https://agora.xtec.cat/llinfantslaflorida/wp-content/uploads/usu2269/2025/12/IMG_2301.jpeg 1456w" sizes="auto, (max-width: 1024px) 100vw, 1024px" /></a></p>
<p>&nbsp;</p>

<p>A l’etapa de 2 a 3 anys, els infants ja mostren més autonomia, curiositat i ganes d’explorar el seu entorn. A les quatre aules d’aquest nivell oferim un espai acollidor i ric en estímuls on poden créixer, jugar i aprendre de manera activa i significativa. És un moment clau per al desenvolupament del llenguatge, la [&hellip;]</p>
