{"id":1621,"date":"2025-11-03T14:58:06","date_gmt":"2025-11-03T13:58:06","guid":{"rendered":"https:\/\/agora.xtec.cat\/llinfantslaflorida\/?page_id=1621"},"modified":"2025-11-10T08:24:11","modified_gmt":"2025-11-10T07:24:11","slug":"informacio-de-centre","status":"publish","type":"page","link":"https:\/\/agora.xtec.cat\/llinfantslaflorida\/informacio-de-centre\/","title":{"rendered":"Informaci\u00f3 de centre"},"content":{"rendered":"<p><span style=\"font-family: inherit; font-size: 1em;\">En aquest apartat trobareu tota la informaci\u00f3 pr\u00e0ctica relacionada amb el funcionament de la nostra llar d\u2019infants. L\u2019objectiu \u00e9s facilitar la comunicaci\u00f3 amb les fam\u00edlies i oferir una visi\u00f3 clara de l\u2019organitzaci\u00f3 del centre.<\/span><\/p>\n<p>Hi podreu consultar:<\/p>\n<ul>\n<li>Normes de funcionament, per garantir un ambient respectu\u00f3s, segur i harm\u00f2nic per a tothom.<\/li>\n<li>Calendari del curs escolar, amb les dates clau, per\u00edodes de vacances i jornades festives.<\/li>\n<li>Horari del centre, amb la distribuci\u00f3 de la jornada i els serveis disponibles.<\/li>\n<li>Centre formador, on expliquem el nostre comprom\u00eds amb la formaci\u00f3 de futurs professionals de l\u2019educaci\u00f3 infantil.<\/li>\n<\/ul>\n<p>Us convidem a llegir aquests apartats per con\u00e8ixer millor com treballem i com compartim, amb les fam\u00edlies, la tasca d\u2019acompanyar el creixement dels infants.<\/p>\n","protected":false},"excerpt":{"rendered":"<p>En aquest apartat trobareu tota la informaci\u00f3 pr\u00e0ctica relacionada amb el funcionament de la nostra llar d\u2019infants. L\u2019objectiu \u00e9s facilitar la comunicaci\u00f3 amb les fam\u00edlies i oferir una visi\u00f3 clara de l\u2019organitzaci\u00f3 del centre. Hi podreu consultar: Normes de funcionament, per garantir un ambient respectu\u00f3s, segur i harm\u00f2nic per a tothom. Calendari del curs escolar, [&hellip;]<\/p>\n","protected":false},"author":1,"featured_media":0,"parent":0,"menu_order":0,"comment_status":"closed","ping_status":"closed","template":"","meta":{"_bbp_topic_count":0,"_bbp_reply_count":0,"_bbp_total_topic_count":0,"_bbp_total_reply_count":0,"_bbp_voice_count":0,"_bbp_anonymous_reply_count":0,"_bbp_topic_count_hidden":0,"_bbp_reply_count_hidden":0,"_bbp_forum_subforum_count":0,"site-sidebar-layout":"default","site-content-layout":"","ast-site-content-layout":"","site-content-style":"default","site-sidebar-style":"default","ast-global-header-display":"","ast-banner-title-visibility":"","ast-main-header-display":"","ast-hfb-above-header-display":"","ast-hfb-below-header-display":"","ast-hfb-mobile-header-display":"","site-post-title":"","ast-breadcrumbs-content":"","ast-featured-img":"","footer-sml-layout":"","theme-transparent-header-meta":"","adv-header-id-meta":"","stick-header-meta":"","header-above-stick-meta":"","header-main-stick-meta":"","header-below-stick-meta":"","astra-migrate-meta-layouts":"default","ast-page-background-enabled":"default","ast-page-background-meta":{"desktop":{"background-color":"var(--ast-global-color-4)","background-image":"","background-repeat":"repeat","background-position":"center center","background-size":"auto","background-attachment":"scroll","background-type":"","background-media":"","overlay-type":"","overlay-color":"","overlay-opacity":"","overlay-gradient":""},"tablet":{"background-color":"","background-image":"","background-repeat":"repeat","background-position":"center center","background-size":"auto","background-attachment":"scroll","background-type":"","background-media":"","overlay-type":"","overlay-color":"","overlay-opacity":"","overlay-gradient":""},"mobile":{"background-color":"","background-image":"","background-repeat":"repeat","background-position":"center center","background-size":"auto","background-attachment":"scroll","background-type":"","background-media":"","overlay-type":"","overlay-color":"","overlay-opacity":"","overlay-gradient":""}},"ast-content-background-meta":{"desktop":{"background-color":"var(--ast-global-color-5)","background-image":"","background-repeat":"repeat","background-position":"center center","background-size":"auto","background-attachment":"scroll","background-type":"","background-media":"","overlay-type":"","overlay-color":"","overlay-opacity":"","overlay-gradient":""},"tablet":{"background-color":"var(--ast-global-color-5)","background-image":"","background-repeat":"repeat","background-position":"center center","background-size":"auto","background-attachment":"scroll","background-type":"","background-media":"","overlay-type":"","overlay-color":"","overlay-opacity":"","overlay-gradient":""},"mobile":{"background-color":"var(--ast-global-color-5)","background-image":"","background-repeat":"repeat","background-position":"center center","background-size":"auto","background-attachment":"scroll","background-type":"","background-media":"","overlay-type":"","overlay-color":"","overlay-opacity":"","overlay-gradient":""}},"footnotes":""},"class_list":["post-1621","page","type-page","status-publish","hentry"],"post_mailing_queue_ids":[],"_links":{"self":[{"href":"https:\/\/agora.xtec.cat\/llinfantslaflorida\/wp-json\/wp\/v2\/pages\/1621","targetHints":{"allow":["GET"]}}],"collection":[{"href":"https:\/\/agora.xtec.cat\/llinfantslaflorida\/wp-json\/wp\/v2\/pages"}],"about":[{"href":"https:\/\/agora.xtec.cat\/llinfantslaflorida\/wp-json\/wp\/v2\/types\/page"}],"author":[{"embeddable":true,"href":"https:\/\/agora.xtec.cat\/llinfantslaflorida\/wp-json\/wp\/v2\/users\/1"}],"replies":[{"embeddable":true,"href":"https:\/\/agora.xtec.cat\/llinfantslaflorida\/wp-json\/wp\/v2\/comments?post=1621"}],"version-history":[{"count":2,"href":"https:\/\/agora.xtec.cat\/llinfantslaflorida\/wp-json\/wp\/v2\/pages\/1621\/revisions"}],"predecessor-version":[{"id":1711,"href":"https:\/\/agora.xtec.cat\/llinfantslaflorida\/wp-json\/wp\/v2\/pages\/1621\/revisions\/1711"}],"wp:attachment":[{"href":"https:\/\/agora.xtec.cat\/llinfantslaflorida\/wp-json\/wp\/v2\/media?parent=1621"}],"curies":[{"name":"wp","href":"https:\/\/api.w.org\/{rel}","templated":true}]}}