{"id":1586,"date":"2025-10-28T14:20:35","date_gmt":"2025-10-28T13:20:35","guid":{"rendered":"https:\/\/agora.xtec.cat\/llinfantslaflorida\/?page_id=1586"},"modified":"2025-11-18T21:36:44","modified_gmt":"2025-11-18T20:36:44","slug":"metodologia","status":"publish","type":"page","link":"https:\/\/agora.xtec.cat\/llinfantslaflorida\/metodologia\/","title":{"rendered":"Metodologia"},"content":{"rendered":"<p>A la nostra escola, entenem l\u2019educaci\u00f3 com un proc\u00e9s integral i globalitzador, on l\u2019infant \u00e9s el protagonista actiu del seu propi aprenentatge. Afavorim un desenvolupament harm\u00f2nic dels diferents aspectes de la seva personalitat: cognitiu, emocional, social, psicomotriu i comunicatiu.<\/p>\n<p><a href=\"https:\/\/agora.xtec.cat\/llinfantslaflorida\/metodologia\/attachment\/img_1153_11zon-3\/\" rel=\"attachment wp-att-1552\"><img loading=\"lazy\" decoding=\"async\" class=\"wp-image-1552 aligncenter\" src=\"https:\/\/agora.xtec.cat\/llinfantslaflorida\/wp-content\/uploads\/usu2269\/2025\/10\/IMG_1153_11zon-2-1024x769.jpg\" alt=\"\" width=\"704\" height=\"529\" srcset=\"https:\/\/agora.xtec.cat\/llinfantslaflorida\/wp-content\/uploads\/usu2269\/2025\/10\/IMG_1153_11zon-2-1024x769.jpg 1024w, https:\/\/agora.xtec.cat\/llinfantslaflorida\/wp-content\/uploads\/usu2269\/2025\/10\/IMG_1153_11zon-2-300x225.jpg 300w, https:\/\/agora.xtec.cat\/llinfantslaflorida\/wp-content\/uploads\/usu2269\/2025\/10\/IMG_1153_11zon-2-768x577.jpg 768w, https:\/\/agora.xtec.cat\/llinfantslaflorida\/wp-content\/uploads\/usu2269\/2025\/10\/IMG_1153_11zon-2-1536x1153.jpg 1536w, https:\/\/agora.xtec.cat\/llinfantslaflorida\/wp-content\/uploads\/usu2269\/2025\/10\/IMG_1153_11zon-2-2048x1537.jpg 2048w, https:\/\/agora.xtec.cat\/llinfantslaflorida\/wp-content\/uploads\/usu2269\/2025\/10\/IMG_1153_11zon-2-200x150.jpg 200w\" sizes=\"auto, (max-width: 704px) 100vw, 704px\" \/><\/a><\/p>\n<p>Treballem a partir de l\u2019observaci\u00f3, la descoberta, l\u2019experimentaci\u00f3 i el joc, tot fomentant la curiositat natural dels nens i nenes. L\u2019organitzaci\u00f3 dels espais i dels materials respon a les seves necessitats i interessos, promovent l\u2019autonomia, la interacci\u00f3 i el respecte al ritme evolutiu de cadasc\u00fa.<\/p>\n<p><a href=\"https:\/\/agora.xtec.cat\/llinfantslaflorida\/eixos-educatius\/attachment\/img_1626_9_11zon\/\" rel=\"attachment wp-att-1656\"><img loading=\"lazy\" decoding=\"async\" class=\"wp-image-1656 aligncenter\" src=\"https:\/\/agora.xtec.cat\/llinfantslaflorida\/wp-content\/uploads\/usu2269\/2025\/11\/IMG_1626_9_11zon-1024x768.jpg\" alt=\"\" width=\"739\" height=\"554\" srcset=\"https:\/\/agora.xtec.cat\/llinfantslaflorida\/wp-content\/uploads\/usu2269\/2025\/11\/IMG_1626_9_11zon-1024x768.jpg 1024w, https:\/\/agora.xtec.cat\/llinfantslaflorida\/wp-content\/uploads\/usu2269\/2025\/11\/IMG_1626_9_11zon-300x225.jpg 300w, https:\/\/agora.xtec.cat\/llinfantslaflorida\/wp-content\/uploads\/usu2269\/2025\/11\/IMG_1626_9_11zon-768x576.jpg 768w, https:\/\/agora.xtec.cat\/llinfantslaflorida\/wp-content\/uploads\/usu2269\/2025\/11\/IMG_1626_9_11zon-1536x1152.jpg 1536w, https:\/\/agora.xtec.cat\/llinfantslaflorida\/wp-content\/uploads\/usu2269\/2025\/11\/IMG_1626_9_11zon-2048x1536.jpg 2048w, https:\/\/agora.xtec.cat\/llinfantslaflorida\/wp-content\/uploads\/usu2269\/2025\/11\/IMG_1626_9_11zon-200x150.jpg 200w\" sizes=\"auto, (max-width: 739px) 100vw, 739px\" \/><\/a><\/p>\n<p>Les rutines del dia a dia \u2014alimentaci\u00f3, descans, higiene\u2014 s\u00f3n eixos fonamentals del nostre treball educatiu, ja que contribueixen al benestar f\u00edsic i emocional dels infants. Apostem per una educaci\u00f3 emocional que acompanya el desenvolupament maduratiu i afavoreix un vincle afectiu segur amb les educadores.<\/p>\n<p>Donem molta import\u00e0ncia a la relaci\u00f3 escola-fam\u00edlia. Oferim canals de comunicaci\u00f3 oberts i constants per compartir processos, observacions i aven\u00e7os dels infants. Aquest vincle contribueix a una comprensi\u00f3 m\u00fatua i a un acompanyament coherent.<\/p>\n<p>El nostre equip educatiu treballa de manera col\u00b7laborativa, fomenta la formaci\u00f3 cont\u00ednua i participa activament en processos d\u2019innovaci\u00f3. La reflexi\u00f3 pedag\u00f2gica i la sistematitzaci\u00f3 de les pr\u00e0ctiques s\u00f3n part essencial de la nostra tasca.<\/p>\n<p>A m\u00e9s, vetllem per una educaci\u00f3 igualit\u00e0ria, lliure d\u2019estereotips de g\u00e8nere. Creiem en una escola que construeix des del respecte, la diversitat i la igualtat d\u2019oportunitats per a tothom.<\/p>\n<p><a href=\"https:\/\/agora.xtec.cat\/llinfantslaflorida\/metodologia\/attachment\/img_1661_13_11zon\/\" rel=\"attachment wp-att-1659\"><img loading=\"lazy\" decoding=\"async\" class=\" wp-image-1659 aligncenter\" src=\"https:\/\/agora.xtec.cat\/llinfantslaflorida\/wp-content\/uploads\/usu2269\/2025\/11\/IMG_1661_13_11zon-768x1024.jpg\" alt=\"\" width=\"586\" height=\"781\" srcset=\"https:\/\/agora.xtec.cat\/llinfantslaflorida\/wp-content\/uploads\/usu2269\/2025\/11\/IMG_1661_13_11zon-768x1024.jpg 768w, https:\/\/agora.xtec.cat\/llinfantslaflorida\/wp-content\/uploads\/usu2269\/2025\/11\/IMG_1661_13_11zon-225x300.jpg 225w, https:\/\/agora.xtec.cat\/llinfantslaflorida\/wp-content\/uploads\/usu2269\/2025\/11\/IMG_1661_13_11zon-1152x1536.jpg 1152w, https:\/\/agora.xtec.cat\/llinfantslaflorida\/wp-content\/uploads\/usu2269\/2025\/11\/IMG_1661_13_11zon-1536x2048.jpg 1536w, https:\/\/agora.xtec.cat\/llinfantslaflorida\/wp-content\/uploads\/usu2269\/2025\/11\/IMG_1661_13_11zon-scaled.jpg 1920w\" sizes=\"auto, (max-width: 586px) 100vw, 586px\" \/><\/a><\/p>\n","protected":false},"excerpt":{"rendered":"<p>A la nostra escola, entenem l\u2019educaci\u00f3 com un proc\u00e9s integral i globalitzador, on l\u2019infant \u00e9s el protagonista actiu del seu propi aprenentatge. Afavorim un desenvolupament harm\u00f2nic dels diferents aspectes de la seva personalitat: cognitiu, emocional, social, psicomotriu i comunicatiu. Treballem a partir de l\u2019observaci\u00f3, la descoberta, l\u2019experimentaci\u00f3 i el joc, tot fomentant la curiositat natural [&hellip;]<\/p>\n","protected":false},"author":1,"featured_media":0,"parent":0,"menu_order":0,"comment_status":"closed","ping_status":"closed","template":"","meta":{"_bbp_topic_count":0,"_bbp_reply_count":0,"_bbp_total_topic_count":0,"_bbp_total_reply_count":0,"_bbp_voice_count":0,"_bbp_anonymous_reply_count":0,"_bbp_topic_count_hidden":0,"_bbp_reply_count_hidden":0,"_bbp_forum_subforum_count":0,"site-sidebar-layout":"default","site-content-layout":"","ast-site-content-layout":"","site-content-style":"default","site-sidebar-style":"default","ast-global-header-display":"","ast-banner-title-visibility":"","ast-main-header-display":"","ast-hfb-above-header-display":"","ast-hfb-below-header-display":"","ast-hfb-mobile-header-display":"","site-post-title":"","ast-breadcrumbs-content":"","ast-featured-img":"","footer-sml-layout":"","theme-transparent-header-meta":"","adv-header-id-meta":"","stick-header-meta":"","header-above-stick-meta":"","header-main-stick-meta":"","header-below-stick-meta":"","astra-migrate-meta-layouts":"default","ast-page-background-enabled":"default","ast-page-background-meta":{"desktop":{"background-color":"var(--ast-global-color-4)","background-image":"","background-repeat":"repeat","background-position":"center center","background-size":"auto","background-attachment":"scroll","background-type":"","background-media":"","overlay-type":"","overlay-color":"","overlay-opacity":"","overlay-gradient":""},"tablet":{"background-color":"","background-image":"","background-repeat":"repeat","background-position":"center center","background-size":"auto","background-attachment":"scroll","background-type":"","background-media":"","overlay-type":"","overlay-color":"","overlay-opacity":"","overlay-gradient":""},"mobile":{"background-color":"","background-image":"","background-repeat":"repeat","background-position":"center center","background-size":"auto","background-attachment":"scroll","background-type":"","background-media":"","overlay-type":"","overlay-color":"","overlay-opacity":"","overlay-gradient":""}},"ast-content-background-meta":{"desktop":{"background-color":"var(--ast-global-color-5)","background-image":"","background-repeat":"repeat","background-position":"center center","background-size":"auto","background-attachment":"scroll","background-type":"","background-media":"","overlay-type":"","overlay-color":"","overlay-opacity":"","overlay-gradient":""},"tablet":{"background-color":"var(--ast-global-color-5)","background-image":"","background-repeat":"repeat","background-position":"center center","background-size":"auto","background-attachment":"scroll","background-type":"","background-media":"","overlay-type":"","overlay-color":"","overlay-opacity":"","overlay-gradient":""},"mobile":{"background-color":"var(--ast-global-color-5)","background-image":"","background-repeat":"repeat","background-position":"center center","background-size":"auto","background-attachment":"scroll","background-type":"","background-media":"","overlay-type":"","overlay-color":"","overlay-opacity":"","overlay-gradient":""}},"footnotes":""},"class_list":["post-1586","page","type-page","status-publish","hentry"],"post_mailing_queue_ids":[],"_links":{"self":[{"href":"https:\/\/agora.xtec.cat\/llinfantslaflorida\/wp-json\/wp\/v2\/pages\/1586","targetHints":{"allow":["GET"]}}],"collection":[{"href":"https:\/\/agora.xtec.cat\/llinfantslaflorida\/wp-json\/wp\/v2\/pages"}],"about":[{"href":"https:\/\/agora.xtec.cat\/llinfantslaflorida\/wp-json\/wp\/v2\/types\/page"}],"author":[{"embeddable":true,"href":"https:\/\/agora.xtec.cat\/llinfantslaflorida\/wp-json\/wp\/v2\/users\/1"}],"replies":[{"embeddable":true,"href":"https:\/\/agora.xtec.cat\/llinfantslaflorida\/wp-json\/wp\/v2\/comments?post=1586"}],"version-history":[{"count":6,"href":"https:\/\/agora.xtec.cat\/llinfantslaflorida\/wp-json\/wp\/v2\/pages\/1586\/revisions"}],"predecessor-version":[{"id":1739,"href":"https:\/\/agora.xtec.cat\/llinfantslaflorida\/wp-json\/wp\/v2\/pages\/1586\/revisions\/1739"}],"wp:attachment":[{"href":"https:\/\/agora.xtec.cat\/llinfantslaflorida\/wp-json\/wp\/v2\/media?parent=1586"}],"curies":[{"name":"wp","href":"https:\/\/api.w.org\/{rel}","templated":true}]}}

<p>A la nostra escola, entenem l’educació com un procés integral i globalitzador, on l’infant és el protagonista actiu del seu propi aprenentatge. Afavorim un desenvolupament harmònic dels diferents aspectes de la seva personalitat: cognitiu, emocional, social, psicomotriu i comunicatiu.</p>
<p><a href="https://agora.xtec.cat/llinfantslaflorida/metodologia/attachment/img_1153_11zon-3/" rel="attachment wp-att-1552"><img loading="lazy" decoding="async" class="wp-image-1552 aligncenter" src="https://agora.xtec.cat/llinfantslaflorida/wp-content/uploads/usu2269/2025/10/IMG_1153_11zon-2-1024x769.jpg" alt="" width="704" height="529" srcset="https://agora.xtec.cat/llinfantslaflorida/wp-content/uploads/usu2269/2025/10/IMG_1153_11zon-2-1024x769.jpg 1024w, https://agora.xtec.cat/llinfantslaflorida/wp-content/uploads/usu2269/2025/10/IMG_1153_11zon-2-300x225.jpg 300w, https://agora.xtec.cat/llinfantslaflorida/wp-content/uploads/usu2269/2025/10/IMG_1153_11zon-2-768x577.jpg 768w, https://agora.xtec.cat/llinfantslaflorida/wp-content/uploads/usu2269/2025/10/IMG_1153_11zon-2-1536x1153.jpg 1536w, https://agora.xtec.cat/llinfantslaflorida/wp-content/uploads/usu2269/2025/10/IMG_1153_11zon-2-2048x1537.jpg 2048w, https://agora.xtec.cat/llinfantslaflorida/wp-content/uploads/usu2269/2025/10/IMG_1153_11zon-2-200x150.jpg 200w" sizes="auto, (max-width: 704px) 100vw, 704px" /></a></p>
<p>Treballem a partir de l’observació, la descoberta, l’experimentació i el joc, tot fomentant la curiositat natural dels nens i nenes. L’organització dels espais i dels materials respon a les seves necessitats i interessos, promovent l’autonomia, la interacció i el respecte al ritme evolutiu de cadascú.</p>
<p><a href="https://agora.xtec.cat/llinfantslaflorida/eixos-educatius/attachment/img_1626_9_11zon/" rel="attachment wp-att-1656"><img loading="lazy" decoding="async" class="wp-image-1656 aligncenter" src="https://agora.xtec.cat/llinfantslaflorida/wp-content/uploads/usu2269/2025/11/IMG_1626_9_11zon-1024x768.jpg" alt="" width="739" height="554" srcset="https://agora.xtec.cat/llinfantslaflorida/wp-content/uploads/usu2269/2025/11/IMG_1626_9_11zon-1024x768.jpg 1024w, https://agora.xtec.cat/llinfantslaflorida/wp-content/uploads/usu2269/2025/11/IMG_1626_9_11zon-300x225.jpg 300w, https://agora.xtec.cat/llinfantslaflorida/wp-content/uploads/usu2269/2025/11/IMG_1626_9_11zon-768x576.jpg 768w, https://agora.xtec.cat/llinfantslaflorida/wp-content/uploads/usu2269/2025/11/IMG_1626_9_11zon-1536x1152.jpg 1536w, https://agora.xtec.cat/llinfantslaflorida/wp-content/uploads/usu2269/2025/11/IMG_1626_9_11zon-2048x1536.jpg 2048w, https://agora.xtec.cat/llinfantslaflorida/wp-content/uploads/usu2269/2025/11/IMG_1626_9_11zon-200x150.jpg 200w" sizes="auto, (max-width: 739px) 100vw, 739px" /></a></p>
<p>Les rutines del dia a dia —alimentació, descans, higiene— són eixos fonamentals del nostre treball educatiu, ja que contribueixen al benestar físic i emocional dels infants. Apostem per una educació emocional que acompanya el desenvolupament maduratiu i afavoreix un vincle afectiu segur amb les educadores.</p>
<p>Donem molta importància a la relació escola-família. Oferim canals de comunicació oberts i constants per compartir processos, observacions i avenços dels infants. Aquest vincle contribueix a una comprensió mútua i a un acompanyament coherent.</p>
<p>El nostre equip educatiu treballa de manera col·laborativa, fomenta la formació contínua i participa activament en processos d’innovació. La reflexió pedagògica i la sistematització de les pràctiques són part essencial de la nostra tasca.</p>
<p>A més, vetllem per una educació igualitària, lliure d’estereotips de gènere. Creiem en una escola que construeix des del respecte, la diversitat i la igualtat d’oportunitats per a tothom.</p>
<p><a href="https://agora.xtec.cat/llinfantslaflorida/metodologia/attachment/img_1661_13_11zon/" rel="attachment wp-att-1659"><img loading="lazy" decoding="async" class=" wp-image-1659 aligncenter" src="https://agora.xtec.cat/llinfantslaflorida/wp-content/uploads/usu2269/2025/11/IMG_1661_13_11zon-768x1024.jpg" alt="" width="586" height="781" srcset="https://agora.xtec.cat/llinfantslaflorida/wp-content/uploads/usu2269/2025/11/IMG_1661_13_11zon-768x1024.jpg 768w, https://agora.xtec.cat/llinfantslaflorida/wp-content/uploads/usu2269/2025/11/IMG_1661_13_11zon-225x300.jpg 225w, https://agora.xtec.cat/llinfantslaflorida/wp-content/uploads/usu2269/2025/11/IMG_1661_13_11zon-1152x1536.jpg 1152w, https://agora.xtec.cat/llinfantslaflorida/wp-content/uploads/usu2269/2025/11/IMG_1661_13_11zon-1536x2048.jpg 1536w, https://agora.xtec.cat/llinfantslaflorida/wp-content/uploads/usu2269/2025/11/IMG_1661_13_11zon-scaled.jpg 1920w" sizes="auto, (max-width: 586px) 100vw, 586px" /></a></p>

<p>A la nostra escola, entenem l’educació com un procés integral i globalitzador, on l’infant és el protagonista actiu del seu propi aprenentatge. Afavorim un desenvolupament harmònic dels diferents aspectes de la seva personalitat: cognitiu, emocional, social, psicomotriu i comunicatiu. Treballem a partir de l’observació, la descoberta, l’experimentació i el joc, tot fomentant la curiositat natural [&hellip;]</p>
