{"id":1541,"date":"2025-10-21T20:20:30","date_gmt":"2025-10-21T18:20:30","guid":{"rendered":"https:\/\/agora.xtec.cat\/llinfantslaflorida\/?page_id=1541"},"modified":"2026-03-14T13:41:43","modified_gmt":"2026-03-14T12:41:43","slug":"joc-lliure","status":"publish","type":"page","link":"https:\/\/agora.xtec.cat\/llinfantslaflorida\/joc-lliure\/","title":{"rendered":"Joc lliure"},"content":{"rendered":"<p>A la nostra llar d&#8217;infants, el <b>joc lliure<\/b> \u00e9s la pe\u00e7a central de l&#8217;aprenentatge. Entenem que el joc no \u00e9s nom\u00e9s un passatemps, sin\u00f3 el <b>llenguatge natural<\/b> dels infants per a explorar el m\u00f3n i construir el seu propi coneixement.<\/p>\n<p>El joc lliure sorgeix de la <b>iniciativa pr\u00f2pia<\/b> de l&#8217;infant, sense instruccions ni objectius imposats per l&#8217;adult. Aquest temps no estructurat \u00e9s absolutament <b>fonamental<\/b> per al seu desenvolupament integral.<\/p>\n<p>&nbsp;<\/p>\n<p>Aquesta modalitat de joc potencia m\u00faltiples \u00e0rees:<\/p>\n<ul>\n<li><b>Creativitat i Resoluci\u00f3 de Problemes:<\/b> Els infants imaginen, experimenten i troben solucions als desafiaments que es plantegen en el seu joc.<\/li>\n<\/ul>\n<p>&nbsp;<\/p>\n<ul>\n<li><b>Habilitats Socials i Emocionals:<\/b> Aprenen a negociar, a compartir, a gestionar frustracions i a practicar l&#8217;empatia en interaccions espont\u00e0nies amb els companys.<\/li>\n<\/ul>\n<p>&nbsp;<\/p>\n<ul>\n<li><b>Autonomia i Autoconeixement:<\/b> En triar les seves pr\u00f2pies activitats, reforcen l&#8217;autoestima, la capacitat de decidir i prenen consci\u00e8ncia de les seves habilitats.<\/li>\n<\/ul>\n<p>&nbsp;<\/p>\n<ul>\n<li><b>Desenvolupament Motriu:<\/b> Milloren la coordinaci\u00f3 i el control corporal mitjan\u00e7ant la manipulaci\u00f3 de materials i el moviment lliure.Garantim un ambient segur i respectu\u00f3s perqu\u00e8 cada infant pugui <b style=\"font-family: inherit; font-size: 1em;\">cr\u00e9ixer de manera feli\u00e7 i aut\u00e8ntica<\/b><span style=\"font-family: inherit; font-size: 1em;\"> a trav\u00e9s del poder transformador del joc lliure.<\/span><\/li>\n<\/ul>\n<p>&nbsp;<\/p>\n","protected":false},"excerpt":{"rendered":"<p>A la nostra llar d&#8217;infants, el joc lliure \u00e9s la pe\u00e7a central de l&#8217;aprenentatge. Entenem que el joc no \u00e9s nom\u00e9s un passatemps, sin\u00f3 el llenguatge natural dels infants per a explorar el m\u00f3n i construir el seu propi coneixement. El joc lliure sorgeix de la iniciativa pr\u00f2pia de l&#8217;infant, sense instruccions ni objectius imposats [&hellip;]<\/p>\n","protected":false},"author":1,"featured_media":0,"parent":0,"menu_order":0,"comment_status":"closed","ping_status":"closed","template":"","meta":{"_bbp_topic_count":0,"_bbp_reply_count":0,"_bbp_total_topic_count":0,"_bbp_total_reply_count":0,"_bbp_voice_count":0,"_bbp_anonymous_reply_count":0,"_bbp_topic_count_hidden":0,"_bbp_reply_count_hidden":0,"_bbp_forum_subforum_count":0,"site-sidebar-layout":"default","site-content-layout":"","ast-site-content-layout":"default","site-content-style":"default","site-sidebar-style":"default","ast-global-header-display":"","ast-banner-title-visibility":"","ast-main-header-display":"","ast-hfb-above-header-display":"","ast-hfb-below-header-display":"","ast-hfb-mobile-header-display":"","site-post-title":"","ast-breadcrumbs-content":"","ast-featured-img":"","footer-sml-layout":"","theme-transparent-header-meta":"default","adv-header-id-meta":"","stick-header-meta":"","header-above-stick-meta":"","header-main-stick-meta":"","header-below-stick-meta":"","astra-migrate-meta-layouts":"set","ast-page-background-enabled":"default","ast-page-background-meta":{"desktop":{"background-color":"var(--ast-global-color-4)","background-image":"","background-repeat":"repeat","background-position":"center center","background-size":"auto","background-attachment":"scroll","background-type":"","background-media":"","overlay-type":"","overlay-color":"","overlay-opacity":"","overlay-gradient":""},"tablet":{"background-color":"","background-image":"","background-repeat":"repeat","background-position":"center center","background-size":"auto","background-attachment":"scroll","background-type":"","background-media":"","overlay-type":"","overlay-color":"","overlay-opacity":"","overlay-gradient":""},"mobile":{"background-color":"","background-image":"","background-repeat":"repeat","background-position":"center center","background-size":"auto","background-attachment":"scroll","background-type":"","background-media":"","overlay-type":"","overlay-color":"","overlay-opacity":"","overlay-gradient":""}},"ast-content-background-meta":{"desktop":{"background-color":"var(--ast-global-color-5)","background-image":"","background-repeat":"repeat","background-position":"center center","background-size":"auto","background-attachment":"scroll","background-type":"","background-media":"","overlay-type":"","overlay-color":"","overlay-opacity":"","overlay-gradient":""},"tablet":{"background-color":"var(--ast-global-color-5)","background-image":"","background-repeat":"repeat","background-position":"center center","background-size":"auto","background-attachment":"scroll","background-type":"","background-media":"","overlay-type":"","overlay-color":"","overlay-opacity":"","overlay-gradient":""},"mobile":{"background-color":"var(--ast-global-color-5)","background-image":"","background-repeat":"repeat","background-position":"center center","background-size":"auto","background-attachment":"scroll","background-type":"","background-media":"","overlay-type":"","overlay-color":"","overlay-opacity":"","overlay-gradient":""}},"footnotes":""},"class_list":["post-1541","page","type-page","status-publish","hentry"],"post_mailing_queue_ids":[],"_links":{"self":[{"href":"https:\/\/agora.xtec.cat\/llinfantslaflorida\/wp-json\/wp\/v2\/pages\/1541","targetHints":{"allow":["GET"]}}],"collection":[{"href":"https:\/\/agora.xtec.cat\/llinfantslaflorida\/wp-json\/wp\/v2\/pages"}],"about":[{"href":"https:\/\/agora.xtec.cat\/llinfantslaflorida\/wp-json\/wp\/v2\/types\/page"}],"author":[{"embeddable":true,"href":"https:\/\/agora.xtec.cat\/llinfantslaflorida\/wp-json\/wp\/v2\/users\/1"}],"replies":[{"embeddable":true,"href":"https:\/\/agora.xtec.cat\/llinfantslaflorida\/wp-json\/wp\/v2\/comments?post=1541"}],"version-history":[{"count":6,"href":"https:\/\/agora.xtec.cat\/llinfantslaflorida\/wp-json\/wp\/v2\/pages\/1541\/revisions"}],"predecessor-version":[{"id":2056,"href":"https:\/\/agora.xtec.cat\/llinfantslaflorida\/wp-json\/wp\/v2\/pages\/1541\/revisions\/2056"}],"wp:attachment":[{"href":"https:\/\/agora.xtec.cat\/llinfantslaflorida\/wp-json\/wp\/v2\/media?parent=1541"}],"curies":[{"name":"wp","href":"https:\/\/api.w.org\/{rel}","templated":true}]}}