{"id":600,"date":"2021-03-01T22:49:38","date_gmt":"2021-03-01T21:49:38","guid":{"rendered":"https:\/\/agora.xtec.cat\/llarmarededeudenuriaripoll\/?page_id=600"},"modified":"2021-05-03T15:56:08","modified_gmt":"2021-05-03T13:56:08","slug":"musica","status":"publish","type":"page","link":"https:\/\/agora.xtec.cat\/llarmarededeudenuriaripoll\/espais-comuns\/musica\/","title":{"rendered":"M\u00fasica"},"content":{"rendered":"<table style=\"height: 270px;\" width=\"970\">\n<tbody>\n<tr>\n<td style=\"width: 482.222px;\"><a href=\"https:\/\/agora.xtec.cat\/llarmarededeudenuriaripoll\/wp-content\/uploads\/usu2408\/2021\/03\/1-3.jpg\"><img loading=\"lazy\" decoding=\"async\" class=\"wp-image-975 aligncenter\" src=\"https:\/\/agora.xtec.cat\/llarmarededeudenuriaripoll\/wp-content\/uploads\/usu2408\/2021\/03\/1-3.jpg\" alt=\"\" width=\"340\" height=\"255\" srcset=\"https:\/\/agora.xtec.cat\/llarmarededeudenuriaripoll\/wp-content\/uploads\/usu2408\/2021\/03\/1-3.jpg 500w, https:\/\/agora.xtec.cat\/llarmarededeudenuriaripoll\/wp-content\/uploads\/usu2408\/2021\/03\/1-3-300x225.jpg 300w, https:\/\/agora.xtec.cat\/llarmarededeudenuriaripoll\/wp-content\/uploads\/usu2408\/2021\/03\/1-3-200x150.jpg 200w\" sizes=\"auto, (max-width: 340px) 100vw, 340px\" \/><\/a><\/td>\n<td style=\"width: 482.222px;\"><a href=\"https:\/\/agora.xtec.cat\/llarmarededeudenuriaripoll\/wp-content\/uploads\/usu2408\/2021\/03\/3-3.jpg\"><img loading=\"lazy\" decoding=\"async\" class=\"wp-image-977 aligncenter\" src=\"https:\/\/agora.xtec.cat\/llarmarededeudenuriaripoll\/wp-content\/uploads\/usu2408\/2021\/03\/3-3.jpg\" alt=\"\" width=\"340\" height=\"245\" srcset=\"https:\/\/agora.xtec.cat\/llarmarededeudenuriaripoll\/wp-content\/uploads\/usu2408\/2021\/03\/3-3.jpg 500w, https:\/\/agora.xtec.cat\/llarmarededeudenuriaripoll\/wp-content\/uploads\/usu2408\/2021\/03\/3-3-300x216.jpg 300w\" sizes=\"auto, (max-width: 340px) 100vw, 340px\" \/><\/a><\/td>\n<\/tr>\n<\/tbody>\n<\/table>\n<h2 class=\"CjVfdc\" style=\"text-align: center;\"><strong>La m\u00fasica no nom\u00e9s ens arriba a trav\u00e9s de l&#8217;o\u00efda sin\u00f3 que la sentim amb tot el cos.<\/strong><\/h2>\n<table style=\"height: 271px;\" width=\"970\">\n<tbody>\n<tr>\n<td style=\"width: 481.111px;\"><a href=\"https:\/\/agora.xtec.cat\/llarmarededeudenuriaripoll\/wp-content\/uploads\/usu2408\/2021\/03\/5-2.jpg\"><img loading=\"lazy\" decoding=\"async\" class=\"wp-image-978 aligncenter\" src=\"https:\/\/agora.xtec.cat\/llarmarededeudenuriaripoll\/wp-content\/uploads\/usu2408\/2021\/03\/5-2.jpg\" alt=\"\" width=\"340\" height=\"256\" srcset=\"https:\/\/agora.xtec.cat\/llarmarededeudenuriaripoll\/wp-content\/uploads\/usu2408\/2021\/03\/5-2.jpg 500w, https:\/\/agora.xtec.cat\/llarmarededeudenuriaripoll\/wp-content\/uploads\/usu2408\/2021\/03\/5-2-300x225.jpg 300w, https:\/\/agora.xtec.cat\/llarmarededeudenuriaripoll\/wp-content\/uploads\/usu2408\/2021\/03\/5-2-200x150.jpg 200w\" sizes=\"auto, (max-width: 340px) 100vw, 340px\" \/><\/a><\/td>\n<td style=\"width: 483.333px;\"><a href=\"https:\/\/agora.xtec.cat\/llarmarededeudenuriaripoll\/wp-content\/uploads\/usu2408\/2021\/03\/77.png\"><img loading=\"lazy\" decoding=\"async\" class=\"wp-image-1084 aligncenter\" src=\"https:\/\/agora.xtec.cat\/llarmarededeudenuriaripoll\/wp-content\/uploads\/usu2408\/2021\/03\/77.png\" alt=\"\" width=\"340\" height=\"255\" srcset=\"https:\/\/agora.xtec.cat\/llarmarededeudenuriaripoll\/wp-content\/uploads\/usu2408\/2021\/03\/77.png 461w, https:\/\/agora.xtec.cat\/llarmarededeudenuriaripoll\/wp-content\/uploads\/usu2408\/2021\/03\/77-300x225.png 300w, https:\/\/agora.xtec.cat\/llarmarededeudenuriaripoll\/wp-content\/uploads\/usu2408\/2021\/03\/77-200x150.png 200w\" sizes=\"auto, (max-width: 340px) 100vw, 340px\" \/><\/a><\/td>\n<\/tr>\n<\/tbody>\n<\/table>\n<p>&nbsp;<\/p>\n","protected":false},"excerpt":{"rendered":"<p><a href=\"https:\/\/agora.xtec.cat\/llarmarededeudenuriaripoll\/wp-content\/uploads\/usu2408\/2021\/03\/1-3.jpg\"><\/a><br \/>\n<a href=\"https:\/\/agora.xtec.cat\/llarmarededeudenuriaripoll\/wp-content\/uploads\/usu2408\/2021\/03\/3-3.jpg\"><\/a><\/p>\n<p>La m\u00fasica no nom\u00e9s ens arriba a trav\u00e9s de l&#8217;o\u00efda sin\u00f3 que la sentim amb tot el cos.<\/p>\n<p><a href=\"https:\/\/agora.xtec.cat\/llarmarededeudenuriaripoll\/wp-content\/uploads\/usu2408\/2021\/03\/5-2.jpg\"><\/a><br \/>\n<a href=\"https:\/\/agora.xtec.cat\/llarmarededeudenuriaripoll\/wp-content\/uploads\/usu2408\/2021\/03\/77.png\"><\/a><\/p>\n<p>&nbsp;<\/p>\n","protected":false},"author":1,"featured_media":0,"parent":619,"menu_order":13,"comment_status":"closed","ping_status":"closed","template":"page-templates\/side-menu.php","meta":{"_bbp_topic_count":0,"_bbp_reply_count":0,"_bbp_total_topic_count":0,"_bbp_total_reply_count":0,"_bbp_voice_count":0,"_bbp_anonymous_reply_count":0,"_bbp_topic_count_hidden":0,"_bbp_reply_count_hidden":0,"_bbp_forum_subforum_count":0,"footnotes":""},"class_list":["post-600","page","type-page","status-publish","hentry"],"post_mailing_queue_ids":[],"_links":{"self":[{"href":"https:\/\/agora.xtec.cat\/llarmarededeudenuriaripoll\/wp-json\/wp\/v2\/pages\/600","targetHints":{"allow":["GET"]}}],"collection":[{"href":"https:\/\/agora.xtec.cat\/llarmarededeudenuriaripoll\/wp-json\/wp\/v2\/pages"}],"about":[{"href":"https:\/\/agora.xtec.cat\/llarmarededeudenuriaripoll\/wp-json\/wp\/v2\/types\/page"}],"author":[{"embeddable":true,"href":"https:\/\/agora.xtec.cat\/llarmarededeudenuriaripoll\/wp-json\/wp\/v2\/users\/1"}],"replies":[{"embeddable":true,"href":"https:\/\/agora.xtec.cat\/llarmarededeudenuriaripoll\/wp-json\/wp\/v2\/comments?post=600"}],"version-history":[{"count":3,"href":"https:\/\/agora.xtec.cat\/llarmarededeudenuriaripoll\/wp-json\/wp\/v2\/pages\/600\/revisions"}],"predecessor-version":[{"id":1085,"href":"https:\/\/agora.xtec.cat\/llarmarededeudenuriaripoll\/wp-json\/wp\/v2\/pages\/600\/revisions\/1085"}],"up":[{"embeddable":true,"href":"https:\/\/agora.xtec.cat\/llarmarededeudenuriaripoll\/wp-json\/wp\/v2\/pages\/619"}],"wp:attachment":[{"href":"https:\/\/agora.xtec.cat\/llarmarededeudenuriaripoll\/wp-json\/wp\/v2\/media?parent=600"}],"curies":[{"name":"wp","href":"https:\/\/api.w.org\/{rel}","templated":true}]}}