{"id":87,"date":"2014-09-18T14:28:12","date_gmt":"2014-09-18T12:28:12","guid":{"rendered":"http:\/\/agora.xtec.cat\/llaresquitxsallent\/?page_id=87"},"modified":"2025-05-27T22:53:30","modified_gmt":"2025-05-27T20:53:30","slug":"objectius-del-curs","status":"publish","type":"page","link":"https:\/\/agora.xtec.cat\/llaresquitxsallent\/lescola-2\/objectius-del-curs\/","title":{"rendered":"Relaci\u00f3 fam\u00edlia-escola"},"content":{"rendered":"<p style=\"text-align: justify;\">Partint que l\u2019infant quan ve a la llar d\u2019infants ja porta el seu bagatge personal, la llar necessita con\u00e8ixer-lo per ajudar-lo a integrar-se a una situaci\u00f3 col\u00b7lectiva m\u00e9s \u00e0mplia.<\/p>\n<p style=\"text-align: justify;\">Amb una adequada coordinaci\u00f3 i participaci\u00f3 fam\u00edlia-escola, farem que l\u2019infant gaudeixi de la seguretat i estabilitat afectiva necess\u00e0ries per a un bon creixement com a persona.<\/p>\n<p style=\"text-align: justify;\"><strong>Com ens relacionem<\/strong>:<\/p>\n<ul>\n<li style=\"text-align: justify;\">En comen\u00e7ar el curs fem una <span style=\"text-decoration: underline;\">reuni\u00f3 informativa<\/span>\u00a0i una <span style=\"text-decoration: underline;\">entrevista individual<\/span> amb l\u2019educador\/a per a con\u00e8ixer m\u00e9s b\u00e9 a l&#8217;infant i, facilitar aix\u00ed la seva estada a la llar.<\/li>\n<li style=\"text-align: justify;\">Donem <span style=\"text-decoration: underline;\">un informe del per\u00edode de familiaritzaci\u00f3 \/ acollida,<\/span> una vegada ha acabat<\/li>\n<li>Durant el curs, a les entrades i sortides, fem intercanvi d&#8217;informaci\u00f3 del dia a la llar<\/li>\n<li style=\"text-align: justify;\">Al segon trimestre, fem una <span style=\"text-decoration: underline;\">entrevista personal<\/span> amb cada fam\u00edlia, per parlar de l&#8217;evoluci\u00f3 i l&#8217;estada a la llar de l&#8217;infant<\/li>\n<li style=\"text-align: justify;\">Donem <span style=\"text-decoration: underline;\">fulls informatius i articles<\/span> de temes relacionats amb l\u2019educaci\u00f3 dels vostres fills\/es, adaptats a l&#8217;edat i les necessitats<\/li>\n<li style=\"text-align: justify;\">A final de curs, es dona un <span style=\"text-decoration: underline;\">informe final,<\/span> per a compartir l&#8217;estada a la llar i, l&#8217;evoluci\u00f3 i el desenvolupament de l&#8217;infant.<\/li>\n<li style=\"text-align: justify;\">A m\u00e9s, si \u00e9s necessari, tamb\u00e9 es pot concertar entrevistes amb l\u2019educador\/a, sempre que ell\/a o vosaltres ho cregueu oport\u00fa.<\/li>\n<\/ul>\n","protected":false},"excerpt":{"rendered":"<p>Partint que l\u2019infant quan ve a la llar d\u2019infants ja porta el seu bagatge personal, la llar necessita con\u00e8ixer-lo per ajudar-lo a integrar-se a una situaci\u00f3 col\u00b7lectiva m\u00e9s \u00e0mplia. Amb una adequada coordinaci\u00f3 i participaci\u00f3 fam\u00edlia-escola, farem que l\u2019infant gaudeixi de la seguretat i estabilitat afectiva necess\u00e0ries per a un bon creixement com a persona. [&hellip;]<\/p>\n","protected":false},"author":1,"featured_media":0,"parent":22,"menu_order":15,"comment_status":"closed","ping_status":"closed","template":"","meta":{"_bbp_topic_count":0,"_bbp_reply_count":0,"_bbp_total_topic_count":0,"_bbp_total_reply_count":0,"_bbp_voice_count":0,"_bbp_anonymous_reply_count":0,"_bbp_topic_count_hidden":0,"_bbp_reply_count_hidden":0,"_bbp_forum_subforum_count":0,"site-sidebar-layout":"default","site-content-layout":"","ast-site-content-layout":"","site-content-style":"default","site-sidebar-style":"default","ast-global-header-display":"","ast-banner-title-visibility":"","ast-main-header-display":"","ast-hfb-above-header-display":"","ast-hfb-below-header-display":"","ast-hfb-mobile-header-display":"","site-post-title":"","ast-breadcrumbs-content":"","ast-featured-img":"","footer-sml-layout":"","theme-transparent-header-meta":"","adv-header-id-meta":"","stick-header-meta":"","header-above-stick-meta":"","header-main-stick-meta":"","header-below-stick-meta":"","astra-migrate-meta-layouts":"default","ast-page-background-enabled":"default","ast-page-background-meta":{"desktop":{"background-color":"var(--ast-global-color-4)","background-image":"","background-repeat":"repeat","background-position":"center center","background-size":"auto","background-attachment":"scroll","background-type":"","background-media":"","overlay-type":"","overlay-color":"","overlay-opacity":"","overlay-gradient":""},"tablet":{"background-color":"","background-image":"","background-repeat":"repeat","background-position":"center center","background-size":"auto","background-attachment":"scroll","background-type":"","background-media":"","overlay-type":"","overlay-color":"","overlay-opacity":"","overlay-gradient":""},"mobile":{"background-color":"","background-image":"","background-repeat":"repeat","background-position":"center center","background-size":"auto","background-attachment":"scroll","background-type":"","background-media":"","overlay-type":"","overlay-color":"","overlay-opacity":"","overlay-gradient":""}},"ast-content-background-meta":{"desktop":{"background-color":"var(--ast-global-color-5)","background-image":"","background-repeat":"repeat","background-position":"center center","background-size":"auto","background-attachment":"scroll","background-type":"","background-media":"","overlay-type":"","overlay-color":"","overlay-opacity":"","overlay-gradient":""},"tablet":{"background-color":"var(--ast-global-color-5)","background-image":"","background-repeat":"repeat","background-position":"center center","background-size":"auto","background-attachment":"scroll","background-type":"","background-media":"","overlay-type":"","overlay-color":"","overlay-opacity":"","overlay-gradient":""},"mobile":{"background-color":"var(--ast-global-color-5)","background-image":"","background-repeat":"repeat","background-position":"center center","background-size":"auto","background-attachment":"scroll","background-type":"","background-media":"","overlay-type":"","overlay-color":"","overlay-opacity":"","overlay-gradient":""}},"footnotes":""},"class_list":["post-87","page","type-page","status-publish","hentry"],"post_mailing_queue_ids":[],"_links":{"self":[{"href":"https:\/\/agora.xtec.cat\/llaresquitxsallent\/wp-json\/wp\/v2\/pages\/87","targetHints":{"allow":["GET"]}}],"collection":[{"href":"https:\/\/agora.xtec.cat\/llaresquitxsallent\/wp-json\/wp\/v2\/pages"}],"about":[{"href":"https:\/\/agora.xtec.cat\/llaresquitxsallent\/wp-json\/wp\/v2\/types\/page"}],"author":[{"embeddable":true,"href":"https:\/\/agora.xtec.cat\/llaresquitxsallent\/wp-json\/wp\/v2\/users\/1"}],"replies":[{"embeddable":true,"href":"https:\/\/agora.xtec.cat\/llaresquitxsallent\/wp-json\/wp\/v2\/comments?post=87"}],"version-history":[{"count":6,"href":"https:\/\/agora.xtec.cat\/llaresquitxsallent\/wp-json\/wp\/v2\/pages\/87\/revisions"}],"predecessor-version":[{"id":2287,"href":"https:\/\/agora.xtec.cat\/llaresquitxsallent\/wp-json\/wp\/v2\/pages\/87\/revisions\/2287"}],"up":[{"embeddable":true,"href":"https:\/\/agora.xtec.cat\/llaresquitxsallent\/wp-json\/wp\/v2\/pages\/22"}],"wp:attachment":[{"href":"https:\/\/agora.xtec.cat\/llaresquitxsallent\/wp-json\/wp\/v2\/media?parent=87"}],"curies":[{"name":"wp","href":"https:\/\/api.w.org\/{rel}","templated":true}]}}

Relació família-escola

<p style="text-align: justify;">Partint que l’infant quan ve a la llar d’infants ja porta el seu bagatge personal, la llar necessita conèixer-lo per ajudar-lo a integrar-se a una situació col·lectiva més àmplia.</p>
<p style="text-align: justify;">Amb una adequada coordinació i participació família-escola, farem que l’infant gaudeixi de la seguretat i estabilitat afectiva necessàries per a un bon creixement com a persona.</p>
<p style="text-align: justify;"><strong>Com ens relacionem</strong>:</p>
<ul>
<li style="text-align: justify;">En començar el curs fem una <span style="text-decoration: underline;">reunió informativa</span> i una <span style="text-decoration: underline;">entrevista individual</span> amb l’educador/a per a conèixer més bé a l&#8217;infant i, facilitar així la seva estada a la llar.</li>
<li style="text-align: justify;">Donem <span style="text-decoration: underline;">un informe del període de familiarització / acollida,</span> una vegada ha acabat</li>
<li>Durant el curs, a les entrades i sortides, fem intercanvi d&#8217;informació del dia a la llar</li>
<li style="text-align: justify;">Al segon trimestre, fem una <span style="text-decoration: underline;">entrevista personal</span> amb cada família, per parlar de l&#8217;evolució i l&#8217;estada a la llar de l&#8217;infant</li>
<li style="text-align: justify;">Donem <span style="text-decoration: underline;">fulls informatius i articles</span> de temes relacionats amb l’educació dels vostres fills/es, adaptats a l&#8217;edat i les necessitats</li>
<li style="text-align: justify;">A final de curs, es dona un <span style="text-decoration: underline;">informe final,</span> per a compartir l&#8217;estada a la llar i, l&#8217;evolució i el desenvolupament de l&#8217;infant.</li>
<li style="text-align: justify;">A més, si és necessari, també es pot concertar entrevistes amb l’educador/a, sempre que ell/a o vosaltres ho cregueu oportú.</li>
</ul>

<p>Partint que l’infant quan ve a la llar d’infants ja porta el seu bagatge personal, la llar necessita conèixer-lo per ajudar-lo a integrar-se a una situació col·lectiva més àmplia. Amb una adequada coordinació i participació família-escola, farem que l’infant gaudeixi de la seguretat i estabilitat afectiva necessàries per a un bon creixement com a persona. [&hellip;]</p>
