{"id":548,"date":"2017-07-31T10:57:35","date_gmt":"2017-07-31T08:57:35","guid":{"rendered":"http:\/\/agora.xtec.cat\/llaresquitxsallent\/?page_id=548"},"modified":"2025-05-27T22:54:42","modified_gmt":"2025-05-27T20:54:42","slug":"horaris","status":"publish","type":"page","link":"https:\/\/agora.xtec.cat\/llaresquitxsallent\/lescola-2\/horaris\/","title":{"rendered":"Horaris"},"content":{"rendered":"<h5><img loading=\"lazy\" decoding=\"async\" class=\"aligncenter wp-image-2194\" src=\"https:\/\/agora.xtec.cat\/llaresquitxsallent\/wp-content\/uploads\/usu1065\/2024\/09\/Horari-Escolar-1024x627.png\" alt=\"\" width=\"609\" height=\"373\" srcset=\"https:\/\/agora.xtec.cat\/llaresquitxsallent\/wp-content\/uploads\/usu1065\/2024\/09\/Horari-Escolar-1024x627.png 1024w, https:\/\/agora.xtec.cat\/llaresquitxsallent\/wp-content\/uploads\/usu1065\/2024\/09\/Horari-Escolar-300x184.png 300w, https:\/\/agora.xtec.cat\/llaresquitxsallent\/wp-content\/uploads\/usu1065\/2024\/09\/Horari-Escolar-768x471.png 768w, https:\/\/agora.xtec.cat\/llaresquitxsallent\/wp-content\/uploads\/usu1065\/2024\/09\/Horari-Escolar.png 1384w\" sizes=\"auto, (max-width: 609px) 100vw, 609px\" \/><\/h5>\n<p>&nbsp;<\/p>\n<p><strong>\u2b50<\/strong>\u00a0<strong>L&#8217;hora d&#8217;acollida del migdia de 12 h a 13 h \u00e9s gratu\u00efta.<\/strong><\/p>\n<p><strong>Per entrar m\u00e9s tard, caldr\u00e0 que aviseu pr\u00e8viament o que ho justifiqueu degudament.<\/strong><\/p>\n<p><span style=\"text-decoration: underline;\"><em>Demanem puntualitat.<\/em><\/span><\/p>\n<ul>\n<li><strong>Hi ha establert un horari especial pels infants\u00a0m\u00e9s petits d\u2019un any.<\/strong><\/li>\n<li style=\"text-align: justify;\">L\u2019horari del <strong><span style=\"text-decoration: underline;\">per\u00edode de familiaritzaci\u00f3 \/ acollida<\/span><\/strong>, el determinar\u00e0 la Llar d\u2019infants, tenint una durada m\u00e0xima d\u2019un mes i s\u2019ha de flexibilitzar segons el grau d\u2019adaptaci\u00f3 del nen\/a a la llar.<\/li>\n<li style=\"text-align: justify;\">A l\u2019hora de sortir, els infants <strong><span style=\"text-decoration: underline;\">NO s\u2019entregaran<\/span><\/strong> a cap persona desconeguda.<\/li>\n<li style=\"text-align: justify;\">Si en algun moment ha de venir una persona de les que no s\u00f3n habituals, es demana que ens avisin amb antelaci\u00f3.<\/li>\n<li style=\"text-align: justify;\">Si ve un menor de 16 anys a buscar el nen\/a, haur\u00e0 de portar una autoritzaci\u00f3 dels pares.<\/li>\n<li style=\"text-align: justify;\"><strong><em>No ha de quedar la\u00a0<\/em><\/strong><em><strong>porta de l\u2019entrada oberta!<\/strong>\u00a0\u00c9s imprescindible\u00a0<\/em><em>que sempre que sortiu demaneu alg\u00fa de l\u2019escola que tanqui la porta\u00a0<\/em><em>amb clau, com a mesura de seguretat pels vostres fills\/es.<\/em><\/li>\n<\/ul>\n","protected":false},"excerpt":{"rendered":"<p>&nbsp; \u2b50\u00a0L&#8217;hora d&#8217;acollida del migdia de 12 h a 13 h \u00e9s gratu\u00efta. Per entrar m\u00e9s tard, caldr\u00e0 que aviseu pr\u00e8viament o que ho justifiqueu degudament. Demanem puntualitat. Hi ha establert un horari especial pels infants\u00a0m\u00e9s petits d\u2019un any. L\u2019horari del per\u00edode de familiaritzaci\u00f3 \/ acollida, el determinar\u00e0 la Llar d\u2019infants, tenint una durada m\u00e0xima [&hellip;]<\/p>\n","protected":false},"author":1,"featured_media":0,"parent":22,"menu_order":35,"comment_status":"closed","ping_status":"closed","template":"","meta":{"_bbp_topic_count":0,"_bbp_reply_count":0,"_bbp_total_topic_count":0,"_bbp_total_reply_count":0,"_bbp_voice_count":0,"_bbp_anonymous_reply_count":0,"_bbp_topic_count_hidden":0,"_bbp_reply_count_hidden":0,"_bbp_forum_subforum_count":0,"site-sidebar-layout":"default","site-content-layout":"","ast-site-content-layout":"","site-content-style":"default","site-sidebar-style":"default","ast-global-header-display":"","ast-banner-title-visibility":"","ast-main-header-display":"","ast-hfb-above-header-display":"","ast-hfb-below-header-display":"","ast-hfb-mobile-header-display":"","site-post-title":"","ast-breadcrumbs-content":"","ast-featured-img":"","footer-sml-layout":"","theme-transparent-header-meta":"","adv-header-id-meta":"","stick-header-meta":"","header-above-stick-meta":"","header-main-stick-meta":"","header-below-stick-meta":"","astra-migrate-meta-layouts":"default","ast-page-background-enabled":"default","ast-page-background-meta":{"desktop":{"background-color":"var(--ast-global-color-4)","background-image":"","background-repeat":"repeat","background-position":"center center","background-size":"auto","background-attachment":"scroll","background-type":"","background-media":"","overlay-type":"","overlay-color":"","overlay-opacity":"","overlay-gradient":""},"tablet":{"background-color":"","background-image":"","background-repeat":"repeat","background-position":"center center","background-size":"auto","background-attachment":"scroll","background-type":"","background-media":"","overlay-type":"","overlay-color":"","overlay-opacity":"","overlay-gradient":""},"mobile":{"background-color":"","background-image":"","background-repeat":"repeat","background-position":"center center","background-size":"auto","background-attachment":"scroll","background-type":"","background-media":"","overlay-type":"","overlay-color":"","overlay-opacity":"","overlay-gradient":""}},"ast-content-background-meta":{"desktop":{"background-color":"var(--ast-global-color-5)","background-image":"","background-repeat":"repeat","background-position":"center center","background-size":"auto","background-attachment":"scroll","background-type":"","background-media":"","overlay-type":"","overlay-color":"","overlay-opacity":"","overlay-gradient":""},"tablet":{"background-color":"var(--ast-global-color-5)","background-image":"","background-repeat":"repeat","background-position":"center center","background-size":"auto","background-attachment":"scroll","background-type":"","background-media":"","overlay-type":"","overlay-color":"","overlay-opacity":"","overlay-gradient":""},"mobile":{"background-color":"var(--ast-global-color-5)","background-image":"","background-repeat":"repeat","background-position":"center center","background-size":"auto","background-attachment":"scroll","background-type":"","background-media":"","overlay-type":"","overlay-color":"","overlay-opacity":"","overlay-gradient":""}},"footnotes":""},"class_list":["post-548","page","type-page","status-publish","hentry"],"post_mailing_queue_ids":[],"_links":{"self":[{"href":"https:\/\/agora.xtec.cat\/llaresquitxsallent\/wp-json\/wp\/v2\/pages\/548","targetHints":{"allow":["GET"]}}],"collection":[{"href":"https:\/\/agora.xtec.cat\/llaresquitxsallent\/wp-json\/wp\/v2\/pages"}],"about":[{"href":"https:\/\/agora.xtec.cat\/llaresquitxsallent\/wp-json\/wp\/v2\/types\/page"}],"author":[{"embeddable":true,"href":"https:\/\/agora.xtec.cat\/llaresquitxsallent\/wp-json\/wp\/v2\/users\/1"}],"replies":[{"embeddable":true,"href":"https:\/\/agora.xtec.cat\/llaresquitxsallent\/wp-json\/wp\/v2\/comments?post=548"}],"version-history":[{"count":8,"href":"https:\/\/agora.xtec.cat\/llaresquitxsallent\/wp-json\/wp\/v2\/pages\/548\/revisions"}],"predecessor-version":[{"id":2283,"href":"https:\/\/agora.xtec.cat\/llaresquitxsallent\/wp-json\/wp\/v2\/pages\/548\/revisions\/2283"}],"up":[{"embeddable":true,"href":"https:\/\/agora.xtec.cat\/llaresquitxsallent\/wp-json\/wp\/v2\/pages\/22"}],"wp:attachment":[{"href":"https:\/\/agora.xtec.cat\/llaresquitxsallent\/wp-json\/wp\/v2\/media?parent=548"}],"curies":[{"name":"wp","href":"https:\/\/api.w.org\/{rel}","templated":true}]}}

<h5><img loading="lazy" decoding="async" class="aligncenter wp-image-2194" src="https://agora.xtec.cat/llaresquitxsallent/wp-content/uploads/usu1065/2024/09/Horari-Escolar-1024x627.png" alt="" width="609" height="373" srcset="https://agora.xtec.cat/llaresquitxsallent/wp-content/uploads/usu1065/2024/09/Horari-Escolar-1024x627.png 1024w, https://agora.xtec.cat/llaresquitxsallent/wp-content/uploads/usu1065/2024/09/Horari-Escolar-300x184.png 300w, https://agora.xtec.cat/llaresquitxsallent/wp-content/uploads/usu1065/2024/09/Horari-Escolar-768x471.png 768w, https://agora.xtec.cat/llaresquitxsallent/wp-content/uploads/usu1065/2024/09/Horari-Escolar.png 1384w" sizes="auto, (max-width: 609px) 100vw, 609px" /></h5>
<p>&nbsp;</p>
<p><strong>⭐</strong> <strong>L&#8217;hora d&#8217;acollida del migdia de 12 h a 13 h és gratuïta.</strong></p>
<p><strong>Per entrar més tard, caldrà que aviseu prèviament o que ho justifiqueu degudament.</strong></p>
<p><span style="text-decoration: underline;"><em>Demanem puntualitat.</em></span></p>
<ul>
<li><strong>Hi ha establert un horari especial pels infants més petits d’un any.</strong></li>
<li style="text-align: justify;">L’horari del <strong><span style="text-decoration: underline;">període de familiarització / acollida</span></strong>, el determinarà la Llar d’infants, tenint una durada màxima d’un mes i s’ha de flexibilitzar segons el grau d’adaptació del nen/a a la llar.</li>
<li style="text-align: justify;">A l’hora de sortir, els infants <strong><span style="text-decoration: underline;">NO s’entregaran</span></strong> a cap persona desconeguda.</li>
<li style="text-align: justify;">Si en algun moment ha de venir una persona de les que no són habituals, es demana que ens avisin amb antelació.</li>
<li style="text-align: justify;">Si ve un menor de 16 anys a buscar el nen/a, haurà de portar una autorització dels pares.</li>
<li style="text-align: justify;"><strong><em>No ha de quedar la </em></strong><em><strong>porta de l’entrada oberta!</strong> És imprescindible </em><em>que sempre que sortiu demaneu algú de l’escola que tanqui la porta </em><em>amb clau, com a mesura de seguretat pels vostres fills/es.</em></li>
</ul>

<p>&nbsp; ⭐ L&#8217;hora d&#8217;acollida del migdia de 12 h a 13 h és gratuïta. Per entrar més tard, caldrà que aviseu prèviament o que ho justifiqueu degudament. Demanem puntualitat. Hi ha establert un horari especial pels infants més petits d’un any. L’horari del període de familiarització / acollida, el determinarà la Llar d’infants, tenint una durada màxima [&hellip;]</p>
