{"id":30,"date":"2014-09-18T12:30:23","date_gmt":"2014-09-18T10:30:23","guid":{"rendered":"http:\/\/agora.xtec.cat\/llaresquitxsallent\/?page_id=30"},"modified":"2025-05-27T22:54:48","modified_gmt":"2025-05-27T20:54:48","slug":"afa","status":"publish","type":"page","link":"https:\/\/agora.xtec.cat\/llaresquitxsallent\/lescola-2\/afa\/","title":{"rendered":"AFA (Associaci\u00f3 de Fam\u00edlies d&#8217;Alumnes)"},"content":{"rendered":"<p>L&#8217;AFA (Associaci\u00f3 de Fam\u00edlies d&#8217;Alumnes) \u00e9s una entitat que fomenta la participaci\u00f3 activa de les fam\u00edlies en la comunitat educativa. Les seves funcions s\u00f3n organitzar esdeveniments, col\u00b7laborar en activitats escolars i facilitar la comunicaci\u00f3 entre les fam\u00edlies i l&#8217;escola. Aquesta col\u00b7laboraci\u00f3 crea un ambient favorable per al desenvolupament dels infants, amb el suport i la participaci\u00f3 activa de les fam\u00edlies en la vida escolar dels seus fills i filles.<\/p>\n<p>La nostra llar d&#8217;infants compta amb una AFA activa i compromesa que contribueix significativament a les activitats de la comunitat educativa. Organitzem reunions peri\u00f2diques per tractar temes que preocupen a les fam\u00edlies respecte a l&#8217;educaci\u00f3 dels seus fills\/es.<\/p>\n<p>A m\u00e9s, l&#8217;AFA assumeix un paper fonamental en l&#8217;organitzaci\u00f3 d&#8217;esdeveniments com festes populars, sortides i la cloenda del curs. Tamb\u00e9, participa en la realitzaci\u00f3 d&#8217;obres de teatre adaptades a l&#8217;edat dels infants i a les estacions de l&#8217;any, i proporciona suport econ\u00f2mic per a les sortides escolars.<\/p>\n<p>Cal destacar, que alguns membres de l&#8217;AFA tamb\u00e9 participen activament en les reunions del Consell Escolar de la llar d&#8217;infants, aportant una veu representativa de les fam\u00edlies en el desenvolupament i presa de decisions de l&#8217;entorn educatiu. Aix\u00ed, la col\u00b7laboraci\u00f3 entre l&#8217;escola i les fam\u00edlies es consolida com un element clau per a la qualitat de l&#8217;experi\u00e8ncia educativa dels nostres petits.<\/p>\n<p><strong>L&#8217;AFA est\u00e0 format per:<\/strong><\/p>\n<ul type=\"circle\">\n<li>1 president\/a<\/li>\n<li>1 vicepresident\/a<\/li>\n<li>1 secretari\/\u00e0ria<\/li>\n<li>1 tresorer<\/li>\n<li>3 vocals<\/li>\n<\/ul>\n<table style=\"border-collapse: collapse; width: 93.5135%; height: 257px;\">\n<tbody>\n<tr style=\"height: 257px;\">\n<td style=\"width: 47.4754%; height: 257px;\"><img loading=\"lazy\" decoding=\"async\" class=\"wp-image-897 aligncenter\" style=\"font-size: 16px;\" src=\"https:\/\/agora.xtec.cat\/llaresquitxsallent\/wp-content\/uploads\/usu1065\/2020\/06\/IMG_0227.jpg\" alt=\"El conte de la castanyera\" width=\"360\" height=\"241\" srcset=\"https:\/\/agora.xtec.cat\/llaresquitxsallent\/wp-content\/uploads\/usu1065\/2020\/06\/IMG_0227.jpg 640w, https:\/\/agora.xtec.cat\/llaresquitxsallent\/wp-content\/uploads\/usu1065\/2020\/06\/IMG_0227-300x200.jpg 300w\" sizes=\"auto, (max-width: 360px) 100vw, 360px\" \/><\/td>\n<td style=\"width: 45.9146%; height: 257px;\"><img loading=\"lazy\" decoding=\"async\" class=\"wp-image-896 aligncenter\" style=\"font-size: 16px;\" src=\"https:\/\/agora.xtec.cat\/llaresquitxsallent\/wp-content\/uploads\/usu1065\/2020\/06\/DSC01918.jpg\" alt=\"\" width=\"341\" height=\"256\" srcset=\"https:\/\/agora.xtec.cat\/llaresquitxsallent\/wp-content\/uploads\/usu1065\/2020\/06\/DSC01918.jpg 640w, https:\/\/agora.xtec.cat\/llaresquitxsallent\/wp-content\/uploads\/usu1065\/2020\/06\/DSC01918-300x225.jpg 300w, https:\/\/agora.xtec.cat\/llaresquitxsallent\/wp-content\/uploads\/usu1065\/2020\/06\/DSC01918-200x150.jpg 200w\" sizes=\"auto, (max-width: 341px) 100vw, 341px\" \/><\/td>\n<\/tr>\n<\/tbody>\n<\/table>\n<p>&nbsp;<\/p>\n","protected":false},"excerpt":{"rendered":"<p>L&#8217;AFA (Associaci\u00f3 de Fam\u00edlies d&#8217;Alumnes) \u00e9s una entitat que fomenta la participaci\u00f3 activa de les fam\u00edlies en la comunitat educativa. Les seves funcions s\u00f3n organitzar esdeveniments, col\u00b7laborar en activitats escolars i facilitar la comunicaci\u00f3 entre les fam\u00edlies i l&#8217;escola. Aquesta col\u00b7laboraci\u00f3 crea un ambient favorable per al desenvolupament dels infants, amb el suport i la [&hellip;]<\/p>\n","protected":false},"author":1,"featured_media":0,"parent":22,"menu_order":40,"comment_status":"closed","ping_status":"closed","template":"","meta":{"_bbp_topic_count":0,"_bbp_reply_count":0,"_bbp_total_topic_count":0,"_bbp_total_reply_count":0,"_bbp_voice_count":0,"_bbp_anonymous_reply_count":0,"_bbp_topic_count_hidden":0,"_bbp_reply_count_hidden":0,"_bbp_forum_subforum_count":0,"site-sidebar-layout":"default","site-content-layout":"","ast-site-content-layout":"","site-content-style":"default","site-sidebar-style":"default","ast-global-header-display":"","ast-banner-title-visibility":"","ast-main-header-display":"","ast-hfb-above-header-display":"","ast-hfb-below-header-display":"","ast-hfb-mobile-header-display":"","site-post-title":"","ast-breadcrumbs-content":"","ast-featured-img":"","footer-sml-layout":"","theme-transparent-header-meta":"","adv-header-id-meta":"","stick-header-meta":"","header-above-stick-meta":"","header-main-stick-meta":"","header-below-stick-meta":"","astra-migrate-meta-layouts":"default","ast-page-background-enabled":"default","ast-page-background-meta":{"desktop":{"background-color":"var(--ast-global-color-4)","background-image":"","background-repeat":"repeat","background-position":"center center","background-size":"auto","background-attachment":"scroll","background-type":"","background-media":"","overlay-type":"","overlay-color":"","overlay-opacity":"","overlay-gradient":""},"tablet":{"background-color":"","background-image":"","background-repeat":"repeat","background-position":"center center","background-size":"auto","background-attachment":"scroll","background-type":"","background-media":"","overlay-type":"","overlay-color":"","overlay-opacity":"","overlay-gradient":""},"mobile":{"background-color":"","background-image":"","background-repeat":"repeat","background-position":"center center","background-size":"auto","background-attachment":"scroll","background-type":"","background-media":"","overlay-type":"","overlay-color":"","overlay-opacity":"","overlay-gradient":""}},"ast-content-background-meta":{"desktop":{"background-color":"var(--ast-global-color-5)","background-image":"","background-repeat":"repeat","background-position":"center center","background-size":"auto","background-attachment":"scroll","background-type":"","background-media":"","overlay-type":"","overlay-color":"","overlay-opacity":"","overlay-gradient":""},"tablet":{"background-color":"var(--ast-global-color-5)","background-image":"","background-repeat":"repeat","background-position":"center center","background-size":"auto","background-attachment":"scroll","background-type":"","background-media":"","overlay-type":"","overlay-color":"","overlay-opacity":"","overlay-gradient":""},"mobile":{"background-color":"var(--ast-global-color-5)","background-image":"","background-repeat":"repeat","background-position":"center center","background-size":"auto","background-attachment":"scroll","background-type":"","background-media":"","overlay-type":"","overlay-color":"","overlay-opacity":"","overlay-gradient":""}},"footnotes":""},"class_list":["post-30","page","type-page","status-publish","hentry"],"post_mailing_queue_ids":[],"_links":{"self":[{"href":"https:\/\/agora.xtec.cat\/llaresquitxsallent\/wp-json\/wp\/v2\/pages\/30","targetHints":{"allow":["GET"]}}],"collection":[{"href":"https:\/\/agora.xtec.cat\/llaresquitxsallent\/wp-json\/wp\/v2\/pages"}],"about":[{"href":"https:\/\/agora.xtec.cat\/llaresquitxsallent\/wp-json\/wp\/v2\/types\/page"}],"author":[{"embeddable":true,"href":"https:\/\/agora.xtec.cat\/llaresquitxsallent\/wp-json\/wp\/v2\/users\/1"}],"replies":[{"embeddable":true,"href":"https:\/\/agora.xtec.cat\/llaresquitxsallent\/wp-json\/wp\/v2\/comments?post=30"}],"version-history":[{"count":7,"href":"https:\/\/agora.xtec.cat\/llaresquitxsallent\/wp-json\/wp\/v2\/pages\/30\/revisions"}],"predecessor-version":[{"id":2281,"href":"https:\/\/agora.xtec.cat\/llaresquitxsallent\/wp-json\/wp\/v2\/pages\/30\/revisions\/2281"}],"up":[{"embeddable":true,"href":"https:\/\/agora.xtec.cat\/llaresquitxsallent\/wp-json\/wp\/v2\/pages\/22"}],"wp:attachment":[{"href":"https:\/\/agora.xtec.cat\/llaresquitxsallent\/wp-json\/wp\/v2\/media?parent=30"}],"curies":[{"name":"wp","href":"https:\/\/api.w.org\/{rel}","templated":true}]}}

AFA (Associació de Famílies d&#8217;Alumnes)

<p>L&#8217;AFA (Associació de Famílies d&#8217;Alumnes) és una entitat que fomenta la participació activa de les famílies en la comunitat educativa. Les seves funcions són organitzar esdeveniments, col·laborar en activitats escolars i facilitar la comunicació entre les famílies i l&#8217;escola. Aquesta col·laboració crea un ambient favorable per al desenvolupament dels infants, amb el suport i la participació activa de les famílies en la vida escolar dels seus fills i filles.</p>
<p>La nostra llar d&#8217;infants compta amb una AFA activa i compromesa que contribueix significativament a les activitats de la comunitat educativa. Organitzem reunions periòdiques per tractar temes que preocupen a les famílies respecte a l&#8217;educació dels seus fills/es.</p>
<p>A més, l&#8217;AFA assumeix un paper fonamental en l&#8217;organització d&#8217;esdeveniments com festes populars, sortides i la cloenda del curs. També, participa en la realització d&#8217;obres de teatre adaptades a l&#8217;edat dels infants i a les estacions de l&#8217;any, i proporciona suport econòmic per a les sortides escolars.</p>
<p>Cal destacar, que alguns membres de l&#8217;AFA també participen activament en les reunions del Consell Escolar de la llar d&#8217;infants, aportant una veu representativa de les famílies en el desenvolupament i presa de decisions de l&#8217;entorn educatiu. Així, la col·laboració entre l&#8217;escola i les famílies es consolida com un element clau per a la qualitat de l&#8217;experiència educativa dels nostres petits.</p>
<p><strong>L&#8217;AFA està format per:</strong></p>
<ul type="circle">
<li>1 president/a</li>
<li>1 vicepresident/a</li>
<li>1 secretari/ària</li>
<li>1 tresorer</li>
<li>3 vocals</li>
</ul>
<table style="border-collapse: collapse; width: 93.5135%; height: 257px;">
<tbody>
<tr style="height: 257px;">
<td style="width: 47.4754%; height: 257px;"><img loading="lazy" decoding="async" class="wp-image-897 aligncenter" style="font-size: 16px;" src="https://agora.xtec.cat/llaresquitxsallent/wp-content/uploads/usu1065/2020/06/IMG_0227.jpg" alt="El conte de la castanyera" width="360" height="241" srcset="https://agora.xtec.cat/llaresquitxsallent/wp-content/uploads/usu1065/2020/06/IMG_0227.jpg 640w, https://agora.xtec.cat/llaresquitxsallent/wp-content/uploads/usu1065/2020/06/IMG_0227-300x200.jpg 300w" sizes="auto, (max-width: 360px) 100vw, 360px" /></td>
<td style="width: 45.9146%; height: 257px;"><img loading="lazy" decoding="async" class="wp-image-896 aligncenter" style="font-size: 16px;" src="https://agora.xtec.cat/llaresquitxsallent/wp-content/uploads/usu1065/2020/06/DSC01918.jpg" alt="" width="341" height="256" srcset="https://agora.xtec.cat/llaresquitxsallent/wp-content/uploads/usu1065/2020/06/DSC01918.jpg 640w, https://agora.xtec.cat/llaresquitxsallent/wp-content/uploads/usu1065/2020/06/DSC01918-300x225.jpg 300w, https://agora.xtec.cat/llaresquitxsallent/wp-content/uploads/usu1065/2020/06/DSC01918-200x150.jpg 200w" sizes="auto, (max-width: 341px) 100vw, 341px" /></td>
</tr>
</tbody>
</table>
<p>&nbsp;</p>

<p>L&#8217;AFA (Associació de Famílies d&#8217;Alumnes) és una entitat que fomenta la participació activa de les famílies en la comunitat educativa. Les seves funcions són organitzar esdeveniments, col·laborar en activitats escolars i facilitar la comunicació entre les famílies i l&#8217;escola. Aquesta col·laboració crea un ambient favorable per al desenvolupament dels infants, amb el suport i la [&hellip;]</p>
