{"id":22,"date":"2014-09-18T12:19:57","date_gmt":"2014-09-18T10:19:57","guid":{"rendered":"http:\/\/agora.xtec.cat\/llaresquitxsallent\/?page_id=22"},"modified":"2025-05-27T22:47:31","modified_gmt":"2025-05-27T20:47:31","slug":"lescola-2","status":"publish","type":"page","link":"https:\/\/agora.xtec.cat\/llaresquitxsallent\/lescola-2\/","title":{"rendered":"La llar d&#8217;infants"},"content":{"rendered":"<p>La Llar d\u2019Infants L\u2019Esquitx \u00e9s una <span style=\"text-decoration: underline;\">instituci\u00f3 p\u00fablica del Departament d&#8217;Educaci\u00f3<\/span> que at\u00e9n infants de 4 mesos a 3 anys. Amb l\u2019objectiu principal de garantir el desenvolupament integral, ofereix un ambient enriquidor, segur i acollidor, amb personal especialitzat i recursos adaptats a les seves edats.<\/p>\n<p>Amb una orientaci\u00f3 cap a la conviv\u00e8ncia en la diversitat, es busca que els infants adquireixin i respectin valors i normes de conviv\u00e8ncia. La instituci\u00f3 parteix de l\u2019entorn social i cultural local i utilitza el catal\u00e0 com a llengua vehicular.<\/p>\n<p>Des de 1982, la Llar d\u2019Infants L\u2019Esquitx ha educat i format persones lliures, cr\u00edtiques, tolerants, solid\u00e0ries i aut\u00f2nomes, acollint nens i nenes del poble i la comarca.<\/p>\n<p><img loading=\"lazy\" decoding=\"async\" class=\"aligncenter  wp-image-2445\" src=\"https:\/\/agora.xtec.cat\/llaresquitxsallent\/wp-content\/uploads\/usu1065\/2025\/05\/40-anys-esquitx-1-1024x722.jpg\" alt=\"\" width=\"550\" height=\"388\" srcset=\"https:\/\/agora.xtec.cat\/llaresquitxsallent\/wp-content\/uploads\/usu1065\/2025\/05\/40-anys-esquitx-1-1024x722.jpg 1024w, https:\/\/agora.xtec.cat\/llaresquitxsallent\/wp-content\/uploads\/usu1065\/2025\/05\/40-anys-esquitx-1-300x211.jpg 300w, https:\/\/agora.xtec.cat\/llaresquitxsallent\/wp-content\/uploads\/usu1065\/2025\/05\/40-anys-esquitx-1-768x541.jpg 768w, https:\/\/agora.xtec.cat\/llaresquitxsallent\/wp-content\/uploads\/usu1065\/2025\/05\/40-anys-esquitx-1-1536x1083.jpg 1536w, https:\/\/agora.xtec.cat\/llaresquitxsallent\/wp-content\/uploads\/usu1065\/2025\/05\/40-anys-esquitx-1-2048x1443.jpg 2048w\" sizes=\"auto, (max-width: 550px) 100vw, 550px\" \/><\/p>\n","protected":false},"excerpt":{"rendered":"<p>La Llar d\u2019Infants L\u2019Esquitx \u00e9s una instituci\u00f3 p\u00fablica del Departament d&#8217;Educaci\u00f3 que at\u00e9n infants de 4 mesos a 3 anys. Amb l\u2019objectiu principal de garantir el desenvolupament integral, ofereix un ambient enriquidor, segur i acollidor, amb personal especialitzat i recursos adaptats a les seves edats. Amb una orientaci\u00f3 cap a la conviv\u00e8ncia en la diversitat, [&hellip;]<\/p>\n","protected":false},"author":1,"featured_media":0,"parent":0,"menu_order":0,"comment_status":"closed","ping_status":"closed","template":"","meta":{"_bbp_topic_count":0,"_bbp_reply_count":0,"_bbp_total_topic_count":0,"_bbp_total_reply_count":0,"_bbp_voice_count":0,"_bbp_anonymous_reply_count":0,"_bbp_topic_count_hidden":0,"_bbp_reply_count_hidden":0,"_bbp_forum_subforum_count":0,"site-sidebar-layout":"left-sidebar","site-content-layout":"","ast-site-content-layout":"full-width-container","site-content-style":"default","site-sidebar-style":"default","ast-global-header-display":"","ast-banner-title-visibility":"","ast-main-header-display":"","ast-hfb-above-header-display":"","ast-hfb-below-header-display":"","ast-hfb-mobile-header-display":"","site-post-title":"","ast-breadcrumbs-content":"","ast-featured-img":"","footer-sml-layout":"","theme-transparent-header-meta":"default","adv-header-id-meta":"","stick-header-meta":"","header-above-stick-meta":"","header-main-stick-meta":"","header-below-stick-meta":"","astra-migrate-meta-layouts":"set","ast-page-background-enabled":"default","ast-page-background-meta":{"desktop":{"background-color":"var(--ast-global-color-4)","background-image":"","background-repeat":"repeat","background-position":"center center","background-size":"auto","background-attachment":"scroll","background-type":"","background-media":"","overlay-type":"","overlay-color":"","overlay-opacity":"","overlay-gradient":""},"tablet":{"background-color":"","background-image":"","background-repeat":"repeat","background-position":"center center","background-size":"auto","background-attachment":"scroll","background-type":"","background-media":"","overlay-type":"","overlay-color":"","overlay-opacity":"","overlay-gradient":""},"mobile":{"background-color":"","background-image":"","background-repeat":"repeat","background-position":"center center","background-size":"auto","background-attachment":"scroll","background-type":"","background-media":"","overlay-type":"","overlay-color":"","overlay-opacity":"","overlay-gradient":""}},"ast-content-background-meta":{"desktop":{"background-color":"var(--ast-global-color-5)","background-image":"","background-repeat":"repeat","background-position":"center center","background-size":"auto","background-attachment":"scroll","background-type":"","background-media":"","overlay-type":"","overlay-color":"","overlay-opacity":"","overlay-gradient":""},"tablet":{"background-color":"var(--ast-global-color-5)","background-image":"","background-repeat":"repeat","background-position":"center center","background-size":"auto","background-attachment":"scroll","background-type":"","background-media":"","overlay-type":"","overlay-color":"","overlay-opacity":"","overlay-gradient":""},"mobile":{"background-color":"var(--ast-global-color-5)","background-image":"","background-repeat":"repeat","background-position":"center center","background-size":"auto","background-attachment":"scroll","background-type":"","background-media":"","overlay-type":"","overlay-color":"","overlay-opacity":"","overlay-gradient":""}},"footnotes":""},"class_list":["post-22","page","type-page","status-publish","hentry"],"post_mailing_queue_ids":[],"_links":{"self":[{"href":"https:\/\/agora.xtec.cat\/llaresquitxsallent\/wp-json\/wp\/v2\/pages\/22","targetHints":{"allow":["GET"]}}],"collection":[{"href":"https:\/\/agora.xtec.cat\/llaresquitxsallent\/wp-json\/wp\/v2\/pages"}],"about":[{"href":"https:\/\/agora.xtec.cat\/llaresquitxsallent\/wp-json\/wp\/v2\/types\/page"}],"author":[{"embeddable":true,"href":"https:\/\/agora.xtec.cat\/llaresquitxsallent\/wp-json\/wp\/v2\/users\/1"}],"replies":[{"embeddable":true,"href":"https:\/\/agora.xtec.cat\/llaresquitxsallent\/wp-json\/wp\/v2\/comments?post=22"}],"version-history":[{"count":6,"href":"https:\/\/agora.xtec.cat\/llaresquitxsallent\/wp-json\/wp\/v2\/pages\/22\/revisions"}],"predecessor-version":[{"id":2655,"href":"https:\/\/agora.xtec.cat\/llaresquitxsallent\/wp-json\/wp\/v2\/pages\/22\/revisions\/2655"}],"wp:attachment":[{"href":"https:\/\/agora.xtec.cat\/llaresquitxsallent\/wp-json\/wp\/v2\/media?parent=22"}],"curies":[{"name":"wp","href":"https:\/\/api.w.org\/{rel}","templated":true}]}}

<p>La Llar d’Infants L’Esquitx és una <span style="text-decoration: underline;">institució pública del Departament d&#8217;Educació</span> que atén infants de 4 mesos a 3 anys. Amb l’objectiu principal de garantir el desenvolupament integral, ofereix un ambient enriquidor, segur i acollidor, amb personal especialitzat i recursos adaptats a les seves edats.</p>
<p>Amb una orientació cap a la convivència en la diversitat, es busca que els infants adquireixin i respectin valors i normes de convivència. La institució parteix de l’entorn social i cultural local i utilitza el català com a llengua vehicular.</p>
<p>Des de 1982, la Llar d’Infants L’Esquitx ha educat i format persones lliures, crítiques, tolerants, solidàries i autònomes, acollint nens i nenes del poble i la comarca.</p>
<p><img loading="lazy" decoding="async" class="aligncenter  wp-image-2445" src="https://agora.xtec.cat/llaresquitxsallent/wp-content/uploads/usu1065/2025/05/40-anys-esquitx-1-1024x722.jpg" alt="" width="550" height="388" srcset="https://agora.xtec.cat/llaresquitxsallent/wp-content/uploads/usu1065/2025/05/40-anys-esquitx-1-1024x722.jpg 1024w, https://agora.xtec.cat/llaresquitxsallent/wp-content/uploads/usu1065/2025/05/40-anys-esquitx-1-300x211.jpg 300w, https://agora.xtec.cat/llaresquitxsallent/wp-content/uploads/usu1065/2025/05/40-anys-esquitx-1-768x541.jpg 768w, https://agora.xtec.cat/llaresquitxsallent/wp-content/uploads/usu1065/2025/05/40-anys-esquitx-1-1536x1083.jpg 1536w, https://agora.xtec.cat/llaresquitxsallent/wp-content/uploads/usu1065/2025/05/40-anys-esquitx-1-2048x1443.jpg 2048w" sizes="auto, (max-width: 550px) 100vw, 550px" /></p>

<p>La Llar d’Infants L’Esquitx és una institució pública del Departament d&#8217;Educació que atén infants de 4 mesos a 3 anys. Amb l’objectiu principal de garantir el desenvolupament integral, ofereix un ambient enriquidor, segur i acollidor, amb personal especialitzat i recursos adaptats a les seves edats. Amb una orientació cap a la convivència en la diversitat, [&hellip;]</p>
