{"id":38,"date":"2014-09-18T12:34:08","date_gmt":"2014-09-18T11:34:08","guid":{"rendered":"http:\/\/agora.xtec.cat\/llarespurna\/?page_id=38"},"modified":"2020-04-20T12:23:48","modified_gmt":"2020-04-20T10:23:48","slug":"salut","status":"publish","type":"page","link":"https:\/\/agora.xtec.cat\/llarespurna\/lescola\/salut\/","title":{"rendered":"Salut"},"content":{"rendered":"<p><strong>La salut no \u00e9s nom\u00e9s l\u2019abs\u00e8ncia de malaltia, sin\u00f3 un estat de complet benestar f\u00edsic, social i ambiental<\/strong>.<\/p>\n<p>Si un dia el vostre fill\/a es posa malalt\/a us trucarem per tal que el vingueu a buscar. Si est\u00e0 malalt\/a i\/o t\u00e9 febre s\u2019ha de quedar a casa, tant per a ell mateix com pel perill de contagi que suposa per als altres infants. En el cas que hagi hagut de marxar de l\u2019escola amb febre, aconsellem quedar-se a casa en observaci\u00f3 24 hores.<\/p>\n<p>Per tal de disminuir el risc de contagi de malalties dins la llar, recomanem seguir aquestes normes d\u2019actuaci\u00f3:<\/p>\n<ul>\n<li>Quan un infant est\u00e0 malalt no pot assistir a la llar, per evitar encomanar-ho i per l\u2019atenci\u00f3 diferent que necessita i no li podem oferir. Aix\u00f2 inclou aquells processos que no cursen amb febre.<\/li>\n<li>Un infant que t\u00e9 febre igual o superior a 37,5\u00baC haur\u00e0 de quedar-se a casa fins que desapareguin aquests s\u00edmptomes.<\/li>\n<li>Si un infant es posa malalt a la llar, s\u2019avisar\u00e0 a la fam\u00edlia immediatament i caldr\u00e0 venir a recollir-lo.<\/li>\n<\/ul>\n<p>La llar d\u2019infants aplica els \u201cCriteris de no-assist\u00e8ncia de l\u2019alumnat a l\u2019escola o a la llar d\u2019infants durant un per\u00edode de temps determinat a causa de malalties transmissibles\u201d que publica la Generalitat de Catalunya. En aquest enlla\u00e7 trobareu tota la informaci\u00f3 detallada\u00a0 sobre <a href=\"https:\/\/drive.google.com\/file\/d\/1rfUJFP-IGT-ARBh9EkTXec7wKzb6WCUO\/view?usp=sharing\" target=\"_blank\" rel=\"noopener noreferrer\"><strong>CRITERIS DE NO ASSIST\u00c8NCIA DE L\u2019ALUMNAT A L\u2019ESCOLA O LLAR\u00a0<\/strong><strong>D\u2019INFANTS DURANT UN PER\u00cdODE DE TEMPS DETERMINAT A CAUSA DE MALALTIES TRANSMISSIBLES<\/strong><\/a><\/p>\n<p>Si un infant s\u2019accidenta a la llar s\u2019avisa immediatament a la fam\u00edlia. Si l\u2019accident \u00e9s greu s\u2019avisar\u00e0 primer al 112<\/p>\n<h4><span id=\"MEDICAMENTS\">MEDICAMENTS<\/span><\/h4>\n<p>No\u00a0 es donaran medicaci\u00f3 a la llar (incl\u00f2s per a medicaci\u00f3 homeop\u00e0tica).<\/p>\n<p>Nom\u00e9s en casos\u00a0 especials per recomanaci\u00f3 m\u00e8dica, i\u00a0 amb\u00a0 una autoritzaci\u00f3 perqu\u00e8 el personal del centre administri al nen\/a la medicaci\u00f3 prescrita.<\/p>\n<h4><span id=\"ALLERGIES\">AL\u00b7L\u00c8RGIES<\/span><\/h4>\n<p>En cas d\u2019al\u00b7l\u00e8rgies o intoler\u00e0ncies, \u00e9s deure de la fam\u00edlia informar-ne a la llar per tal d\u2019aplicar les mesures necess\u00e0ries. Cal acreditar-ho amb un informe m\u00e8dic.<\/p>\n<p>El men\u00fa de la llar s\u2019adapta a les necessitats de l\u2019infant amb al\u00b7l\u00e8rgia o intoler\u00e0ncia, i a la cuina i a l\u2019aula s\u2019apliquen els protocols establerts al respecte.<\/p>\n<h4><span id=\"PARASITS\">PAR\u00c0SITS<\/span><\/h4>\n<p>En cas de pediculosi (polls) s\u2019avisar\u00e0 a la fam\u00edlia perqu\u00e8 reculli el seu fill\/a de forma immediata.\u00a0 \u00a0L\u2019infant podr\u00e0 tornar a les 24 hores d\u2019haver realitzat el tractament.<\/p>\n<p>&nbsp;<\/p>\n<p>La falta d\u2019assist\u00e8ncia, no justificada, durant m\u00e9s de 20 dies naturals, suposaria la baixa i la immediata cobertura de la pla\u00e7a per un altre infant. A la llar d\u2019infants s\u2019acceptaran faltes d\u2019assist\u00e8ncia temporals per malalties justificades sempre que no superin els 2 mesos i es pagui la quota mensual.<\/p>\n<p>&nbsp;<\/p>\n<p>&nbsp;<\/p>\n<p>&nbsp;<\/p>\n<p>&nbsp;<\/p>\n<p>&nbsp;<\/p>\n","protected":false},"excerpt":{"rendered":"<p>La salut no \u00e9s nom\u00e9s l\u2019abs\u00e8ncia de malaltia, sin\u00f3 un estat de complet benestar f\u00edsic, social i ambiental.<br \/>\nSi un dia el vostre fill\/a es posa malalt\/a us trucarem per tal que el vingueu a buscar. Si est\u00e0 malalt\/a i\/o t\u00e9 febre s\u2019ha de quedar a&hellip;  <a href=\"https:\/\/agora.xtec.cat\/llarespurna\/lescola\/salut\/\" title=\"Read Salut\">Llegeix m\u00e9s\u00bb<\/a><\/p>\n","protected":false},"author":1,"featured_media":0,"parent":22,"menu_order":80,"comment_status":"closed","ping_status":"closed","template":"page-templates\/side-menu.php","meta":{"_bbp_topic_count":0,"_bbp_reply_count":0,"_bbp_total_topic_count":0,"_bbp_total_reply_count":0,"_bbp_voice_count":0,"_bbp_anonymous_reply_count":0,"_bbp_topic_count_hidden":0,"_bbp_reply_count_hidden":0,"_bbp_forum_subforum_count":0,"footnotes":""},"class_list":["post-38","page","type-page","status-publish","hentry"],"post_mailing_queue_ids":[],"_links":{"self":[{"href":"https:\/\/agora.xtec.cat\/llarespurna\/wp-json\/wp\/v2\/pages\/38","targetHints":{"allow":["GET"]}}],"collection":[{"href":"https:\/\/agora.xtec.cat\/llarespurna\/wp-json\/wp\/v2\/pages"}],"about":[{"href":"https:\/\/agora.xtec.cat\/llarespurna\/wp-json\/wp\/v2\/types\/page"}],"author":[{"embeddable":true,"href":"https:\/\/agora.xtec.cat\/llarespurna\/wp-json\/wp\/v2\/users\/1"}],"replies":[{"embeddable":true,"href":"https:\/\/agora.xtec.cat\/llarespurna\/wp-json\/wp\/v2\/comments?post=38"}],"version-history":[{"count":2,"href":"https:\/\/agora.xtec.cat\/llarespurna\/wp-json\/wp\/v2\/pages\/38\/revisions"}],"predecessor-version":[{"id":574,"href":"https:\/\/agora.xtec.cat\/llarespurna\/wp-json\/wp\/v2\/pages\/38\/revisions\/574"}],"up":[{"embeddable":true,"href":"https:\/\/agora.xtec.cat\/llarespurna\/wp-json\/wp\/v2\/pages\/22"}],"wp:attachment":[{"href":"https:\/\/agora.xtec.cat\/llarespurna\/wp-json\/wp\/v2\/media?parent=38"}],"curies":[{"name":"wp","href":"https:\/\/api.w.org\/{rel}","templated":true}]}}