{"id":34,"date":"2014-09-18T12:32:18","date_gmt":"2014-09-18T11:32:18","guid":{"rendered":"http:\/\/agora.xtec.cat\/llarespurna\/?page_id=34"},"modified":"2020-05-09T18:13:27","modified_gmt":"2020-05-09T16:13:27","slug":"oferta-educativa","status":"publish","type":"page","link":"https:\/\/agora.xtec.cat\/llarespurna\/serveis\/serveis-digitals\/oferta-educativa\/","title":{"rendered":"Oferta educativa"},"content":{"rendered":"<h3 class=\"entry-title\">LACTANTS 0-1 anys (P0)<\/h3>\n<p>Aquesta aula es troba al pis de dalt, accedint per les escales. Comparteixen l&#8217;espai dos grups d&#8217;infants a partir de 4 mesos, amb l&#8217;atenci\u00f3 de dues educadores. El nombre total d&#8217;infants al grup \u00e9s de 12 nens\/es. S&#8217;anomena aula de <strong>POLLETS.<\/strong><\/p>\n<p>A l&#8217;espai dels nadons tamb\u00e9 hi ha dues sales amb bressols per l&#8217;estona del descans i les dormides que formen part de les rutines di\u00e0ries dels petits\/es. Cada infant disposa del seu llit.<\/p>\n<p>La sala principal, on esdev\u00e9 l&#8217;activitat quotidiana , t\u00e9 sortida a una terrassa on els infants tenen acc\u00e9s a l&#8217;espai exterior, fent-lo aix\u00ed un espai tranquil i enriquidor per poder desenvolupar-se i cr\u00e9ixer. Aquest espai est\u00e0 acondicionat per crear un clima relaxat i tranquil.<\/p>\n<p>Tamb\u00e9 formen part d&#8217;aquest grup d&#8217;edat dos espais m\u00e9s. Una petita cuina on preparar i \/o escalfar biberons, &#8230; , i\u00a0 un espai-canviador per la higiene i\u00a0 el canvi, que formen part de les rutines quotidianes.<\/p>\n<p><a href=\"https:\/\/agora.xtec.cat\/llarespurna\/wp-content\/uploads\/usu224\/2020\/04\/IMG_2404.jpg\"><img loading=\"lazy\" decoding=\"async\" class=\"size-medium wp-image-795 aligncenter\" src=\"https:\/\/agora.xtec.cat\/llarespurna\/wp-content\/uploads\/usu224\/2020\/04\/IMG_2404-300x225.jpg\" alt=\"\" width=\"300\" height=\"225\" srcset=\"https:\/\/agora.xtec.cat\/llarespurna\/wp-content\/uploads\/usu224\/2020\/04\/IMG_2404-300x225.jpg 300w, https:\/\/agora.xtec.cat\/llarespurna\/wp-content\/uploads\/usu224\/2020\/04\/IMG_2404-768x576.jpg 768w, https:\/\/agora.xtec.cat\/llarespurna\/wp-content\/uploads\/usu224\/2020\/04\/IMG_2404-1024x768.jpg 1024w, https:\/\/agora.xtec.cat\/llarespurna\/wp-content\/uploads\/usu224\/2020\/04\/IMG_2404-200x150.jpg 200w\" sizes=\"auto, (max-width: 300px) 100vw, 300px\" \/><\/a><\/p>\n<p>&nbsp;<\/p>\n<h3>CAMINANTS 1-2 ANYS (P1)<\/h3>\n<p>Tamb\u00e9 ubicats al pis de dalt del centre, i al costat de l&#8217;anterior, hi han 4 aules amb 10 infants\u00a0 cadascuna . Es a dir que el nombre total d&#8217;infants\u00a0 d&#8217;aquest grup d&#8217;edat \u00e9s de 40. Per\u00f2 tenint en compte que els 12 nens\/es de P0 del curs anterior passaran a formar part d&#8217;aquest grup el curs seguent, en realitat\u00a0 l&#8217;oferta pel nou curs ,\u00a0 \u00e9s de<strong> 28 infants<\/strong>.<\/p>\n<p>Totes les aules disposen d\u2019un canviador amb lavabos i v\u00e0ters adaptats a\u00a0 la mida dels infants, per afavorir la seva autonomia\u00a0 aix\u00ed com un espai per a cada infant on les fam\u00edlies poden\u00a0 desar el material dels nens\/es que porten a l\u2019escola.<\/p>\n<p>L\u2019aula est\u00e0 distribu\u00efda en diferents espais\/racons adaptats a les necessitats de cada grup classe, sempre pensats i dissenyats per afavorir el seu desenvolupament i creixement individual.<\/p>\n<p>Les aules son:\u00a0 <strong>TORTUGUES, MARIETES, CONILLETS I ANEGUETS.<\/strong><\/p>\n<p>&nbsp;<\/p>\n<p><a href=\"https:\/\/agora.xtec.cat\/llarespurna\/wp-content\/uploads\/usu224\/2020\/05\/caminants.jpg\">\u00a0 <img loading=\"lazy\" decoding=\"async\" class=\"size-medium wp-image-982 alignnone\" src=\"https:\/\/agora.xtec.cat\/llarespurna\/wp-content\/uploads\/usu224\/2020\/05\/caminants-300x206.jpg\" alt=\"\" width=\"300\" height=\"206\" srcset=\"https:\/\/agora.xtec.cat\/llarespurna\/wp-content\/uploads\/usu224\/2020\/05\/caminants-300x206.jpg 300w, https:\/\/agora.xtec.cat\/llarespurna\/wp-content\/uploads\/usu224\/2020\/05\/caminants.jpg 600w\" sizes=\"auto, (max-width: 300px) 100vw, 300px\" \/><\/a><\/p>\n<p>&nbsp;<\/p>\n<h3>MATERNALS 2-3 ANYS (P2)<\/h3>\n<p>Disposem de 4 aules per aquest grup d&#8217;edat, per\u00a0 a 18 infants a cada aula. En total el nombre d&#8217;alumnes \u00e9s de\u00a0 72 infants entre 2 i 3 anys.<\/p>\n<p>D&#8217;aquests , 40 segueixen al centre, provinents de P1, per tant el nombre ofertat pel nou curs \u00e9s de<strong> 32 infants.<\/strong><\/p>\n<p>Totes les aules disposen d\u2019un canviador amb lavabos i v\u00e0ters adaptats a\u00a0 la mida dels infants per afavorir la seva autonomia\u00a0 aix\u00ed com un espai dotat de mobiliari on les fam\u00edlies podran desar el material dels nens\/es (roba, bolquers,&#8230;) que porten a l\u2019escola.<\/p>\n<p>Les quatre aules estan comunicades entre elles. Tamb\u00e9 tenen acc\u00e9s al pati exterior, i a la sala gran de joc.<\/p>\n<p>Les aules estan\u00a0 distribuides\u00a0 en diferents espais\/racons de joc\u00a0 adaptats a les necessitats de cada grup classe, sempre pensats i dissenyats per afavorir el seu desenvolupament i creixement individual.<\/p>\n<p>Les classes son: <strong>LLUNES, SOLS, OCELLS, I ARBRES.<\/strong><\/p>\n<p><a href=\"https:\/\/agora.xtec.cat\/llarespurna\/wp-content\/uploads\/usu224\/2020\/05\/desarrollo-2-anos-art.jpg\"><img loading=\"lazy\" decoding=\"async\" class=\"size-medium wp-image-983 alignright\" src=\"https:\/\/agora.xtec.cat\/llarespurna\/wp-content\/uploads\/usu224\/2020\/05\/desarrollo-2-anos-art-300x169.jpg\" alt=\"\" width=\"300\" height=\"169\" srcset=\"https:\/\/agora.xtec.cat\/llarespurna\/wp-content\/uploads\/usu224\/2020\/05\/desarrollo-2-anos-art-300x169.jpg 300w, https:\/\/agora.xtec.cat\/llarespurna\/wp-content\/uploads\/usu224\/2020\/05\/desarrollo-2-anos-art.jpg 470w\" sizes=\"auto, (max-width: 300px) 100vw, 300px\" \/><\/a><\/p>\n<p>&nbsp;<\/p>\n","protected":false},"excerpt":{"rendered":"<p>LACTANTS 0-1 anys (P0)<br \/>\nAquesta aula es troba al pis de dalt, accedint per les escales. Comparteixen l&#8217;espai dos grups d&#8217;infants a partir de 4 mesos, amb l&#8217;atenci\u00f3 de dues educadores. El nombre total d&#8217;infants al grup \u00e9s de 12 nens\/es. S&#8217;anomena aula de POLLETS.<br \/>\nA l&#8217;espai&hellip;  <a href=\"https:\/\/agora.xtec.cat\/llarespurna\/serveis\/serveis-digitals\/oferta-educativa\/\" title=\"Read Oferta educativa\">Llegeix m\u00e9s\u00bb<\/a><\/p>\n","protected":false},"author":1,"featured_media":0,"parent":71,"menu_order":60,"comment_status":"closed","ping_status":"closed","template":"page-templates\/side-menu.php","meta":{"_bbp_topic_count":0,"_bbp_reply_count":0,"_bbp_total_topic_count":0,"_bbp_total_reply_count":0,"_bbp_voice_count":0,"_bbp_anonymous_reply_count":0,"_bbp_topic_count_hidden":0,"_bbp_reply_count_hidden":0,"_bbp_forum_subforum_count":0,"footnotes":""},"class_list":["post-34","page","type-page","status-publish","hentry"],"post_mailing_queue_ids":[],"_links":{"self":[{"href":"https:\/\/agora.xtec.cat\/llarespurna\/wp-json\/wp\/v2\/pages\/34","targetHints":{"allow":["GET"]}}],"collection":[{"href":"https:\/\/agora.xtec.cat\/llarespurna\/wp-json\/wp\/v2\/pages"}],"about":[{"href":"https:\/\/agora.xtec.cat\/llarespurna\/wp-json\/wp\/v2\/types\/page"}],"author":[{"embeddable":true,"href":"https:\/\/agora.xtec.cat\/llarespurna\/wp-json\/wp\/v2\/users\/1"}],"replies":[{"embeddable":true,"href":"https:\/\/agora.xtec.cat\/llarespurna\/wp-json\/wp\/v2\/comments?post=34"}],"version-history":[{"count":3,"href":"https:\/\/agora.xtec.cat\/llarespurna\/wp-json\/wp\/v2\/pages\/34\/revisions"}],"predecessor-version":[{"id":984,"href":"https:\/\/agora.xtec.cat\/llarespurna\/wp-json\/wp\/v2\/pages\/34\/revisions\/984"}],"up":[{"embeddable":true,"href":"https:\/\/agora.xtec.cat\/llarespurna\/wp-json\/wp\/v2\/pages\/71"}],"wp:attachment":[{"href":"https:\/\/agora.xtec.cat\/llarespurna\/wp-json\/wp\/v2\/media?parent=34"}],"curies":[{"name":"wp","href":"https:\/\/api.w.org\/{rel}","templated":true}]}}