{"id":1208,"date":"2020-06-16T18:11:23","date_gmt":"2020-06-16T16:11:23","guid":{"rendered":"https:\/\/agora.xtec.cat\/llarespurna\/?page_id=1208"},"modified":"2020-06-16T23:32:14","modified_gmt":"2020-06-16T21:32:14","slug":"preinscripcions-de-la-llar-dinfants-lespurna","status":"publish","type":"page","link":"https:\/\/agora.xtec.cat\/llarespurna\/pagina-dnici\/preinscripcions-de-la-llar-dinfants-lespurna\/","title":{"rendered":"PREINSCRIPCIONS DE LA LLAR D&#8217;INFANTS L&#8217;ESPURNA"},"content":{"rendered":"<p>CALENDARI DE PREINSCRIPCIO I MATRICULA<\/p>\n<p><a href=\"https:\/\/www.manresa.cat\/docs\/docsArticle\/10428\/calendari.pdf\">https:\/\/www.manresa.cat\/docs\/docsArticle\/10428\/calendari.pdf<\/a><\/p>\n<p>&nbsp;<\/p>\n<p>Totes les preinscripcions presentades a la llar d\u2019infants l\u2019Espurna han estat admeses, \u00e9s a dir, tots tenen pla\u00e7a.<\/p>\n<h3>PER CONSULTAR LA LLISTA PROVISIONAL PODEU CLICAR A L\u2019ENLLA\u00c7<\/h3>\n<p><a href=\"https:\/\/www.manresa.cat\/docs\/docsArticle\/10787\/espurna.pdf\">https:\/\/www.manresa.cat\/docs\/docsArticle\/10787\/espurna.pdf<\/a><\/p>\n<p>Si les fam\u00edlies voleu fer <b>RECLAMACI\u00d3<\/b> s&#8217;ha de fer per correu electr\u00f2nic a <b><a href=\"mailto:ensenyament@ajmanresa.cat\" target=\"_blank\" rel=\"noopener noreferrer\">ensenyament@ajmanresa.cat<\/a>,\u00a0<\/b>els dies\u00a0<b>16 i 17 juny.<\/b><\/p>\n","protected":false},"excerpt":{"rendered":"<p>CALENDARI DE PREINSCRIPCIO I MATRICULA<br \/>\n<a href=\"https:\/\/www.manresa.cat\/docs\/docsArticle\/10428\/calendari.pdf\">https:\/\/www.manresa.cat\/docs\/docsArticle\/10428\/calendari.pdf<\/a><br \/>\n&nbsp;<br \/>\nTotes les preinscripcions presentades a la llar d\u2019infants l\u2019Espurna han estat admeses, \u00e9s a dir, tots tenen pla\u00e7a.<br \/>\nPER CONSULTAR LA LLISTA PROVISIONAL PODEU CLICAR A L\u2019ENLLA\u00c7<br \/>\n<a href=\"https:\/\/www.manresa.cat\/docs\/docsArticle\/10787\/espurna.pdf\">https:\/\/www.manresa.cat\/docs\/docsArticle\/10787\/espurna.pdf<\/a><br \/>\nSi les fam\u00edlies voleu fer RECLAMACI\u00d3 s&#8217;ha de fer per correu electr\u00f2nic a <a&hellip;  <a href=\"https:\/\/agora.xtec.cat\/llarespurna\/pagina-dnici\/preinscripcions-de-la-llar-dinfants-lespurna\/\" title=\"Read PREINSCRIPCIONS DE LA LLAR D&#8217;INFANTS L&#8217;ESPURNA\">Llegeix m\u00e9s\u00bb<\/a><\/p>\n","protected":false},"author":3,"featured_media":0,"parent":759,"menu_order":0,"comment_status":"closed","ping_status":"closed","template":"","meta":{"_bbp_topic_count":0,"_bbp_reply_count":0,"_bbp_total_topic_count":0,"_bbp_total_reply_count":0,"_bbp_voice_count":0,"_bbp_anonymous_reply_count":0,"_bbp_topic_count_hidden":0,"_bbp_reply_count_hidden":0,"_bbp_forum_subforum_count":0,"footnotes":""},"class_list":["post-1208","page","type-page","status-publish","hentry"],"post_mailing_queue_ids":[],"_links":{"self":[{"href":"https:\/\/agora.xtec.cat\/llarespurna\/wp-json\/wp\/v2\/pages\/1208","targetHints":{"allow":["GET"]}}],"collection":[{"href":"https:\/\/agora.xtec.cat\/llarespurna\/wp-json\/wp\/v2\/pages"}],"about":[{"href":"https:\/\/agora.xtec.cat\/llarespurna\/wp-json\/wp\/v2\/types\/page"}],"author":[{"embeddable":true,"href":"https:\/\/agora.xtec.cat\/llarespurna\/wp-json\/wp\/v2\/users\/3"}],"replies":[{"embeddable":true,"href":"https:\/\/agora.xtec.cat\/llarespurna\/wp-json\/wp\/v2\/comments?post=1208"}],"version-history":[{"count":3,"href":"https:\/\/agora.xtec.cat\/llarespurna\/wp-json\/wp\/v2\/pages\/1208\/revisions"}],"predecessor-version":[{"id":1240,"href":"https:\/\/agora.xtec.cat\/llarespurna\/wp-json\/wp\/v2\/pages\/1208\/revisions\/1240"}],"up":[{"embeddable":true,"href":"https:\/\/agora.xtec.cat\/llarespurna\/wp-json\/wp\/v2\/pages\/759"}],"wp:attachment":[{"href":"https:\/\/agora.xtec.cat\/llarespurna\/wp-json\/wp\/v2\/media?parent=1208"}],"curies":[{"name":"wp","href":"https:\/\/api.w.org\/{rel}","templated":true}]}}