{"id":34,"date":"2022-09-08T12:32:18","date_gmt":"2022-09-08T10:32:18","guid":{"rendered":"http:\/\/agora.xtec.cat\/llarelsangels\/?page_id=34"},"modified":"2025-02-10T10:32:46","modified_gmt":"2025-02-10T09:32:46","slug":"oferta-educativa","status":"publish","type":"page","link":"https:\/\/agora.xtec.cat\/llarelsangels\/lescola\/oferta-educativa\/","title":{"rendered":"Oferta educativa i horaris"},"content":{"rendered":"<p>La llar t\u00e9 una capacitat m\u00e0xima de 74 infants. Aquest curs tenim:<\/p>\n<p>20 places per a infants d&#8217;1-2 anys (I1), que es reparteixen en dos grups.<\/p>\n<p>54 places per a infants de 2-3 anys (I2) repartits en tres grups.<\/p>\n<p>Es reserva una pla\u00e7a per aula per a infants amb necessitats educatives especials.<\/p>\n<p><strong>\u00a0<\/strong><\/p>\n<p>L&#8217;horari de la llar d&#8217;infants \u00e9s de 9 a 17h. L&#8217;entrada al mat\u00ed \u00e9s sempre de 9 a 9,30h. La sortida a la tarda \u00e9s de 16,30 a 17,00h.<\/p>\n<p>Els horaris que ofereix la llar s\u00f3n:<\/p>\n<ul>\n<li>Complet: de 9 a 17h.<\/li>\n<li>Mat\u00ed: de 9 a 12h<\/li>\n<li>Mat\u00ed i tarda: de 9 a 12 i de 15 a 17h<\/li>\n<li>Intensiu: de 9 a 13h (inclou el dinar), o de 9 a 15h (inclou el dinar i la migdiada)<\/li>\n<\/ul>\n","protected":false},"excerpt":{"rendered":"<p>La llar t\u00e9 una capacitat m\u00e0xima de 74 infants. Aquest curs tenim:<br \/>\n20 places per a infants d&#8217;1-2 anys (I1), que es reparteixen en dos grups.<br \/>\n54 places per a infants de 2-3 anys (I2) repartits en tres grups.<br \/>\nEs reserva una pla\u00e7a per aula per a infants&hellip;  <a href=\"https:\/\/agora.xtec.cat\/llarelsangels\/lescola\/oferta-educativa\/\" title=\"Read Oferta educativa i horaris\">Llegeix m\u00e9s\u00bb<\/a><\/p>\n","protected":false},"author":1,"featured_media":0,"parent":22,"menu_order":60,"comment_status":"closed","ping_status":"closed","template":"page-templates\/side-menu.php","meta":{"_bbp_topic_count":0,"_bbp_reply_count":0,"_bbp_total_topic_count":0,"_bbp_total_reply_count":0,"_bbp_voice_count":0,"_bbp_anonymous_reply_count":0,"_bbp_topic_count_hidden":0,"_bbp_reply_count_hidden":0,"_bbp_forum_subforum_count":0,"footnotes":""},"class_list":["post-34","page","type-page","status-publish","hentry"],"post_mailing_queue_ids":[],"_links":{"self":[{"href":"https:\/\/agora.xtec.cat\/llarelsangels\/wp-json\/wp\/v2\/pages\/34","targetHints":{"allow":["GET"]}}],"collection":[{"href":"https:\/\/agora.xtec.cat\/llarelsangels\/wp-json\/wp\/v2\/pages"}],"about":[{"href":"https:\/\/agora.xtec.cat\/llarelsangels\/wp-json\/wp\/v2\/types\/page"}],"author":[{"embeddable":true,"href":"https:\/\/agora.xtec.cat\/llarelsangels\/wp-json\/wp\/v2\/users\/1"}],"replies":[{"embeddable":true,"href":"https:\/\/agora.xtec.cat\/llarelsangels\/wp-json\/wp\/v2\/comments?post=34"}],"version-history":[{"count":5,"href":"https:\/\/agora.xtec.cat\/llarelsangels\/wp-json\/wp\/v2\/pages\/34\/revisions"}],"predecessor-version":[{"id":1394,"href":"https:\/\/agora.xtec.cat\/llarelsangels\/wp-json\/wp\/v2\/pages\/34\/revisions\/1394"}],"up":[{"embeddable":true,"href":"https:\/\/agora.xtec.cat\/llarelsangels\/wp-json\/wp\/v2\/pages\/22"}],"wp:attachment":[{"href":"https:\/\/agora.xtec.cat\/llarelsangels\/wp-json\/wp\/v2\/media?parent=34"}],"curies":[{"name":"wp","href":"https:\/\/api.w.org\/{rel}","templated":true}]}}

<p>La llar té una capacitat màxima de 74 infants. Aquest curs tenim:</p>
<p>20 places per a infants d&#8217;1-2 anys (I1), que es reparteixen en dos grups.</p>
<p>54 places per a infants de 2-3 anys (I2) repartits en tres grups.</p>
<p>Es reserva una plaça per aula per a infants amb necessitats educatives especials.</p>
<p><strong> </strong></p>
<p>L&#8217;horari de la llar d&#8217;infants és de 9 a 17h. L&#8217;entrada al matí és sempre de 9 a 9,30h. La sortida a la tarda és de 16,30 a 17,00h.</p>
<p>Els horaris que ofereix la llar són:</p>
<ul>
<li>Complet: de 9 a 17h.</li>
<li>Matí: de 9 a 12h</li>
<li>Matí i tarda: de 9 a 12 i de 15 a 17h</li>
<li>Intensiu: de 9 a 13h (inclou el dinar), o de 9 a 15h (inclou el dinar i la migdiada)</li>
</ul>

<p>La llar té una capacitat màxima de 74 infants. Aquest curs tenim:<br />
20 places per a infants d&#8217;1-2 anys (I1), que es reparteixen en dos grups.<br />
54 places per a infants de 2-3 anys (I2) repartits en tres grups.<br />
Es reserva una plaça per aula per a infants&hellip;  <a href="https://agora.xtec.cat/llarelsangels/lescola/oferta-educativa/" title="Read Oferta educativa i horaris">Llegeix més»</a></p>
