{"id":22,"date":"2014-09-18T12:19:57","date_gmt":"2014-09-18T11:19:57","guid":{"rendered":"http:\/\/agora.xtec.cat\/llarelsangels\/?page_id=22"},"modified":"2020-03-29T12:28:17","modified_gmt":"2020-03-29T10:28:17","slug":"lescola","status":"publish","type":"page","link":"https:\/\/agora.xtec.cat\/llarelsangels\/lescola\/","title":{"rendered":"L&#8217;escola"},"content":{"rendered":"<p>La llar d&#8217;infants Els \u00c0ngels \u00e9s l&#8217;\u00fanic centre educatiu del primer cicle d&#8217;educaci\u00f3 infantil del Departament d&#8217;Educaci\u00f3 de la Generalitat de Catalunya que hi ha a la ciutat de Sabadell, d&#8217;una xarxa de 42 llars d&#8217;infants repartides per tot el territori de Catalunya.<\/p>\n<p>Va iniciar el funcionament a la d\u00e8cada dels 70 i actualment \u00e9s un centre educatiu de qualitat per a infants del primer cicle d&#8217;educaci\u00f3 infantil. Acull un total de 74 infants entre caminants i maternals.<\/p>\n<p>Di\u00e0riament 12 persones tenim cura dels infants de la llar entre personal educador, personal de neteja, cuinera, oficial de manteniment i direcci\u00f3. A m\u00e9s a m\u00e9s disposem de monitores de menjador per la franja hor\u00e0ria de migdia que fan el suport necessari a les educadores.<\/p>\n<p>&nbsp;<\/p>\n<p>&nbsp;<\/p>\n","protected":false},"excerpt":{"rendered":"<p>La llar d&#8217;infants Els \u00c0ngels \u00e9s l&#8217;\u00fanic centre educatiu del primer cicle d&#8217;educaci\u00f3 infantil del Departament d&#8217;Educaci\u00f3 de la Generalitat de Catalunya que hi ha a la ciutat de Sabadell, d&#8217;una xarxa de 42 llars d&#8217;infants repartides per tot el territori de Catalunya.<br \/>\nVa iniciar el&hellip;  <a href=\"https:\/\/agora.xtec.cat\/llarelsangels\/lescola\/\" title=\"Read L&#8217;escola\">Llegeix m\u00e9s\u00bb<\/a><\/p>\n","protected":false},"author":1,"featured_media":0,"parent":0,"menu_order":0,"comment_status":"closed","ping_status":"closed","template":"page-templates\/side-menu.php","meta":{"_bbp_topic_count":0,"_bbp_reply_count":0,"_bbp_total_topic_count":0,"_bbp_total_reply_count":0,"_bbp_voice_count":0,"_bbp_anonymous_reply_count":0,"_bbp_topic_count_hidden":0,"_bbp_reply_count_hidden":0,"_bbp_forum_subforum_count":0,"footnotes":""},"class_list":["post-22","page","type-page","status-publish","hentry"],"post_mailing_queue_ids":[],"_links":{"self":[{"href":"https:\/\/agora.xtec.cat\/llarelsangels\/wp-json\/wp\/v2\/pages\/22","targetHints":{"allow":["GET"]}}],"collection":[{"href":"https:\/\/agora.xtec.cat\/llarelsangels\/wp-json\/wp\/v2\/pages"}],"about":[{"href":"https:\/\/agora.xtec.cat\/llarelsangels\/wp-json\/wp\/v2\/types\/page"}],"author":[{"embeddable":true,"href":"https:\/\/agora.xtec.cat\/llarelsangels\/wp-json\/wp\/v2\/users\/1"}],"replies":[{"embeddable":true,"href":"https:\/\/agora.xtec.cat\/llarelsangels\/wp-json\/wp\/v2\/comments?post=22"}],"version-history":[{"count":3,"href":"https:\/\/agora.xtec.cat\/llarelsangels\/wp-json\/wp\/v2\/pages\/22\/revisions"}],"predecessor-version":[{"id":524,"href":"https:\/\/agora.xtec.cat\/llarelsangels\/wp-json\/wp\/v2\/pages\/22\/revisions\/524"}],"wp:attachment":[{"href":"https:\/\/agora.xtec.cat\/llarelsangels\/wp-json\/wp\/v2\/media?parent=22"}],"curies":[{"name":"wp","href":"https:\/\/api.w.org\/{rel}","templated":true}]}}

<p>La llar d&#8217;infants Els Àngels és l&#8217;únic centre educatiu del primer cicle d&#8217;educació infantil del Departament d&#8217;Educació de la Generalitat de Catalunya que hi ha a la ciutat de Sabadell, d&#8217;una xarxa de 42 llars d&#8217;infants repartides per tot el territori de Catalunya.</p>
<p>Va iniciar el funcionament a la dècada dels 70 i actualment és un centre educatiu de qualitat per a infants del primer cicle d&#8217;educació infantil. Acull un total de 74 infants entre caminants i maternals.</p>
<p>Diàriament 12 persones tenim cura dels infants de la llar entre personal educador, personal de neteja, cuinera, oficial de manteniment i direcció. A més a més disposem de monitores de menjador per la franja horària de migdia que fan el suport necessari a les educadores.</p>
<p>&nbsp;</p>
<p>&nbsp;</p>

<p>La llar d&#8217;infants Els Àngels és l&#8217;únic centre educatiu del primer cicle d&#8217;educació infantil del Departament d&#8217;Educació de la Generalitat de Catalunya que hi ha a la ciutat de Sabadell, d&#8217;una xarxa de 42 llars d&#8217;infants repartides per tot el territori de Catalunya.<br />
Va iniciar el&hellip;  <a href="https://agora.xtec.cat/llarelsangels/lescola/" title="Read L&#8217;escola">Llegeix més»</a></p>
