{"id":830,"date":"2021-04-27T15:18:59","date_gmt":"2021-04-27T13:18:59","guid":{"rendered":"https:\/\/agora.xtec.cat\/llarelrossinyol\/?page_id=830"},"modified":"2024-05-11T08:47:42","modified_gmt":"2024-05-11T06:47:42","slug":"lab-sobre-rodes","status":"publish","type":"page","link":"https:\/\/agora.xtec.cat\/llarelrossinyol\/afa\/activitats\/lab-sobre-rodes\/","title":{"rendered":"LAB sobre rodes 2024"},"content":{"rendered":"<h4>Torna la ci\u00e8ncia per a infants a la Llar de la m\u00e0 del \u2018Lab sobre rodes\u2019<\/h4>\n<p>El 9 i 10 de maig, l\u2019AFA va subvencionar per a tota la canalla de la Llar l\u2019activitat \u2018Lab sobre rodes\u2019, una proposta que s\u2019impulsa des de la Universitat de Manresa amb l\u2019objectiu d\u2019acostar la ci\u00e8ncia als m\u00e9s petits a trav\u00e9s de l\u2019experimentaci\u00f3. El mat\u00ed del dia 9 una furgoneta equipada amb material d\u2019exploraci\u00f3 espec\u00edfic per a infants de fins a 3 anys va arribar a la Llar. La proposta did\u00e0ctica es va muntar a l\u2019aula dels Galls on van anar passant tots els grups classe, que van disposar de sessions d\u2019uns 45 minuts. \u201c<strong>S\u00f3n propostes pensades per proporcionar experi\u00e8ncies riques i suggeridores als infants a partir de l\u2019acci\u00f3 aut\u00f2noma i la iniciativa personal<\/strong>\u201d, expliquen els impulsors del \u2018Lab sobre rodes\u2019. Aix\u00ed, els infants, a trav\u00e9s de diferents estacions i sense la intervenci\u00f3 de cap adult experimenten aut\u00f2nomament segons les seves prefer\u00e8ncies amb diferents principis cient\u00edfics: engranatges, politges, obrir-tancar, posar-treure, transvasaments, imants&#8230; \u201c<strong>\u00c9s una manera de promoure l\u2019inter\u00e8s per a la ci\u00e8ncia a partir de la iniciativa personal en la resoluci\u00f3 de reptes, la presa de decisions amb intencionalitat i la viv\u00e8ncia d\u2019experi\u00e8ncies positives d\u2019aprenentatge cient\u00edfic<\/strong>\u201d, afegeixen des de Lab 0-6.<\/p>\n<p>Aquesta \u00e9s una activitat que ja fa uns quants anys que ens demana el centre que impulsem perqu\u00e8 sempre agrada molt a la canalla. Si les fam\u00edlies esteu interessades en aquesta proposta, heu de saber que els dissabtes al mat\u00ed obren les instal\u00b7lacions que tenen a la Universitat de Manresa per a les fam\u00edlies.<\/p>\n<p>&nbsp;<\/p>\n<p><a href=\"https:\/\/agora.xtec.cat\/llarelrossinyol\/wp-content\/uploads\/usu2504\/2024\/05\/foto2-20240510LabSobreRodes-LlarInfants.jpg\"><img loading=\"lazy\" decoding=\"async\" class=\"alignleft wp-image-1601\" src=\"https:\/\/agora.xtec.cat\/llarelrossinyol\/wp-content\/uploads\/usu2504\/2024\/05\/foto2-20240510LabSobreRodes-LlarInfants-657x1024.jpg\" alt=\"\" width=\"500\" height=\"780\" srcset=\"https:\/\/agora.xtec.cat\/llarelrossinyol\/wp-content\/uploads\/usu2504\/2024\/05\/foto2-20240510LabSobreRodes-LlarInfants-657x1024.jpg 657w, https:\/\/agora.xtec.cat\/llarelrossinyol\/wp-content\/uploads\/usu2504\/2024\/05\/foto2-20240510LabSobreRodes-LlarInfants-192x300.jpg 192w, https:\/\/agora.xtec.cat\/llarelrossinyol\/wp-content\/uploads\/usu2504\/2024\/05\/foto2-20240510LabSobreRodes-LlarInfants.jpg 713w\" sizes=\"auto, (max-width: 500px) 100vw, 500px\" \/><\/a> <a href=\"https:\/\/agora.xtec.cat\/llarelrossinyol\/wp-content\/uploads\/usu2504\/2024\/05\/foto3-20240510LabSobreRodes-LlarInfants.jpeg\"><img loading=\"lazy\" decoding=\"async\" class=\"alignright wp-image-1602\" src=\"https:\/\/agora.xtec.cat\/llarelrossinyol\/wp-content\/uploads\/usu2504\/2024\/05\/foto3-20240510LabSobreRodes-LlarInfants-710x1024.jpeg\" alt=\"\" width=\"500\" height=\"721\" srcset=\"https:\/\/agora.xtec.cat\/llarelrossinyol\/wp-content\/uploads\/usu2504\/2024\/05\/foto3-20240510LabSobreRodes-LlarInfants-710x1024.jpeg 710w, https:\/\/agora.xtec.cat\/llarelrossinyol\/wp-content\/uploads\/usu2504\/2024\/05\/foto3-20240510LabSobreRodes-LlarInfants-208x300.jpeg 208w, https:\/\/agora.xtec.cat\/llarelrossinyol\/wp-content\/uploads\/usu2504\/2024\/05\/foto3-20240510LabSobreRodes-LlarInfants-768x1108.jpeg 768w, https:\/\/agora.xtec.cat\/llarelrossinyol\/wp-content\/uploads\/usu2504\/2024\/05\/foto3-20240510LabSobreRodes-LlarInfants-1065x1536.jpeg 1065w, https:\/\/agora.xtec.cat\/llarelrossinyol\/wp-content\/uploads\/usu2504\/2024\/05\/foto3-20240510LabSobreRodes-LlarInfants.jpeg 1348w\" sizes=\"auto, (max-width: 500px) 100vw, 500px\" \/><\/a><\/p>\n","protected":false},"excerpt":{"rendered":"<p>Torna la ci\u00e8ncia per a infants a la Llar de la m\u00e0 del \u2018Lab sobre rodes\u2019<br \/>\nEl 9 i 10 de maig, l\u2019AFA va subvencionar per a tota la canalla de la Llar l\u2019activitat \u2018Lab sobre rodes\u2019, una proposta que s\u2019impulsa des de la Universitat de&hellip;  <a href=\"https:\/\/agora.xtec.cat\/llarelrossinyol\/afa\/activitats\/lab-sobre-rodes\/\" title=\"Read LAB sobre rodes 2024\">Llegeix m\u00e9s\u00bb<\/a><\/p>\n","protected":false},"author":6,"featured_media":0,"parent":822,"menu_order":1,"comment_status":"closed","ping_status":"closed","template":"","meta":{"_bbp_topic_count":0,"_bbp_reply_count":0,"_bbp_total_topic_count":0,"_bbp_total_reply_count":0,"_bbp_voice_count":0,"_bbp_anonymous_reply_count":0,"_bbp_topic_count_hidden":0,"_bbp_reply_count_hidden":0,"_bbp_forum_subforum_count":0,"footnotes":""},"class_list":["post-830","page","type-page","status-publish","hentry"],"post_mailing_queue_ids":[],"_links":{"self":[{"href":"https:\/\/agora.xtec.cat\/llarelrossinyol\/wp-json\/wp\/v2\/pages\/830","targetHints":{"allow":["GET"]}}],"collection":[{"href":"https:\/\/agora.xtec.cat\/llarelrossinyol\/wp-json\/wp\/v2\/pages"}],"about":[{"href":"https:\/\/agora.xtec.cat\/llarelrossinyol\/wp-json\/wp\/v2\/types\/page"}],"author":[{"embeddable":true,"href":"https:\/\/agora.xtec.cat\/llarelrossinyol\/wp-json\/wp\/v2\/users\/6"}],"replies":[{"embeddable":true,"href":"https:\/\/agora.xtec.cat\/llarelrossinyol\/wp-json\/wp\/v2\/comments?post=830"}],"version-history":[{"count":4,"href":"https:\/\/agora.xtec.cat\/llarelrossinyol\/wp-json\/wp\/v2\/pages\/830\/revisions"}],"predecessor-version":[{"id":1608,"href":"https:\/\/agora.xtec.cat\/llarelrossinyol\/wp-json\/wp\/v2\/pages\/830\/revisions\/1608"}],"up":[{"embeddable":true,"href":"https:\/\/agora.xtec.cat\/llarelrossinyol\/wp-json\/wp\/v2\/pages\/822"}],"wp:attachment":[{"href":"https:\/\/agora.xtec.cat\/llarelrossinyol\/wp-json\/wp\/v2\/media?parent=830"}],"curies":[{"name":"wp","href":"https:\/\/api.w.org\/{rel}","templated":true}]}}