{"id":826,"date":"2021-04-27T15:04:36","date_gmt":"2021-04-27T13:04:36","guid":{"rendered":"https:\/\/agora.xtec.cat\/llarelrossinyol\/?page_id=826"},"modified":"2023-11-03T07:06:12","modified_gmt":"2023-11-03T06:06:12","slug":"fes-te-soci-de-lampa","status":"publish","type":"page","link":"https:\/\/agora.xtec.cat\/llarelrossinyol\/afa\/fes-te-soci-de-lampa\/","title":{"rendered":"Fes-te soci de l&#8217;AFA"},"content":{"rendered":"<p>Per fer-se soci de l&#8217;AFA \u00e9s molt f\u00e0cil, nom\u00e9s has d&#8217;omplir el seg\u00fcent formulari: <a href=\"https:\/\/forms.gle\/VR9eFJZURgH4AbNK6\">https:\/\/forms.gle\/VR9eFJZURgH4AbNK6<\/a><\/p>\n<p>La <strong>quota anual \u00e9s de 25\u20ac, per fam\u00edlia, i s&#8217;ha de renovar cada any<\/strong>, els quals serveixen per totes les activitats educatives que organitzem, pel material que necessita la Llar i altres inversions.<\/p>\n<p>En definitiva, vetllem pel bon funcionament de la Llar i el benestar dels nostres infants.<\/p>\n<h5><strong>Activitats ordin\u00e0ries que financia l\u2019AFA <\/strong><\/h5>\n<ol>\n<li>Obsequi al Patge Faruk<\/li>\n<li>Vetllar perqu\u00e8 els Reis passin percada classe de la Llar<\/li>\n<li>Espectacle St. Jordi: (no es realitza tots els cursos; segons pressupost i programa escolar)<\/li>\n<li>Taller LABMOBIL<\/li>\n<li>Espectacle per a la festa final de curs<\/li>\n<li>Foto final de curs<\/li>\n<li>Compra de flors i altres materials per les instal\u00b7lacions, materials, o renovaci\u00f3 de joguines<\/li>\n<li>Xerrades i tallers<\/li>\n<li>Material per a la jornada de patis<\/li>\n<li>Causes solid\u00e0ries: Marat\u00f3 TV3, sopar solidari de Santa Coloma, donaci\u00f3 a la Lliga contra el c\u00e0ncer<\/li>\n<\/ol>\n<p>A banda, sovint col\u00b7laborem en en inversions extraordin\u00e0ries que recauen en el centre (aspectes estructurals o d&#8217;equipaments) i tamb\u00e9 en formacions per a les educadores.<\/p>\n<p>&nbsp;<\/p>\n","protected":false},"excerpt":{"rendered":"<p>Per fer-se soci de l&#8217;AFA \u00e9s molt f\u00e0cil, nom\u00e9s has d&#8217;omplir el seg\u00fcent formulari: <a href=\"https:\/\/forms.gle\/VR9eFJZURgH4AbNK6\">https:\/\/forms.gle\/VR9eFJZURgH4AbNK6<\/a><br \/>\nLa quota anual \u00e9s de 25\u20ac, per fam\u00edlia, i s&#8217;ha de renovar cada any, els quals serveixen per totes les activitats educatives que organitzem, pel material que necessita la Llar&hellip;  <a href=\"https:\/\/agora.xtec.cat\/llarelrossinyol\/afa\/fes-te-soci-de-lampa\/\" title=\"Read Fes-te soci de l&#8217;AFA\">Llegeix m\u00e9s\u00bb<\/a><\/p>\n","protected":false},"author":6,"featured_media":0,"parent":693,"menu_order":0,"comment_status":"closed","ping_status":"closed","template":"","meta":{"_bbp_topic_count":0,"_bbp_reply_count":0,"_bbp_total_topic_count":0,"_bbp_total_reply_count":0,"_bbp_voice_count":0,"_bbp_anonymous_reply_count":0,"_bbp_topic_count_hidden":0,"_bbp_reply_count_hidden":0,"_bbp_forum_subforum_count":0,"footnotes":""},"class_list":["post-826","page","type-page","status-publish","hentry"],"post_mailing_queue_ids":[],"_links":{"self":[{"href":"https:\/\/agora.xtec.cat\/llarelrossinyol\/wp-json\/wp\/v2\/pages\/826","targetHints":{"allow":["GET"]}}],"collection":[{"href":"https:\/\/agora.xtec.cat\/llarelrossinyol\/wp-json\/wp\/v2\/pages"}],"about":[{"href":"https:\/\/agora.xtec.cat\/llarelrossinyol\/wp-json\/wp\/v2\/types\/page"}],"author":[{"embeddable":true,"href":"https:\/\/agora.xtec.cat\/llarelrossinyol\/wp-json\/wp\/v2\/users\/6"}],"replies":[{"embeddable":true,"href":"https:\/\/agora.xtec.cat\/llarelrossinyol\/wp-json\/wp\/v2\/comments?post=826"}],"version-history":[{"count":5,"href":"https:\/\/agora.xtec.cat\/llarelrossinyol\/wp-json\/wp\/v2\/pages\/826\/revisions"}],"predecessor-version":[{"id":1393,"href":"https:\/\/agora.xtec.cat\/llarelrossinyol\/wp-json\/wp\/v2\/pages\/826\/revisions\/1393"}],"up":[{"embeddable":true,"href":"https:\/\/agora.xtec.cat\/llarelrossinyol\/wp-json\/wp\/v2\/pages\/693"}],"wp:attachment":[{"href":"https:\/\/agora.xtec.cat\/llarelrossinyol\/wp-json\/wp\/v2\/media?parent=826"}],"curies":[{"name":"wp","href":"https:\/\/api.w.org\/{rel}","templated":true}]}}